{"id":6463,"date":"2025-12-30T13:51:13","date_gmt":"2025-12-30T17:51:13","guid":{"rendered":"https:\/\/newsite.mrhome.com.do\/?post_type=propiedad&#038;p=6463"},"modified":"2026-03-18T17:36:22","modified_gmt":"2026-03-18T21:36:22","slug":"amplio-e-iluminado-apartamento-en-bella-vista-418233","status":"publish","type":"propiedad","link":"https:\/\/mrhome.com.do\/en\/propiedad\/amplio-e-iluminado-apartamento-en-bella-vista-418233\/","title":{"rendered":"Amplio e iluminado apartamento en Bella Vista"},"content":{"rendered":"<p style=\"text-align:left\">\n<p><span style=\"background-color: initial;font-size: 18px;font-family: Inter, sans-serif\">Descripci\u00f3n<\/span><\/p>\n<p style=\"text-align:left\">\n<\/p>\n<\/p>\n<p style=\"text-align:left\"><span style=\"font-size: 16px;font-family: Inter, sans-serif\">Hermoso y amplio apartamento en Bella Vista sur, super centr\u00edco que dispone de:<\/span><\/p>\n<p style=\"text-align:left\">\n<p style=\"text-align:left\"><span style=\"font-size: 16px;font-family: Inter, sans-serif\">-127 metros<\/span><\/p>\n<p style=\"margin-left:0px\"><span style=\"font-size: 16px;font-family: Inter, sans-serif\">-2 habitaciones, principal con w\/c y ba\u00f1o<\/span><\/p>\n<p style=\"text-align:left\"><span style=\"font-size: 16px;font-family: Inter, sans-serif\">-Sala<\/span><\/p>\n<p style=\"text-align:left\"><span style=\"font-size: 16px;font-family: Inter, sans-serif\">-Comedor<\/span><\/p>\n<p style=\"text-align:left\"><span style=\"font-size: 16px;font-family: Inter, sans-serif\">-Cocina cerrada<\/span><\/p>\n<p style=\"text-align:left\"><span style=\"font-size: 16px;font-family: Inter, sans-serif\">-Cuarto de servicio\u00a0<\/span><\/p>\n<p style=\"text-align:left\"><span style=\"font-size: 16px;font-family: Inter, sans-serif\">-Area de lavado<\/span><\/p>\n<p style=\"margin-left:0px\"><span style=\"font-size: 16px;font-family: Inter, sans-serif\">-Ventanal piso techo que aporta mucha luz natural<\/span><\/p>\n<p style=\"text-align:left\"><span style=\"font-size: 16px;font-family: Inter, sans-serif\">-2 parqueos paralelos techados<\/span><\/p>\n<p style=\"text-align:left\">\n<p style=\"text-align:left\"><span style=\"font-size: 16px;font-family: Inter, sans-serif\">El edificio disponde de:<\/span><\/p>\n<p style=\"text-align:left\">\n<p style=\"text-align:left\"><span style=\"font-size: 16px;font-family: Inter, sans-serif\">-Lobby<\/span><\/p>\n<p style=\"text-align:left\"><span style=\"font-size: 16px;font-family: Inter, sans-serif\">-Sistema de camara de seguridad<\/span><\/p>\n<p style=\"text-align:left\"><span style=\"font-size: 16px;font-family: Inter, sans-serif\">-Sistema de token\u00a0<\/span><\/p>\n<p style=\"text-align:left\"><span style=\"font-size: 16px;font-family: Inter, sans-serif\">-1 ascensor<\/span><\/p>\n<p style=\"text-align:left\"><span style=\"font-size: 16px;font-family: Inter, sans-serif\">-Area social\u00a0<\/span><\/p>\n<p style=\"text-align:left\"><span style=\"font-size: 16px;font-family: Inter, sans-serif\">-Jacuzzi<\/span><\/p>\n","protected":false},"excerpt":{"rendered":"<p>127 mts, 2 habitaciones, 2 ba\u00f1os y 2 parqueos<\/p>\n","protected":false},"featured_media":0,"template":"","meta":{"_acf_changed":false},"categories":[],"tags":[],"desarrollador":[],"comprar-propiedades":[45],"operacion":[3],"tipo-de-inmueble":[6],"provincia":[15],"ciudad":[16],"sector":[17],"class_list":["post-6463","propiedad","type-propiedad","status-publish","hentry","comprar-propiedades-listo","operacion-comprar","tipo-de-inmueble-apartamentos","provincia-santo-domingo-de-guzman","ciudad-santo-domingo-d-n","sector-bella-vista"],"acf":{"agente_responsable":543,"amenidades_del_inmueble":[{"nombre":"Amueblado","icono":""},{"nombre":"Area de Lavado","icono":""},{"nombre":"Area Social","icono":""},{"nombre":"\u00c1rea social","icono":""},{"nombre":"Ascensor","icono":""},{"nombre":"Balc\u00f3n Integrado","icono":""},{"nombre":"C\u00e1maras de seguridad","icono":""},{"nombre":"Closet ropa blanca","icono":""},{"nombre":"Cocina","icono":""},{"nombre":"Comedor","icono":""},{"nombre":"Cuarto de Servicio","icono":""},{"nombre":"intercom","icono":""},{"nombre":"Lobby","icono":""},{"nombre":"Parqueos","icono":""},{"nombre":"Parqueos Paralelos","icono":""},{"nombre":"Planta El\u00e9ctrica","icono":""},{"nombre":"porton electrico","icono":""},{"nombre":"Port\u00f3n El\u00e9ctrico","icono":""},{"nombre":"Sala","icono":""},{"nombre":"Terraza Com\u00fan","icono":""},{"nombre":"Vigilancia 24 horas","icono":""}]},"_links":{"self":[{"href":"https:\/\/mrhome.com.do\/en\/wp-json\/wp\/v2\/propiedad\/6463","targetHints":{"allow":["GET"]}}],"collection":[{"href":"https:\/\/mrhome.com.do\/en\/wp-json\/wp\/v2\/propiedad"}],"about":[{"href":"https:\/\/mrhome.com.do\/en\/wp-json\/wp\/v2\/types\/propiedad"}],"wp:attachment":[{"href":"https:\/\/mrhome.com.do\/en\/wp-json\/wp\/v2\/media?parent=6463"}],"wp:term":[{"taxonomy":"category","embeddable":true,"href":"https:\/\/mrhome.com.do\/en\/wp-json\/wp\/v2\/categories?post=6463"},{"taxonomy":"post_tag","embeddable":true,"href":"https:\/\/mrhome.com.do\/en\/wp-json\/wp\/v2\/tags?post=6463"},{"taxonomy":"desarrollador","embeddable":true,"href":"https:\/\/mrhome.com.do\/en\/wp-json\/wp\/v2\/desarrollador?post=6463"},{"taxonomy":"comprar-propiedades","embeddable":true,"href":"https:\/\/mrhome.com.do\/en\/wp-json\/wp\/v2\/comprar-propiedades?post=6463"},{"taxonomy":"operacion","embeddable":true,"href":"https:\/\/mrhome.com.do\/en\/wp-json\/wp\/v2\/operacion?post=6463"},{"taxonomy":"tipo-de-inmueble","embeddable":true,"href":"https:\/\/mrhome.com.do\/en\/wp-json\/wp\/v2\/tipo-de-inmueble?post=6463"},{"taxonomy":"provincia","embeddable":true,"href":"https:\/\/mrhome.com.do\/en\/wp-json\/wp\/v2\/provincia?post=6463"},{"taxonomy":"ciudad","embeddable":true,"href":"https:\/\/mrhome.com.do\/en\/wp-json\/wp\/v2\/ciudad?post=6463"},{"taxonomy":"sector","embeddable":true,"href":"https:\/\/mrhome.com.do\/en\/wp-json\/wp\/v2\/sector?post=6463"}],"curies":[{"name":"wp","href":"https:\/\/api.w.org\/{rel}","templated":true}]}}

<p style="text-align:left">
<p><span style="background-color: initial;font-size: 18px;font-family: Inter, sans-serif">Descripción</span></p>
<p style="text-align:left">
</p>
</p>
<p style="text-align:left"><span style="font-size: 16px;font-family: Inter, sans-serif">Hermoso y amplio apartamento en Bella Vista sur, super centríco que dispone de:</span></p>
<p style="text-align:left">
<p style="text-align:left"><span style="font-size: 16px;font-family: Inter, sans-serif">-127 metros</span></p>
<p style="margin-left:0px"><span style="font-size: 16px;font-family: Inter, sans-serif">-2 habitaciones, principal con w/c y baño</span></p>
<p style="text-align:left"><span style="font-size: 16px;font-family: Inter, sans-serif">-Sala</span></p>
<p style="text-align:left"><span style="font-size: 16px;font-family: Inter, sans-serif">-Comedor</span></p>
<p style="text-align:left"><span style="font-size: 16px;font-family: Inter, sans-serif">-Cocina cerrada</span></p>
<p style="text-align:left"><span style="font-size: 16px;font-family: Inter, sans-serif">-Cuarto de servicio </span></p>
<p style="text-align:left"><span style="font-size: 16px;font-family: Inter, sans-serif">-Area de lavado</span></p>
<p style="margin-left:0px"><span style="font-size: 16px;font-family: Inter, sans-serif">-Ventanal piso techo que aporta mucha luz natural</span></p>
<p style="text-align:left"><span style="font-size: 16px;font-family: Inter, sans-serif">-2 parqueos paralelos techados</span></p>
<p style="text-align:left">
<p style="text-align:left"><span style="font-size: 16px;font-family: Inter, sans-serif">El edificio disponde de:</span></p>
<p style="text-align:left">
<p style="text-align:left"><span style="font-size: 16px;font-family: Inter, sans-serif">-Lobby</span></p>
<p style="text-align:left"><span style="font-size: 16px;font-family: Inter, sans-serif">-Sistema de camara de seguridad</span></p>
<p style="text-align:left"><span style="font-size: 16px;font-family: Inter, sans-serif">-Sistema de token </span></p>
<p style="text-align:left"><span style="font-size: 16px;font-family: Inter, sans-serif">-1 ascensor</span></p>
<p style="text-align:left"><span style="font-size: 16px;font-family: Inter, sans-serif">-Area social </span></p>
<p style="text-align:left"><span style="font-size: 16px;font-family: Inter, sans-serif">-Jacuzzi</span></p>

<p>127 mts, 2 habitaciones, 2 baños y 2 parqueos</p>

Área social

Balcón Integrado

Cámaras de seguridad

Planta Eléctrica

Portón Eléctrico

Terraza Común
