{"id":6408,"date":"2025-12-30T13:51:47","date_gmt":"2025-12-30T17:51:47","guid":{"rendered":"https:\/\/newsite.mrhome.com.do\/?post_type=propiedad&#038;p=6408"},"modified":"2026-04-14T20:54:00","modified_gmt":"2026-04-15T00:54:00","slug":"apartamento-amueblado-en-alquiler-el-vergel-419077","status":"publish","type":"propiedad","link":"https:\/\/mrhome.com.do\/en\/propiedad\/apartamento-amueblado-en-alquiler-el-vergel-419077\/","title":{"rendered":"\u2728 Apartamento Amueblado en Alquiler \u2013 El Vergel \u2728"},"content":{"rendered":"<h3>\ud83c\udfe1 <strong>Caracter\u00edsticas del Apartamento<\/strong><\/h3>\n<ul>\n<li>\n<p>76.50 m\u00b2<\/p>\n<\/li>\n<li>\n<p>2do nivel<\/p>\n<\/li>\n<li>\n<p>1 amplia habitaci\u00f3n con ba\u00f1o privado<\/p>\n<\/li>\n<li>\n<p>1.5 ba\u00f1os en total<\/p>\n<\/li>\n<li>\n<p>1 parqueo techado<\/p>\n<\/li>\n<li>\n<p>Terraza privada<\/p>\n<\/li>\n<li>\n<p>Sala y comedor integrados<\/p>\n<\/li>\n<li>\n<p>Cocina equipada<\/p>\n<\/li>\n<li>\n<p>\u00c1rea de lavado<\/p>\n<\/li>\n<li>\n<p>Calentador de agua<\/p>\n<\/li>\n<li>\n<p>Shutters de seguridad<\/p>\n<\/li>\n<li>\n<p>Aire acondicionado<\/p>\n<\/li>\n<\/ul>\n<h3>\ud83c\udfe2 <strong>Amenidades del Edificio<\/strong><\/h3>\n<ul>\n<li>\n<p>Lobby de recepci\u00f3n<\/p>\n<\/li>\n<li>\n<p>Intercom<\/p>\n<\/li>\n<li>\n<p>2 ascensores modernos<\/p>\n<\/li>\n<li>\n<p>\u00c1rea social techada y destechada<\/p>\n<\/li>\n<li>\n<p>Gimnasio equipado<\/p>\n<\/li>\n<li>\n<p>Cisterna y pozo<\/p>\n<\/li>\n<li>\n<p>Planta el\u00e9ctrica full<\/p>\n<\/li>\n<li>\n<p>Port\u00f3n el\u00e9ctrico y cerco el\u00e9ctrico<\/p>\n<\/li>\n<li>\n<p>Seguridad 24\/7 con c\u00e1maras de vigilancia<\/p>\n<\/li>\n<li>\n<p>Sistema contra incendios<\/p>\n<\/li>\n<\/ul>\n","protected":false},"excerpt":{"rendered":"<p>Vive con comodidad y estilo en este moderno apartamento totalmente amueblado, ideal para quienes buscan practicidad y elegancia en una de las zonas m\u00e1s exclusivas de la ciudad.<\/p>\n","protected":false},"featured_media":0,"template":"","meta":{"_acf_changed":false},"categories":[],"tags":[],"desarrollador":[],"comprar-propiedades":[45],"operacion":[4],"tipo-de-inmueble":[6],"provincia":[15],"ciudad":[16],"sector":[301],"class_list":["post-6408","propiedad","type-propiedad","status-publish","hentry","comprar-propiedades-listo","operacion-alquilar","tipo-de-inmueble-apartamentos","provincia-santo-domingo-de-guzman","ciudad-santo-domingo-d-n","sector-el-vergel"],"acf":{"agente_responsable":455,"agentes":[{"ID":581,"post_author":"1","post_date":"2025-09-20 16:09:06","post_date_gmt":"2025-09-20 20:09:06","post_content":"","post_title":"Patricia Manzanillo","post_excerpt":"","post_status":"publish","comment_status":"open","ping_status":"open","post_password":"","post_name":"patricia-manzanillo","to_ping":"","pinged":"","post_modified":"2026-03-25 23:40:57","post_modified_gmt":"2026-03-26 03:40:57","post_content_filtered":"","post_parent":0,"guid":"https:\/\/mrhomeweb.rtlsmedia.com\/agente\/patricia-manzanillo\/","menu_order":99,"post_type":"agente","post_mime_type":"","comment_count":"0","filter":"raw"}]},"_links":{"self":[{"href":"https:\/\/mrhome.com.do\/en\/wp-json\/wp\/v2\/propiedad\/6408","targetHints":{"allow":["GET"]}}],"collection":[{"href":"https:\/\/mrhome.com.do\/en\/wp-json\/wp\/v2\/propiedad"}],"about":[{"href":"https:\/\/mrhome.com.do\/en\/wp-json\/wp\/v2\/types\/propiedad"}],"wp:attachment":[{"href":"https:\/\/mrhome.com.do\/en\/wp-json\/wp\/v2\/media?parent=6408"}],"wp:term":[{"taxonomy":"category","embeddable":true,"href":"https:\/\/mrhome.com.do\/en\/wp-json\/wp\/v2\/categories?post=6408"},{"taxonomy":"post_tag","embeddable":true,"href":"https:\/\/mrhome.com.do\/en\/wp-json\/wp\/v2\/tags?post=6408"},{"taxonomy":"desarrollador","embeddable":true,"href":"https:\/\/mrhome.com.do\/en\/wp-json\/wp\/v2\/desarrollador?post=6408"},{"taxonomy":"comprar-propiedades","embeddable":true,"href":"https:\/\/mrhome.com.do\/en\/wp-json\/wp\/v2\/comprar-propiedades?post=6408"},{"taxonomy":"operacion","embeddable":true,"href":"https:\/\/mrhome.com.do\/en\/wp-json\/wp\/v2\/operacion?post=6408"},{"taxonomy":"tipo-de-inmueble","embeddable":true,"href":"https:\/\/mrhome.com.do\/en\/wp-json\/wp\/v2\/tipo-de-inmueble?post=6408"},{"taxonomy":"provincia","embeddable":true,"href":"https:\/\/mrhome.com.do\/en\/wp-json\/wp\/v2\/provincia?post=6408"},{"taxonomy":"ciudad","embeddable":true,"href":"https:\/\/mrhome.com.do\/en\/wp-json\/wp\/v2\/ciudad?post=6408"},{"taxonomy":"sector","embeddable":true,"href":"https:\/\/mrhome.com.do\/en\/wp-json\/wp\/v2\/sector?post=6408"}],"curies":[{"name":"wp","href":"https:\/\/api.w.org\/{rel}","templated":true}]}}

<h3>🏡 <strong>Características del Apartamento</strong></h3>
<ul>
<li>
<p>76.50 m²</p>
</li>
<li>
<p>2do nivel</p>
</li>
<li>
<p>1 amplia habitación con baño privado</p>
</li>
<li>
<p>1.5 baños en total</p>
</li>
<li>
<p>1 parqueo techado</p>
</li>
<li>
<p>Terraza privada</p>
</li>
<li>
<p>Sala y comedor integrados</p>
</li>
<li>
<p>Cocina equipada</p>
</li>
<li>
<p>Área de lavado</p>
</li>
<li>
<p>Calentador de agua</p>
</li>
<li>
<p>Shutters de seguridad</p>
</li>
<li>
<p>Aire acondicionado</p>
</li>
</ul>
<h3>🏢 <strong>Amenidades del Edificio</strong></h3>
<ul>
<li>
<p>Lobby de recepción</p>
</li>
<li>
<p>Intercom</p>
</li>
<li>
<p>2 ascensores modernos</p>
</li>
<li>
<p>Área social techada y destechada</p>
</li>
<li>
<p>Gimnasio equipado</p>
</li>
<li>
<p>Cisterna y pozo</p>
</li>
<li>
<p>Planta eléctrica full</p>
</li>
<li>
<p>Portón eléctrico y cerco eléctrico</p>
</li>
<li>
<p>Seguridad 24/7 con cámaras de vigilancia</p>
</li>
<li>
<p>Sistema contra incendios</p>
</li>
</ul>

<p>Vive con comodidad y estilo en este moderno apartamento totalmente amueblado, ideal para quienes buscan practicidad y elegancia en una de las zonas más exclusivas de la ciudad.</p>
