{"id":6403,"date":"2025-12-30T13:51:50","date_gmt":"2025-12-30T17:51:50","guid":{"rendered":"https:\/\/newsite.mrhome.com.do\/?post_type=propiedad&#038;p=6403"},"modified":"2026-03-16T13:35:53","modified_gmt":"2026-03-16T17:35:53","slug":"apartamento-de-3-habitaciones-en-alquiler-en-bella-vista-419090","status":"publish","type":"propiedad","link":"https:\/\/mrhome.com.do\/en\/propiedad\/apartamento-de-3-habitaciones-en-alquiler-en-bella-vista-419090\/","title":{"rendered":"Apartamento de 3 habitaciones en alquiler en Bella Vista"},"content":{"rendered":"<h2>Apartamento Full Amueblado con Amenidades de Lujo \ud83c\udfe1<\/h2>\n<p>\u200b\u00bfBuscas un estilo de vida de comodidad y lujo sin compromisos? Este apartamento de <strong>3 habitaciones<\/strong>, cada una con su propio ba\u00f1o y linea blanca incluida. Ubicado en el prestigioso sector de <strong>Bella Vista<\/strong>, este inmueble lo tiene todo para tu conveniencia.<\/p>\n<\/p>\n<h3>\u200bComodidad y Exclusividad en Cada Rinc\u00f3n:<\/h3>\n<ul>\n<li>\n<p>\u200b\ud83d\udecf\ufe0f <strong>3 Habitaciones con Ba\u00f1o:<\/strong> M\u00e1xima privacidad y confort para todos.<\/p>\n<\/li>\n<li>\n<p>\u200b\ud83e\uddfa <strong>\u00c1rea de Lavado:<\/strong> Para tus tareas del d\u00eda a d\u00eda.<\/p>\n<\/li>\n<li>\n<p>\u200b\ud83e\uddd1\u200d\ud83c\udf73 <strong>Cuarto de Servicio:<\/strong> Un espacio adicional muy conveniente.<\/p>\n<\/li>\n<li>\n<p>\u200b\ud83c\udf43 <strong>Balc\u00f3n:<\/strong> Un lugar perfecto para disfrutar del aire fresco.<\/p>\n<\/li>\n<li>\n<p>\u200b\ud83d\ude97 <strong>2 Parqueos:<\/strong> Comodidad y seguridad para tus veh\u00edculos.<\/p>\n<\/li>\n<li>\n<p>\u200b\ud83c\udfcb\ufe0f <strong>Gimnasio:<\/strong> Mant\u00e9n un estilo de vida activo sin salir de casa.<\/p>\n<\/li>\n<li>\n<p>\u200b\ud83c\udf89 <strong>Sal\u00f3n de Eventos:<\/strong> Ideal para tus celebraciones especiales.<\/p>\n<\/li>\n<li>\n<p>\u200b\ud83d\udc67 <strong>\u00c1rea de Ni\u00f1os:<\/strong> Un espacio seguro y divertido para los m\u00e1s peque\u00f1os.<\/p>\n<\/li>\n<li>\n<p>\u200b\ud83c\udf54 <strong>BBQ y Terraza Destechada:<\/strong> Perfecta para reuniones y relajarte al aire libre.<\/p>\n<\/li>\n<li>\n<p>\u200b\ud83e\udd1d <strong>Lobby Climatizado:<\/strong> Una bienvenida elegante y confortable.<\/p>\n<\/li>\n<li>\n<p>\u200b\ud83d\udd12 <strong>Seguridad 24 horas:<\/strong> Tranquilidad total para ti y los tuyos.<\/p>\n<\/li>\n<\/ul>\n<p>\u200bEste apartamento es la opci\u00f3n ideal para quienes valoran un hogar listo para habitar con amenidades exclusivas.<\/p>\n<p>\u200b<strong>Precio de Alquiler:<\/strong> <strong>US$1,400<\/strong> al mes.<\/p>\n<\/p>\n<p>\u200b\u00bfListo para vivir la vida que siempre so\u00f1aste? \u00a1Cont\u00e1ctanos para m\u00e1s detalles y agenda tu visita! \ud83d\udcde<\/p>\n","protected":false},"excerpt":{"rendered":"<p>Se alquila apartamento amueblado en Bella Vista de 3 habitaciones, cada habitaci\u00f3n con su ba\u00f1o y areas sociales en el \u00faltimo piso<\/p>\n","protected":false},"featured_media":0,"template":"","meta":{"_acf_changed":false},"categories":[],"tags":[],"desarrollador":[],"comprar-propiedades":[45],"operacion":[4],"tipo-de-inmueble":[6],"provincia":[15],"ciudad":[16],"sector":[17],"class_list":["post-6403","propiedad","type-propiedad","status-publish","hentry","comprar-propiedades-listo","operacion-alquilar","tipo-de-inmueble-apartamentos","provincia-santo-domingo-de-guzman","ciudad-santo-domingo-d-n","sector-bella-vista"],"acf":{"agente_responsable":517,"amenidades_del_inmueble":[{"nombre":"AirBnB Friendly","icono":""},{"nombre":"Aire acondicionado","icono":""},{"nombre":"Amenidades","icono":""},{"nombre":"Amueblado","icono":""},{"nombre":"Area de Lavado","icono":""},{"nombre":"\u00c1rea Infantil","icono":""},{"nombre":"Area Social","icono":""},{"nombre":"Ascensor","icono":""},{"nombre":"Balc\u00f3n","icono":""},{"nombre":"BBQ","icono":""},{"nombre":"C\u00e1maras de seguridad","icono":""},{"nombre":"Cuarto de Servicio","icono":""},{"nombre":"Estacionamiento techado","icono":""},{"nombre":"Gimnasio","icono":""},{"nombre":"L\u00ednea Blanca","icono":""},{"nombre":"Lobby","icono":""},{"nombre":"Louge","icono":""},{"nombre":"Parqueos","icono":""},{"nombre":"Parqueos Lineales","icono":""},{"nombre":"Planta El\u00e9ctrica","icono":""},{"nombre":"Portero","icono":""},{"nombre":"Port\u00f3n El\u00e9ctrico","icono":""},{"nombre":"Sal\u00f3n multiuso","icono":""},{"nombre":"Sal\u00f3n Multiusos","icono":""},{"nombre":"Terraza Com\u00fan","icono":""},{"nombre":"Terrazas techadas y destechadas","icono":""},{"nombre":"Vigilancia 24 horas","icono":""}]},"_links":{"self":[{"href":"https:\/\/mrhome.com.do\/en\/wp-json\/wp\/v2\/propiedad\/6403","targetHints":{"allow":["GET"]}}],"collection":[{"href":"https:\/\/mrhome.com.do\/en\/wp-json\/wp\/v2\/propiedad"}],"about":[{"href":"https:\/\/mrhome.com.do\/en\/wp-json\/wp\/v2\/types\/propiedad"}],"wp:attachment":[{"href":"https:\/\/mrhome.com.do\/en\/wp-json\/wp\/v2\/media?parent=6403"}],"wp:term":[{"taxonomy":"category","embeddable":true,"href":"https:\/\/mrhome.com.do\/en\/wp-json\/wp\/v2\/categories?post=6403"},{"taxonomy":"post_tag","embeddable":true,"href":"https:\/\/mrhome.com.do\/en\/wp-json\/wp\/v2\/tags?post=6403"},{"taxonomy":"desarrollador","embeddable":true,"href":"https:\/\/mrhome.com.do\/en\/wp-json\/wp\/v2\/desarrollador?post=6403"},{"taxonomy":"comprar-propiedades","embeddable":true,"href":"https:\/\/mrhome.com.do\/en\/wp-json\/wp\/v2\/comprar-propiedades?post=6403"},{"taxonomy":"operacion","embeddable":true,"href":"https:\/\/mrhome.com.do\/en\/wp-json\/wp\/v2\/operacion?post=6403"},{"taxonomy":"tipo-de-inmueble","embeddable":true,"href":"https:\/\/mrhome.com.do\/en\/wp-json\/wp\/v2\/tipo-de-inmueble?post=6403"},{"taxonomy":"provincia","embeddable":true,"href":"https:\/\/mrhome.com.do\/en\/wp-json\/wp\/v2\/provincia?post=6403"},{"taxonomy":"ciudad","embeddable":true,"href":"https:\/\/mrhome.com.do\/en\/wp-json\/wp\/v2\/ciudad?post=6403"},{"taxonomy":"sector","embeddable":true,"href":"https:\/\/mrhome.com.do\/en\/wp-json\/wp\/v2\/sector?post=6403"}],"curies":[{"name":"wp","href":"https:\/\/api.w.org\/{rel}","templated":true}]}}

<h2>Apartamento Full Amueblado con Amenidades de Lujo 🏡</h2>
<p>​¿Buscas un estilo de vida de comodidad y lujo sin compromisos? Este apartamento de <strong>3 habitaciones</strong>, cada una con su propio baño y linea blanca incluida. Ubicado en el prestigioso sector de <strong>Bella Vista</strong>, este inmueble lo tiene todo para tu conveniencia.</p>
</p>
<h3>​Comodidad y Exclusividad en Cada Rincón:</h3>
<ul>
<li>
<p>​🛏️ <strong>3 Habitaciones con Baño:</strong> Máxima privacidad y confort para todos.</p>
</li>
<li>
<p>​🧺 <strong>Área de Lavado:</strong> Para tus tareas del día a día.</p>
</li>
<li>
<p>​🧑‍🍳 <strong>Cuarto de Servicio:</strong> Un espacio adicional muy conveniente.</p>
</li>
<li>
<p>​🍃 <strong>Balcón:</strong> Un lugar perfecto para disfrutar del aire fresco.</p>
</li>
<li>
<p>​🚗 <strong>2 Parqueos:</strong> Comodidad y seguridad para tus vehículos.</p>
</li>
<li>
<p>​🏋️ <strong>Gimnasio:</strong> Mantén un estilo de vida activo sin salir de casa.</p>
</li>
<li>
<p>​🎉 <strong>Salón de Eventos:</strong> Ideal para tus celebraciones especiales.</p>
</li>
<li>
<p>​👧 <strong>Área de Niños:</strong> Un espacio seguro y divertido para los más pequeños.</p>
</li>
<li>
<p>​🍔 <strong>BBQ y Terraza Destechada:</strong> Perfecta para reuniones y relajarte al aire libre.</p>
</li>
<li>
<p>​🤝 <strong>Lobby Climatizado:</strong> Una bienvenida elegante y confortable.</p>
</li>
<li>
<p>​🔒 <strong>Seguridad 24 horas:</strong> Tranquilidad total para ti y los tuyos.</p>
</li>
</ul>
<p>​Este apartamento es la opción ideal para quienes valoran un hogar listo para habitar con amenidades exclusivas.</p>
<p>​<strong>Precio de Alquiler:</strong> <strong>US$1,400</strong> al mes.</p>
</p>
<p>​¿Listo para vivir la vida que siempre soñaste? ¡Contáctanos para más detalles y agenda tu visita! 📞</p>

<p>Se alquila apartamento amueblado en Bella Vista de 3 habitaciones, cada habitación con su baño y areas sociales en el último piso</p>

Área Infantil

Balcón

Cámaras de seguridad

Línea Blanca

Planta Eléctrica

Portón Eléctrico

Salón multiuso

Salón Multiusos

Terraza Común
