{"id":6128,"date":"2019-08-30T00:00:00","date_gmt":"2019-08-30T04:00:00","guid":{"rendered":"https:\/\/mrhomeweb.rtlsmedia.com\/propiedad\/plaza-y-naves-comerciales\/"},"modified":"2025-09-23T16:39:19","modified_gmt":"2025-09-23T20:39:19","slug":"plaza-y-naves-comerciales","status":"publish","type":"propiedad","link":"https:\/\/mrhome.com.do\/en\/propiedad\/plaza-y-naves-comerciales\/","title":{"rendered":"Plaza y Naves Comerciales"},"content":{"rendered":"<p>Este centro log\u00edstico es un moderno complejo compuesto por 36 naves industriales destinadas al acopio, y un edificio empresarial de locales comerciales destinados para oficinas administrativas.<\/p>\n<p>Fue desarrollado con la idea de cubrir una necesidad demandada por el sector comercial de la zona ofreci\u00e9ndoles obras dise\u00f1adas con todos los est\u00e1ndares de calidad necesarios y provistas de una tecnolog\u00eda de punta.<\/p>\n<p>El centro contar\u00e1 de seguridad 24 horas con circuito cerrado de c\u00e1maras IP de \u00faltima generaci\u00f3n, as\u00ed como patrullaje del per\u00edmetro con monitorizaci\u00f3n mediante c\u00f3digo de barras.<\/p>\n<p>Asimismo contar\u00e1 con control de entrada y salida de veh\u00edculos y m\u00e1s de 170 parqueos para visitantes y privados.<\/p>\n","protected":false},"excerpt":{"rendered":"<p>Este centro log\u00edstico es un moderno complejo compuesto por 36 naves industriales destinadas al acopio, y un edificio empresarial de locales comerciales destinados para oficinas administrativas.Fue desarrollado con la idea de cubrir una necesidad demandada por el sector comercial de la zona ofreci\u00e9ndoles obras dise\u00f1adas con todos los est\u00e1ndares de calidad necesarios y provistas de<\/p>\n","protected":false},"featured_media":0,"template":"","meta":{"_acf_changed":false},"categories":[],"tags":[],"desarrollador":[],"comprar-propiedades":[11],"operacion":[3],"tipo-de-inmueble":[26],"provincia":[18],"ciudad":[19],"sector":[183],"class_list":["post-6128","propiedad","type-propiedad","status-publish","hentry","comprar-propiedades-listas","operacion-comprar","tipo-de-inmueble-locales-comerciales","provincia-la-altagracia","ciudad-punta-cana","sector-bavaro"],"acf":{"inmueble_destacado":null,"inmueble_vendido":"0","uid_propiedad":"","cid_propiedad":"402500","operacion_project":"3","tipo_de_inmueble":"26","estado_project":"11","entrega_project":null,"provincia_project":"18","ciudad_project":"19","sector_project":"183","moneda_project":"USD","price_project":"118800","price_project_hasta":null,"ae_precio_de_venta":"118,800.00","ae_precio_alquiler":"990.00","ae_precio_renta_temporal":"","ae_precio_alquier_amueblado":"","ae_precio_venta_amueblado":"","ae_precio_mantenimiento":"","ae_precio_separacion":"","m_construccion_project":"55.60","m_construccion_terreno":"","banos_project":"","parqueo_project":"","habitacion_project":"","proyecto_max_de_banos":null,"proyecto_max_de_parqueo":null,"proyecto_max_de_area":null,"proyecto_max_de_habitaciones":null,"proyecto_precio_max":null,"proyecto_moneda_precio_max":null,"proyecto_min_de_banos":null,"proyecto_min_de_parqueos":null,"proyecto_min_de_area":null,"proyecto_min_de_habitaciones":null,"proyecto_precio_min":null,"proyecto_moneda_precio_min":null,"url_imagen_destacada":"https:\/\/d2p0bx8wfdkjkb.cloudfront.net\/static\/properties\/Mr.Home\/2019\/8\/AL10OR3BWX-PtTC5VbBLw","url_gallery_1":"https:\/\/d2p0bx8wfdkjkb.cloudfront.net\/static\/properties\/Mr.Home\/2019\/8\/AL10OR3BWX-frMyAbLWya","url_gallery_2":"https:\/\/d2p0bx8wfdkjkb.cloudfront.net\/static\/properties\/Mr.Home\/2019\/8\/AL10OR3BWX-ocfpLiCfwF","url_gallery_3":"https:\/\/d2p0bx8wfdkjkb.cloudfront.net\/static\/properties\/Mr.Home\/2019\/8\/AL10OR3BWX-Lhx9MTRbXv","url_gallery_4":"https:\/\/d2p0bx8wfdkjkb.cloudfront.net\/static\/properties\/Mr.Home\/2019\/8\/AL10OR3BWX-jmjXs4ZwYa","url_gallery_5":"https:\/\/d2p0bx8wfdkjkb.cloudfront.net\/static\/properties\/Mr.Home\/2019\/8\/AL10OR3BWX-i7UDBxik5H","url_video_de_youtube":null,"gallery_project":null,"gallery_repeater":null,"agente_responsable":"411","agentes":null,"amenidades_del_inmueble":null,"areas_comunes_del_inmueble":null,"lugares_cercanos_al_inmueble":null,"plan_de_pagos":null,"unidades_disponibles":null,"opciones_del_proyecto":null,"propiedades_similares":null,"google_map_iframe":null,"convertir_en_landing_page":null,"titulo_breve":null,"breve_descripcion":null,"amenidades_destacadas":null,"galeria_cover":null},"_links":{"self":[{"href":"https:\/\/mrhome.com.do\/en\/wp-json\/wp\/v2\/propiedad\/6128","targetHints":{"allow":["GET"]}}],"collection":[{"href":"https:\/\/mrhome.com.do\/en\/wp-json\/wp\/v2\/propiedad"}],"about":[{"href":"https:\/\/mrhome.com.do\/en\/wp-json\/wp\/v2\/types\/propiedad"}],"wp:attachment":[{"href":"https:\/\/mrhome.com.do\/en\/wp-json\/wp\/v2\/media?parent=6128"}],"wp:term":[{"taxonomy":"category","embeddable":true,"href":"https:\/\/mrhome.com.do\/en\/wp-json\/wp\/v2\/categories?post=6128"},{"taxonomy":"post_tag","embeddable":true,"href":"https:\/\/mrhome.com.do\/en\/wp-json\/wp\/v2\/tags?post=6128"},{"taxonomy":"desarrollador","embeddable":true,"href":"https:\/\/mrhome.com.do\/en\/wp-json\/wp\/v2\/desarrollador?post=6128"},{"taxonomy":"comprar-propiedades","embeddable":true,"href":"https:\/\/mrhome.com.do\/en\/wp-json\/wp\/v2\/comprar-propiedades?post=6128"},{"taxonomy":"operacion","embeddable":true,"href":"https:\/\/mrhome.com.do\/en\/wp-json\/wp\/v2\/operacion?post=6128"},{"taxonomy":"tipo-de-inmueble","embeddable":true,"href":"https:\/\/mrhome.com.do\/en\/wp-json\/wp\/v2\/tipo-de-inmueble?post=6128"},{"taxonomy":"provincia","embeddable":true,"href":"https:\/\/mrhome.com.do\/en\/wp-json\/wp\/v2\/provincia?post=6128"},{"taxonomy":"ciudad","embeddable":true,"href":"https:\/\/mrhome.com.do\/en\/wp-json\/wp\/v2\/ciudad?post=6128"},{"taxonomy":"sector","embeddable":true,"href":"https:\/\/mrhome.com.do\/en\/wp-json\/wp\/v2\/sector?post=6128"}],"curies":[{"name":"wp","href":"https:\/\/api.w.org\/{rel}","templated":true}]}}

<p>Este centro logístico es un moderno complejo compuesto por 36 naves industriales destinadas al acopio, y un edificio empresarial de locales comerciales destinados para oficinas administrativas.</p>
<p>Fue desarrollado con la idea de cubrir una necesidad demandada por el sector comercial de la zona ofreciéndoles obras diseñadas con todos los estándares de calidad necesarios y provistas de una tecnología de punta.</p>
<p>El centro contará de seguridad 24 horas con circuito cerrado de cámaras IP de última generación, así como patrullaje del perímetro con monitorización mediante código de barras.</p>
<p>Asimismo contará con control de entrada y salida de vehículos y más de 170 parqueos para visitantes y privados.</p>

<p>Este centro logístico es un moderno complejo compuesto por 36 naves industriales destinadas al acopio, y un edificio empresarial de locales comerciales destinados para oficinas administrativas.Fue desarrollado con la idea de cubrir una necesidad demandada por el sector comercial de la zona ofreciéndoles obras diseñadas con todos los estándares de calidad necesarios y provistas de</p>
