{"id":6106,"date":"2020-02-19T00:00:00","date_gmt":"2020-02-19T04:00:00","guid":{"rendered":"https:\/\/mrhomeweb.rtlsmedia.com\/propiedad\/locales-de-oficinas-en-arroyo-hondo\/"},"modified":"2025-09-23T16:39:00","modified_gmt":"2025-09-23T20:39:00","slug":"locales-de-oficinas-en-arroyo-hondo","status":"publish","type":"propiedad","link":"https:\/\/mrhome.com.do\/en\/propiedad\/locales-de-oficinas-en-arroyo-hondo\/","title":{"rendered":"Locales de Oficinas en Arroyo Hondo"},"content":{"rendered":"<p>Caracter\u00edsticas Generales:<\/p>\n<p><\/p>\n<ul>\n<li>14 niveles para oficinas desde 45 hasta 430m2.<\/li>\n<li>Oficina tipo Pent- house en el nivel 15 con 203m2 para oficina ejecutiva + terraza de 122m2 con vista al pol\u00edgono central.<\/li>\n<li>+\/- 200 estacionamientos.<\/li>\n<li>3 Elevadores de 15 personas.<\/li>\n<li>2 escaleras internas de emergencia.<\/li>\n<\/ul>\n<p><\/p>\n<p>\u00c1rea Social:<\/p>\n<ul>\n<li>Terraza con bar.<\/li>\n<li>Ba\u00f1os.<\/li>\n<\/ul>\n<p><\/p>\n<p>\u00c1rea Com\u00fan en nivel 1:<\/p>\n<ul>\n<li>Cafeter\u00eda Fr\u00eda.<\/li>\n<li>Sala de reuniones.<\/li>\n<li>Ba\u00f1os.<\/li>\n<\/ul>\n<p><\/p>\n<p>Ampla Recepci\u00f3n con:<\/p>\n<ul>\n<li>Recepci\u00f3n \u00b4\u00b4Front desk\u00b4\u00b4.<\/li>\n<li>Oficina Administrativa<\/li>\n<li>Local Comercial + Terraza.<\/li>\n<\/ul>\n","protected":false},"excerpt":{"rendered":"<p>Caracter\u00edsticas Generales:14 niveles para oficinas desde 45 hasta 430m2.Oficina tipo Pent- house en el nivel 15 con 203m2 para oficina ejecutiva + terraza de 122m2 con vista al pol\u00edgono central.+\/- 200 estacionamientos.3 Elevadores de 15 personas.2 escaleras internas de emergencia.\u00c1rea Social:Terraza con bar.Ba\u00f1os.\u00c1rea Com\u00fan en nivel 1:Cafeter\u00eda Fr\u00eda.Sala de reuniones.Ba\u00f1os.Ampla Recepci\u00f3n con:Recepci\u00f3n \u00b4\u00b4Front desk\u00b4\u00b4.Oficina AdministrativaLocal<\/p>\n","protected":false},"featured_media":0,"template":"","meta":{"_acf_changed":false},"categories":[],"tags":[],"desarrollador":[],"comprar-propiedades":[11],"operacion":[3],"tipo-de-inmueble":[26],"provincia":[15],"ciudad":[16],"sector":[159],"class_list":["post-6106","propiedad","type-propiedad","status-publish","hentry","comprar-propiedades-listas","operacion-comprar","tipo-de-inmueble-locales-comerciales","provincia-santo-domingo-de-guzman","ciudad-santo-domingo-d-n","sector-arroyo-hondo"],"acf":{"inmueble_destacado":null,"inmueble_vendido":"0","uid_propiedad":"","cid_propiedad":"405314","operacion_project":"3","tipo_de_inmueble":"26","estado_project":"11","entrega_project":null,"provincia_project":"15","ciudad_project":"16","sector_project":"159","moneda_project":"USD","price_project":"374125","price_project_hasta":null,"ae_precio_de_venta":"374,125.00","ae_precio_alquiler":"","ae_precio_renta_temporal":"","ae_precio_alquier_amueblado":"","ae_precio_venta_amueblado":"","ae_precio_mantenimiento":"0.00","ae_precio_separacion":"","m_construccion_project":"102.50","m_construccion_terreno":"","banos_project":"","parqueo_project":"3","habitacion_project":"","proyecto_max_de_banos":null,"proyecto_max_de_parqueo":null,"proyecto_max_de_area":null,"proyecto_max_de_habitaciones":null,"proyecto_precio_max":null,"proyecto_moneda_precio_max":null,"proyecto_min_de_banos":null,"proyecto_min_de_parqueos":null,"proyecto_min_de_area":null,"proyecto_min_de_habitaciones":null,"proyecto_precio_min":null,"proyecto_moneda_precio_min":null,"url_imagen_destacada":"https:\/\/d2p0bx8wfdkjkb.cloudfront.net\/static\/properties\/MR.HOME\/2020\/2\/879GVxXJAe-WhatsApp_Image_2020-02-18_at_5.46.44_PM.jpeg","url_gallery_1":"https:\/\/d2p0bx8wfdkjkb.cloudfront.net\/static\/properties\/MR.HOME\/2020\/2\/fTgLzrvSi4-WhatsApp_Image_2020-02-18_at_5.48.21_PM.jpeg","url_gallery_2":"https:\/\/d2p0bx8wfdkjkb.cloudfront.net\/static\/properties\/MR.HOME\/2020\/2\/xoa7LXoccD-WhatsApp_Image_2020-02-18_at_5.46.52_PM.jpeg","url_gallery_3":"https:\/\/d2p0bx8wfdkjkb.cloudfront.net\/static\/properties\/MR.HOME\/2020\/2\/QHigP5WJ5q-WhatsApp_Image_2020-02-18_at_5.46.44_PM.jpeg","url_gallery_4":"","url_gallery_5":"","url_video_de_youtube":null,"gallery_project":null,"gallery_repeater":null,"agente_responsable":"575","agentes":null,"amenidades_del_inmueble":null,"areas_comunes_del_inmueble":null,"lugares_cercanos_al_inmueble":null,"plan_de_pagos":null,"unidades_disponibles":null,"opciones_del_proyecto":null,"propiedades_similares":null,"google_map_iframe":null,"convertir_en_landing_page":null,"titulo_breve":null,"breve_descripcion":null,"amenidades_destacadas":null,"galeria_cover":null},"_links":{"self":[{"href":"https:\/\/mrhome.com.do\/en\/wp-json\/wp\/v2\/propiedad\/6106","targetHints":{"allow":["GET"]}}],"collection":[{"href":"https:\/\/mrhome.com.do\/en\/wp-json\/wp\/v2\/propiedad"}],"about":[{"href":"https:\/\/mrhome.com.do\/en\/wp-json\/wp\/v2\/types\/propiedad"}],"wp:attachment":[{"href":"https:\/\/mrhome.com.do\/en\/wp-json\/wp\/v2\/media?parent=6106"}],"wp:term":[{"taxonomy":"category","embeddable":true,"href":"https:\/\/mrhome.com.do\/en\/wp-json\/wp\/v2\/categories?post=6106"},{"taxonomy":"post_tag","embeddable":true,"href":"https:\/\/mrhome.com.do\/en\/wp-json\/wp\/v2\/tags?post=6106"},{"taxonomy":"desarrollador","embeddable":true,"href":"https:\/\/mrhome.com.do\/en\/wp-json\/wp\/v2\/desarrollador?post=6106"},{"taxonomy":"comprar-propiedades","embeddable":true,"href":"https:\/\/mrhome.com.do\/en\/wp-json\/wp\/v2\/comprar-propiedades?post=6106"},{"taxonomy":"operacion","embeddable":true,"href":"https:\/\/mrhome.com.do\/en\/wp-json\/wp\/v2\/operacion?post=6106"},{"taxonomy":"tipo-de-inmueble","embeddable":true,"href":"https:\/\/mrhome.com.do\/en\/wp-json\/wp\/v2\/tipo-de-inmueble?post=6106"},{"taxonomy":"provincia","embeddable":true,"href":"https:\/\/mrhome.com.do\/en\/wp-json\/wp\/v2\/provincia?post=6106"},{"taxonomy":"ciudad","embeddable":true,"href":"https:\/\/mrhome.com.do\/en\/wp-json\/wp\/v2\/ciudad?post=6106"},{"taxonomy":"sector","embeddable":true,"href":"https:\/\/mrhome.com.do\/en\/wp-json\/wp\/v2\/sector?post=6106"}],"curies":[{"name":"wp","href":"https:\/\/api.w.org\/{rel}","templated":true}]}}

<p>Características Generales:</p>
<p></p>
<ul>
<li>14 niveles para oficinas desde 45 hasta 430m2.</li>
<li>Oficina tipo Pent- house en el nivel 15 con 203m2 para oficina ejecutiva + terraza de 122m2 con vista al polígono central.</li>
<li>+/- 200 estacionamientos.</li>
<li>3 Elevadores de 15 personas.</li>
<li>2 escaleras internas de emergencia.</li>
</ul>
<p></p>
<p>Área Social:</p>
<ul>
<li>Terraza con bar.</li>
<li>Baños.</li>
</ul>
<p></p>
<p>Área Común en nivel 1:</p>
<ul>
<li>Cafetería Fría.</li>
<li>Sala de reuniones.</li>
<li>Baños.</li>
</ul>
<p></p>
<p>Ampla Recepción con:</p>
<ul>
<li>Recepción ´´Front desk´´.</li>
<li>Oficina Administrativa</li>
<li>Local Comercial + Terraza.</li>
</ul>

<p>Características Generales:14 niveles para oficinas desde 45 hasta 430m2.Oficina tipo Pent- house en el nivel 15 con 203m2 para oficina ejecutiva + terraza de 122m2 con vista al polígono central.+/- 200 estacionamientos.3 Elevadores de 15 personas.2 escaleras internas de emergencia.Área Social:Terraza con bar.Baños.Área Común en nivel 1:Cafetería Fría.Sala de reuniones.Baños.Ampla Recepción con:Recepción ´´Front desk´´.Oficina AdministrativaLocal</p>
