{"id":6085,"date":"2020-08-01T00:00:00","date_gmt":"2020-08-01T04:00:00","guid":{"rendered":"https:\/\/mrhomeweb.rtlsmedia.com\/propiedad\/plaza-comercial-en-marginal-san-vicente-de-paul\/"},"modified":"2025-09-23T16:38:44","modified_gmt":"2025-09-23T20:38:44","slug":"plaza-comercial-en-marginal-san-vicente-de-paul","status":"publish","type":"propiedad","link":"https:\/\/mrhome.com.do\/en\/propiedad\/plaza-comercial-en-marginal-san-vicente-de-paul\/","title":{"rendered":"Plaza Comercial en Marginal San Vicente de Paul"},"content":{"rendered":"<p>&nbsp;Locales comerciales desde 42.48Mts2 a 55.42 Mts2<\/p>\n<p><\/p>\n<p>&nbsp;Con m\u00e1s de 28 locales disponibles en el s\u00f3tano y el primer nivel<\/p>\n<ul>\n<li>&nbsp;Ascensor<\/li>\n<li>&nbsp;Planta full<\/li>\n<li>&nbsp;Seguridad 24 7<\/li>\n<li>&nbsp;C\u00e1mara de vigilancia<\/li>\n<li>&nbsp;Escaleras de emergencia<\/li>\n<li>&nbsp;Pozo tubular<\/li>\n<li>&nbsp;Vista mar desde el quinto nivel<\/li>\n<li>&nbsp;\u00c1rea de comida<\/li>\n<li>&nbsp;Ba\u00f1os p\u00fablicos<\/li>\n<li>&nbsp;Ba\u00f1os privados en el local<\/li>\n<li>&nbsp;Preinstalaci\u00f3n de aire acondicionado inverter en \u00e1reas comunes<\/li>\n<\/ul>\n<p>&nbsp;<\/p>\n<p><strong>Pre-venta proyectos en planos <\/strong><\/p>\n<p>Separaci\u00f3n con s\u00f3lo $5000 y 24 meses para completar el 30% del inicial<\/p>\n<p>&nbsp;<\/p>\n","protected":false},"excerpt":{"rendered":"<p>&nbsp;Locales comerciales desde 42.48Mts2 a 55.42 Mts2&nbsp;Con m\u00e1s de 28 locales disponibles en el s\u00f3tano y el primer nivel&nbsp;Ascensor&nbsp;Planta full&nbsp;Seguridad 24 7&nbsp;C\u00e1mara de vigilancia&nbsp;Escaleras de emergencia&nbsp;Pozo tubular&nbsp;Vista mar desde el quinto nivel&nbsp;\u00c1rea de comida&nbsp;Ba\u00f1os p\u00fablicos&nbsp;Ba\u00f1os privados en el local&nbsp;Preinstalaci\u00f3n de aire acondicionado inverter en \u00e1reas comunes&nbsp;Pre-venta proyectos en planos Separaci\u00f3n con s\u00f3lo $5,000 y 24<\/p>\n","protected":false},"featured_media":0,"template":"","meta":{"_acf_changed":false},"categories":[],"tags":[],"desarrollador":[],"comprar-propiedades":[11],"operacion":[3],"tipo-de-inmueble":[26],"provincia":[15],"ciudad":[23],"sector":[298],"class_list":["post-6085","propiedad","type-propiedad","status-publish","hentry","comprar-propiedades-listas","operacion-comprar","tipo-de-inmueble-locales-comerciales","provincia-santo-domingo-de-guzman","ciudad-santo-domingo-este","sector-el-rosal"],"acf":{"inmueble_destacado":null,"inmueble_vendido":"1","uid_propiedad":"","cid_propiedad":"405483","operacion_project":"3","tipo_de_inmueble":"26","estado_project":"11","entrega_project":null,"provincia_project":"15","ciudad_project":"23","sector_project":"298","moneda_project":"USD","price_project":"164658","price_project_hasta":null,"ae_precio_de_venta":"164,658.00","ae_precio_alquiler":"","ae_precio_renta_temporal":"","ae_precio_alquier_amueblado":"","ae_precio_venta_amueblado":"","ae_precio_mantenimiento":"","ae_precio_separacion":"","m_construccion_project":"63.33","m_construccion_terreno":"","banos_project":"","parqueo_project":"","habitacion_project":"","proyecto_max_de_banos":null,"proyecto_max_de_parqueo":null,"proyecto_max_de_area":null,"proyecto_max_de_habitaciones":null,"proyecto_precio_max":null,"proyecto_moneda_precio_max":null,"proyecto_min_de_banos":null,"proyecto_min_de_parqueos":null,"proyecto_min_de_area":null,"proyecto_min_de_habitaciones":null,"proyecto_precio_min":null,"proyecto_moneda_precio_min":null,"url_imagen_destacada":"https:\/\/d2p0bx8wfdkjkb.cloudfront.net\/static\/properties\/SD1VYND9UU\/PU6J8M3FPO\/PUNysKApXN\/PLAZA_JARABACOA.jpg","url_gallery_1":"","url_gallery_2":"","url_gallery_3":"","url_gallery_4":"","url_gallery_5":"","url_video_de_youtube":null,"gallery_project":null,"gallery_repeater":null,"agente_responsable":"415","agentes":null,"amenidades_del_inmueble":null,"areas_comunes_del_inmueble":null,"lugares_cercanos_al_inmueble":null,"plan_de_pagos":null,"unidades_disponibles":null,"opciones_del_proyecto":null,"propiedades_similares":null,"google_map_iframe":null,"convertir_en_landing_page":null,"titulo_breve":null,"breve_descripcion":null,"amenidades_destacadas":null,"galeria_cover":null},"_links":{"self":[{"href":"https:\/\/mrhome.com.do\/en\/wp-json\/wp\/v2\/propiedad\/6085","targetHints":{"allow":["GET"]}}],"collection":[{"href":"https:\/\/mrhome.com.do\/en\/wp-json\/wp\/v2\/propiedad"}],"about":[{"href":"https:\/\/mrhome.com.do\/en\/wp-json\/wp\/v2\/types\/propiedad"}],"wp:attachment":[{"href":"https:\/\/mrhome.com.do\/en\/wp-json\/wp\/v2\/media?parent=6085"}],"wp:term":[{"taxonomy":"category","embeddable":true,"href":"https:\/\/mrhome.com.do\/en\/wp-json\/wp\/v2\/categories?post=6085"},{"taxonomy":"post_tag","embeddable":true,"href":"https:\/\/mrhome.com.do\/en\/wp-json\/wp\/v2\/tags?post=6085"},{"taxonomy":"desarrollador","embeddable":true,"href":"https:\/\/mrhome.com.do\/en\/wp-json\/wp\/v2\/desarrollador?post=6085"},{"taxonomy":"comprar-propiedades","embeddable":true,"href":"https:\/\/mrhome.com.do\/en\/wp-json\/wp\/v2\/comprar-propiedades?post=6085"},{"taxonomy":"operacion","embeddable":true,"href":"https:\/\/mrhome.com.do\/en\/wp-json\/wp\/v2\/operacion?post=6085"},{"taxonomy":"tipo-de-inmueble","embeddable":true,"href":"https:\/\/mrhome.com.do\/en\/wp-json\/wp\/v2\/tipo-de-inmueble?post=6085"},{"taxonomy":"provincia","embeddable":true,"href":"https:\/\/mrhome.com.do\/en\/wp-json\/wp\/v2\/provincia?post=6085"},{"taxonomy":"ciudad","embeddable":true,"href":"https:\/\/mrhome.com.do\/en\/wp-json\/wp\/v2\/ciudad?post=6085"},{"taxonomy":"sector","embeddable":true,"href":"https:\/\/mrhome.com.do\/en\/wp-json\/wp\/v2\/sector?post=6085"}],"curies":[{"name":"wp","href":"https:\/\/api.w.org\/{rel}","templated":true}]}}

<p>&nbsp;Locales comerciales desde 42.48Mts2 a 55.42 Mts2</p>
<p></p>
<p>&nbsp;Con más de 28 locales disponibles en el sótano y el primer nivel</p>
<ul>
<li>&nbsp;Ascensor</li>
<li>&nbsp;Planta full</li>
<li>&nbsp;Seguridad 24 7</li>
<li>&nbsp;Cámara de vigilancia</li>
<li>&nbsp;Escaleras de emergencia</li>
<li>&nbsp;Pozo tubular</li>
<li>&nbsp;Vista mar desde el quinto nivel</li>
<li>&nbsp;Área de comida</li>
<li>&nbsp;Baños públicos</li>
<li>&nbsp;Baños privados en el local</li>
<li>&nbsp;Preinstalación de aire acondicionado inverter en áreas comunes</li>
</ul>
<p>&nbsp;</p>
<p><strong>Pre-venta proyectos en planos </strong></p>
<p>Separación con sólo $5000 y 24 meses para completar el 30% del inicial</p>
<p>&nbsp;</p>

<p>&nbsp;Locales comerciales desde 42.48Mts2 a 55.42 Mts2&nbsp;Con más de 28 locales disponibles en el sótano y el primer nivel&nbsp;Ascensor&nbsp;Planta full&nbsp;Seguridad 24 7&nbsp;Cámara de vigilancia&nbsp;Escaleras de emergencia&nbsp;Pozo tubular&nbsp;Vista mar desde el quinto nivel&nbsp;Área de comida&nbsp;Baños públicos&nbsp;Baños privados en el local&nbsp;Preinstalación de aire acondicionado inverter en áreas comunes&nbsp;Pre-venta proyectos en planos Separación con sólo $5,000 y 24</p>
