{"id":5997,"date":"2021-07-14T00:00:00","date_gmt":"2021-07-14T04:00:00","guid":{"rendered":"https:\/\/mrhomeweb.rtlsmedia.com\/propiedad\/local-comercial-en-renta-ubicado-en-el-centro-de-la-ciudad\/"},"modified":"2025-09-23T16:36:32","modified_gmt":"2025-09-23T20:36:32","slug":"local-comercial-en-renta-ubicado-en-el-centro-de-la-ciudad","status":"publish","type":"propiedad","link":"https:\/\/mrhome.com.do\/en\/propiedad\/local-comercial-en-renta-ubicado-en-el-centro-de-la-ciudad\/","title":{"rendered":"Local comercial en renta Ubicado en el centro de la ciudad"},"content":{"rendered":"<p>Amplio local ubicado en el centro de la ciudad, en una de las principales plazas comerciales de San Francisco de Macor\u00eds, pr\u00f3ximo a los principales bancos, centros comerciales y oficinas p\u00fablicas de nuestra ciudad.<\/p>\n<p><\/p>\n<p><\/p>\n<p><\/p>\n<p>Ubicado en un 4to nivel y cuenta con:<\/p>\n<p><\/p>\n<p><\/p>\n<p><\/p>\n<ul>\n<li>Seguridad<\/li>\n<li>Mantenimiento de \u00e1reas comunes.<\/li>\n<li>Ba\u00f1os<\/li>\n<li>Ascensor<\/li>\n<li>Planta full<\/li>\n<li>Parqueos<\/li>\n<\/ul>\n<p><\/p>\n<p><\/p>\n<p>Aqu\u00ed tendr\u00e1s espacio suficiente para desarrollar cualquier tipo de proyecto y poder ofertar a tus clientes todas las comodidades que merecen en un local comercial.<\/p>\n","protected":false},"excerpt":{"rendered":"<p>Amplio local ubicado en el centro de la ciudad, en una de las principales plazas comerciales de San Francisco de Macor\u00eds, pr\u00f3ximo a los principales bancos, centros comerciales y oficinas p\u00fablicas de nuestra ciudad.Ubicado en un 4to nivel y cuenta con:SeguridadMantenimiento de \u00e1reas comunes.Ba\u00f1osAscensorPlanta fullParqueosAqu\u00ed tendr\u00e1s espacio suficiente para desarrollar cualquier tipo de proyecto y<\/p>\n","protected":false},"featured_media":0,"template":"","meta":{"_acf_changed":false},"categories":[],"tags":[],"desarrollador":[],"comprar-propiedades":[11],"operacion":[4],"tipo-de-inmueble":[26],"provincia":[62],"ciudad":[128],"sector":[269],"class_list":["post-5997","propiedad","type-propiedad","status-publish","hentry","comprar-propiedades-listas","operacion-alquilar","tipo-de-inmueble-locales-comerciales","provincia-duarte","ciudad-san-francisco-de-macoris","sector-duarte"],"acf":{"inmueble_destacado":null,"inmueble_vendido":"0","uid_propiedad":"","cid_propiedad":"1197","operacion_project":"4","tipo_de_inmueble":"26","estado_project":"11","entrega_project":null,"provincia_project":"62","ciudad_project":"128","sector_project":"269","moneda_project":"DOP","price_project":"200000","price_project_hasta":null,"ae_precio_de_venta":"","ae_precio_alquiler":"200,000.00","ae_precio_renta_temporal":"","ae_precio_alquier_amueblado":"","ae_precio_venta_amueblado":"","ae_precio_mantenimiento":"","ae_precio_separacion":"","m_construccion_project":"320.00","m_construccion_terreno":"","banos_project":"2.00","parqueo_project":"97","habitacion_project":"","proyecto_max_de_banos":null,"proyecto_max_de_parqueo":null,"proyecto_max_de_area":null,"proyecto_max_de_habitaciones":null,"proyecto_precio_max":null,"proyecto_moneda_precio_max":null,"proyecto_min_de_banos":null,"proyecto_min_de_parqueos":null,"proyecto_min_de_area":null,"proyecto_min_de_habitaciones":null,"proyecto_precio_min":null,"proyecto_moneda_precio_min":null,"url_imagen_destacada":"https:\/\/d2p0bx8wfdkjkb.cloudfront.net\/static\/properties\/QQFN30K8GL\/P5VKWBEOKU\/cr9669izhP\/WhatsApp_Image_2021-07-14_at_5.23.53_PM.jpeg","url_gallery_1":"https:\/\/d2p0bx8wfdkjkb.cloudfront.net\/static\/properties\/QQFN30K8GL\/SITQWVSZBY\/jzRzBqPH4d\/WhatsApp_Image_2021-07-14_at_5.25.01_PM.jpeg","url_gallery_2":"https:\/\/d2p0bx8wfdkjkb.cloudfront.net\/static\/properties\/QQFN30K8GL\/O8RF7K08YR\/mNR8owcBTy\/WhatsApp_Image_2021-07-14_at_5.24.30_PM.jpeg","url_gallery_3":"https:\/\/d2p0bx8wfdkjkb.cloudfront.net\/static\/properties\/QQFN30K8GL\/5CRFOGH05K\/R8ZGC6UhjM\/WhatsApp_Image_2021-07-14_at_5.23.31_PM.jpeg","url_gallery_4":"https:\/\/d2p0bx8wfdkjkb.cloudfront.net\/static\/properties\/QQFN30K8GL\/Z6AJVQHFUZ\/mnD7xyJa2j\/WhatsApp_Image_2021-07-14_at_5.23.12_PM.jpeg","url_gallery_5":"","url_video_de_youtube":null,"gallery_project":null,"gallery_repeater":null,"agente_responsable":"","agentes":null,"amenidades_del_inmueble":null,"areas_comunes_del_inmueble":null,"lugares_cercanos_al_inmueble":null,"plan_de_pagos":null,"unidades_disponibles":null,"opciones_del_proyecto":null,"propiedades_similares":null,"google_map_iframe":null,"convertir_en_landing_page":null,"titulo_breve":null,"breve_descripcion":null,"amenidades_destacadas":null,"galeria_cover":null},"_links":{"self":[{"href":"https:\/\/mrhome.com.do\/en\/wp-json\/wp\/v2\/propiedad\/5997","targetHints":{"allow":["GET"]}}],"collection":[{"href":"https:\/\/mrhome.com.do\/en\/wp-json\/wp\/v2\/propiedad"}],"about":[{"href":"https:\/\/mrhome.com.do\/en\/wp-json\/wp\/v2\/types\/propiedad"}],"wp:attachment":[{"href":"https:\/\/mrhome.com.do\/en\/wp-json\/wp\/v2\/media?parent=5997"}],"wp:term":[{"taxonomy":"category","embeddable":true,"href":"https:\/\/mrhome.com.do\/en\/wp-json\/wp\/v2\/categories?post=5997"},{"taxonomy":"post_tag","embeddable":true,"href":"https:\/\/mrhome.com.do\/en\/wp-json\/wp\/v2\/tags?post=5997"},{"taxonomy":"desarrollador","embeddable":true,"href":"https:\/\/mrhome.com.do\/en\/wp-json\/wp\/v2\/desarrollador?post=5997"},{"taxonomy":"comprar-propiedades","embeddable":true,"href":"https:\/\/mrhome.com.do\/en\/wp-json\/wp\/v2\/comprar-propiedades?post=5997"},{"taxonomy":"operacion","embeddable":true,"href":"https:\/\/mrhome.com.do\/en\/wp-json\/wp\/v2\/operacion?post=5997"},{"taxonomy":"tipo-de-inmueble","embeddable":true,"href":"https:\/\/mrhome.com.do\/en\/wp-json\/wp\/v2\/tipo-de-inmueble?post=5997"},{"taxonomy":"provincia","embeddable":true,"href":"https:\/\/mrhome.com.do\/en\/wp-json\/wp\/v2\/provincia?post=5997"},{"taxonomy":"ciudad","embeddable":true,"href":"https:\/\/mrhome.com.do\/en\/wp-json\/wp\/v2\/ciudad?post=5997"},{"taxonomy":"sector","embeddable":true,"href":"https:\/\/mrhome.com.do\/en\/wp-json\/wp\/v2\/sector?post=5997"}],"curies":[{"name":"wp","href":"https:\/\/api.w.org\/{rel}","templated":true}]}}

<p>Amplio local ubicado en el centro de la ciudad, en una de las principales plazas comerciales de San Francisco de Macorís, próximo a los principales bancos, centros comerciales y oficinas públicas de nuestra ciudad.</p>
<p></p>
<p></p>
<p></p>
<p>Ubicado en un 4to nivel y cuenta con:</p>
<p></p>
<p></p>
<p></p>
<ul>
<li>Seguridad</li>
<li>Mantenimiento de áreas comunes.</li>
<li>Baños</li>
<li>Ascensor</li>
<li>Planta full</li>
<li>Parqueos</li>
</ul>
<p></p>
<p></p>
<p>Aquí tendrás espacio suficiente para desarrollar cualquier tipo de proyecto y poder ofertar a tus clientes todas las comodidades que merecen en un local comercial.</p>

<p>Amplio local ubicado en el centro de la ciudad, en una de las principales plazas comerciales de San Francisco de Macorís, próximo a los principales bancos, centros comerciales y oficinas públicas de nuestra ciudad.Ubicado en un 4to nivel y cuenta con:SeguridadMantenimiento de áreas comunes.BañosAscensorPlanta fullParqueosAquí tendrás espacio suficiente para desarrollar cualquier tipo de proyecto y</p>
