{"id":5816,"date":"2022-04-25T00:00:00","date_gmt":"2022-04-25T04:00:00","guid":{"rendered":"https:\/\/mrhomeweb.rtlsmedia.com\/propiedad\/en-oferta-amplios-penthouses-en-planos-construccion-en-blocks-en-las-cejas-sfm\/"},"modified":"2025-09-23T16:32:54","modified_gmt":"2025-09-23T20:32:54","slug":"en-oferta-amplios-penthouses-en-planos-construccion-en-blocks-en-las-cejas-sfm","status":"publish","type":"propiedad","link":"https:\/\/mrhome.com.do\/en\/propiedad\/en-oferta-amplios-penthouses-en-planos-construccion-en-blocks-en-las-cejas-sfm\/","title":{"rendered":"EN OFERTA: Amplios Penthouses en planos (construcci\u00f3n en blocks) en Las Cejas, SFM"},"content":{"rendered":"<p style=\"text-align:left;\"><span style=\"color: rgb(73,80,87);background-color: rgb(255,255,255);font-size: 15px;font-family: Inter, sans-serif;\">Disfruta de la frescura y tranquilidad que ofrece la localidad de Las Cejas en San Francisco de Macor\u00eds, en este hermoso residencial, ubicado en una urbanizaci\u00f3n cerrada con garita y control de acceso.<\/span><\/p>\n<p style=\"text-align:left;\">\n<p style=\"text-align:left;\"><span style=\"color: rgb(73,80,87);background-color: rgb(255,255,255);font-size: 15px;font-family: Inter, sans-serif;\">En una zona libre de congestionamiento vehicular o &#8220;tapones&#8221;.<\/span><\/p>\n<p style=\"text-align:left;\"><span style=\"color: rgb(73,80,87);background-color: rgb(255,255,255);font-size: 15px;font-family: Inter, sans-serif;\">A s\u00f3lo 4 minutos de la Av. Pte Antonio Guzm\u00e1n Fern\u00e1ndez, 5 minutos de Palacio del cine, Burger King, Pizza Hut y unos 10 minutos de Palmares Mall y todos los dem\u00e1s bancos, farmacias, bares y restaurantes de la zona Salida a Sto. Dgo. Y a s\u00f3lo 12 minutos del centro de la ciudad.<\/span><\/p>\n<p style=\"text-align:left;\">\n<p style=\"text-align:left;\"><span style=\"color: rgb(73,80,87);background-color: rgb(255,255,255);font-size: 15px;font-family: Inter, sans-serif;\">Para fines de inversi\u00f3n, se presta a ser alquilado amueblado (AirBnb).<\/span><\/p>\n<p style=\"text-align:left;\"><span style=\"color: rgb(73,80,87);background-color: rgb(255,255,255);font-size: 15px;font-family: Inter, sans-serif;\">CARACTER\u00cdSTICAS:<\/span><\/p>\n<p style=\"text-align:left;\"><span style=\"color: rgb(73,80,87);background-color: rgb(255,255,255);font-size: 15px;font-family: Inter, sans-serif;\">&#8211; 3 habitaciones (Principal con walking closet y ba\u00f1o privado)<\/span><\/p>\n<p style=\"text-align:left;\"><span style=\"color: rgb(73,80,87);background-color: rgb(255,255,255);font-size: 15px;font-family: Inter, sans-serif;\">&#8211; 2.5 ba\u00f1os<\/span><\/p>\n<p style=\"text-align:left;\"><span style=\"color: rgb(73,80,87);background-color: rgb(255,255,255);font-size: 15px;font-family: Inter, sans-serif;\">&#8211; 2 parqueos<\/span><\/p>\n<p style=\"text-align:left;\"><span style=\"color: rgb(73,80,87);background-color: rgb(255,255,255);font-size: 15px;font-family: Inter, sans-serif;\">&#8211; Sala<\/span><\/p>\n<p style=\"text-align:left;\"><span style=\"color: rgb(73,80,87);background-color: rgb(255,255,255);font-size: 15px;font-family: Inter, sans-serif;\">&#8211; Comedor<\/span><\/p>\n<p style=\"text-align:left;\"><span style=\"color: rgb(73,80,87);background-color: rgb(255,255,255);font-size: 15px;font-family: Inter, sans-serif;\">&#8211; Cocina con isleta<\/span><\/p>\n<p style=\"text-align:left;\"><span style=\"color: rgb(73,80,87);background-color: rgb(255,255,255);font-size: 15px;font-family: Inter, sans-serif;\">&#8211; \u00c1rea de lavado<\/span><\/p>\n<p style=\"text-align:left;\"><span style=\"color: rgb(73,80,87);background-color: rgb(255,255,255);font-size: 15px;font-family: Inter, sans-serif;\">&#8211; Balc\u00f3n<\/span><\/p>\n<p style=\"text-align:left;\">\n<p style=\"text-align:left;\"><span style=\"color: rgb(73,80,87);background-color: rgb(255,255,255);font-size: 15px;font-family: Inter, sans-serif;\">DETALLES DE TERMINACI\u00d3N:<\/span><\/p>\n<p style=\"text-align:left;\"><span style=\"color: rgb(73,80,87);background-color: rgb(255,255,255);font-size: 15px;font-family: Inter, sans-serif;\">\u2022 Pre-instalaci\u00f3n de tinacos.<\/span><\/p>\n<p style=\"text-align:left;\"><span style=\"color: rgb(73,80,87);background-color: rgb(255,255,255);font-size: 15px;font-family: Inter, sans-serif;\">\u2022 Pre-instalaci\u00f3n aire acondicionado.<\/span><\/p>\n<p style=\"text-align:left;\"><span style=\"color: rgb(73,80,87);background-color: rgb(255,255,255);font-size: 15px;font-family: Inter, sans-serif;\">\u2022 Madera preciosa<\/span><\/p>\n<p style=\"text-align:left;\"><span style=\"color: rgb(73,80,87);background-color: rgb(255,255,255);font-size: 15px;font-family: Inter, sans-serif;\">\u2022 Pisos en porcelanato.<\/span><\/p>\n<p style=\"text-align:left;\"><span style=\"color: rgb(73,80,87);background-color: rgb(255,255,255);font-size: 15px;font-family: Inter, sans-serif;\">\u2022 Port\u00f3n el\u00e9ctrico y c\u00e1maras de seguridad<\/span><\/p>\n<p style=\"text-align:left;\">\n<p style=\"text-align:left;\"><span style=\"color: rgb(73,80,87);background-color: rgb(255,255,255);font-size: 15px;font-family: Inter, sans-serif;\">Financiamiento disponible!!<\/span>&nbsp;<\/p>\n","protected":false},"excerpt":{"rendered":"<p>Disfruta de la frescura y tranquilidad que ofrece la localidad de Las Cejas en San Francisco de Macor\u00eds, en este hermoso residencial, ubicado en una urbanizaci\u00f3n cerrada con garita y control de acceso.<\/p>\n<p>En una zona libre de congestionamiento vehicular o &#8220;tapones&#8221;.<br \/>\nA s\u00f3lo 4 minutos de la Av. Pte Antonio Guzm\u00e1n Fern\u00e1ndez, 5 minutos de Palacio<\/p>\n","protected":false},"featured_media":0,"template":"","meta":{"_acf_changed":false},"categories":[],"tags":[],"desarrollador":[],"comprar-propiedades":[11],"operacion":[3],"tipo-de-inmueble":[6],"provincia":[62],"ciudad":[128],"sector":[403],"class_list":["post-5816","propiedad","type-propiedad","status-publish","hentry","comprar-propiedades-listas","operacion-comprar","tipo-de-inmueble-apartamentos","provincia-duarte","ciudad-san-francisco-de-macoris","sector-las-cejas"],"acf":{"inmueble_destacado":null,"inmueble_vendido":"1","uid_propiedad":"","cid_propiedad":"1265","operacion_project":"3","tipo_de_inmueble":"6","estado_project":"11","entrega_project":null,"provincia_project":"62","ciudad_project":"128","sector_project":"403","moneda_project":"DOP","price_project":"6890000","price_project_hasta":null,"ae_precio_de_venta":"6,890,000.00","ae_precio_alquiler":"","ae_precio_renta_temporal":"","ae_precio_alquier_amueblado":"","ae_precio_venta_amueblado":"","ae_precio_mantenimiento":"","ae_precio_separacion":"5,000.00","m_construccion_project":"130.00","m_construccion_terreno":"","banos_project":"2.00","parqueo_project":"2","habitacion_project":"3","proyecto_max_de_banos":null,"proyecto_max_de_parqueo":null,"proyecto_max_de_area":null,"proyecto_max_de_habitaciones":null,"proyecto_precio_max":null,"proyecto_moneda_precio_max":null,"proyecto_min_de_banos":null,"proyecto_min_de_parqueos":null,"proyecto_min_de_area":null,"proyecto_min_de_habitaciones":null,"proyecto_precio_min":null,"proyecto_moneda_precio_min":null,"url_imagen_destacada":"https:\/\/d2p0bx8wfdkjkb.cloudfront.net\/static\/properties\/QQFN30K8GL\/79HLK4TSVH\/rYccxeeTKi\/Paradisso_ext_01.jpg","url_gallery_1":"","url_gallery_2":"","url_gallery_3":"","url_gallery_4":"","url_gallery_5":"","url_video_de_youtube":null,"gallery_project":null,"gallery_repeater":null,"agente_responsable":"","agentes":null,"amenidades_del_inmueble":null,"areas_comunes_del_inmueble":null,"lugares_cercanos_al_inmueble":null,"plan_de_pagos":null,"unidades_disponibles":null,"opciones_del_proyecto":null,"propiedades_similares":null,"google_map_iframe":null,"convertir_en_landing_page":null,"titulo_breve":null,"breve_descripcion":null,"amenidades_destacadas":null,"galeria_cover":null},"_links":{"self":[{"href":"https:\/\/mrhome.com.do\/en\/wp-json\/wp\/v2\/propiedad\/5816","targetHints":{"allow":["GET"]}}],"collection":[{"href":"https:\/\/mrhome.com.do\/en\/wp-json\/wp\/v2\/propiedad"}],"about":[{"href":"https:\/\/mrhome.com.do\/en\/wp-json\/wp\/v2\/types\/propiedad"}],"wp:attachment":[{"href":"https:\/\/mrhome.com.do\/en\/wp-json\/wp\/v2\/media?parent=5816"}],"wp:term":[{"taxonomy":"category","embeddable":true,"href":"https:\/\/mrhome.com.do\/en\/wp-json\/wp\/v2\/categories?post=5816"},{"taxonomy":"post_tag","embeddable":true,"href":"https:\/\/mrhome.com.do\/en\/wp-json\/wp\/v2\/tags?post=5816"},{"taxonomy":"desarrollador","embeddable":true,"href":"https:\/\/mrhome.com.do\/en\/wp-json\/wp\/v2\/desarrollador?post=5816"},{"taxonomy":"comprar-propiedades","embeddable":true,"href":"https:\/\/mrhome.com.do\/en\/wp-json\/wp\/v2\/comprar-propiedades?post=5816"},{"taxonomy":"operacion","embeddable":true,"href":"https:\/\/mrhome.com.do\/en\/wp-json\/wp\/v2\/operacion?post=5816"},{"taxonomy":"tipo-de-inmueble","embeddable":true,"href":"https:\/\/mrhome.com.do\/en\/wp-json\/wp\/v2\/tipo-de-inmueble?post=5816"},{"taxonomy":"provincia","embeddable":true,"href":"https:\/\/mrhome.com.do\/en\/wp-json\/wp\/v2\/provincia?post=5816"},{"taxonomy":"ciudad","embeddable":true,"href":"https:\/\/mrhome.com.do\/en\/wp-json\/wp\/v2\/ciudad?post=5816"},{"taxonomy":"sector","embeddable":true,"href":"https:\/\/mrhome.com.do\/en\/wp-json\/wp\/v2\/sector?post=5816"}],"curies":[{"name":"wp","href":"https:\/\/api.w.org\/{rel}","templated":true}]}}

EN OFERTA: Amplios Penthouses en planos (construcción en blocks) en Las Cejas, SFM

<p style="text-align:left;"><span style="color: rgb(73,80,87);background-color: rgb(255,255,255);font-size: 15px;font-family: Inter, sans-serif;">Disfruta de la frescura y tranquilidad que ofrece la localidad de Las Cejas en San Francisco de Macorís, en este hermoso residencial, ubicado en una urbanización cerrada con garita y control de acceso.</span></p>
<p style="text-align:left;">
<p style="text-align:left;"><span style="color: rgb(73,80,87);background-color: rgb(255,255,255);font-size: 15px;font-family: Inter, sans-serif;">En una zona libre de congestionamiento vehicular o &#8220;tapones&#8221;.</span></p>
<p style="text-align:left;"><span style="color: rgb(73,80,87);background-color: rgb(255,255,255);font-size: 15px;font-family: Inter, sans-serif;">A sólo 4 minutos de la Av. Pte Antonio Guzmán Fernández, 5 minutos de Palacio del cine, Burger King, Pizza Hut y unos 10 minutos de Palmares Mall y todos los demás bancos, farmacias, bares y restaurantes de la zona Salida a Sto. Dgo. Y a sólo 12 minutos del centro de la ciudad.</span></p>
<p style="text-align:left;">
<p style="text-align:left;"><span style="color: rgb(73,80,87);background-color: rgb(255,255,255);font-size: 15px;font-family: Inter, sans-serif;">Para fines de inversión, se presta a ser alquilado amueblado (AirBnb).</span></p>
<p style="text-align:left;"><span style="color: rgb(73,80,87);background-color: rgb(255,255,255);font-size: 15px;font-family: Inter, sans-serif;">CARACTERÍSTICAS:</span></p>
<p style="text-align:left;"><span style="color: rgb(73,80,87);background-color: rgb(255,255,255);font-size: 15px;font-family: Inter, sans-serif;">&#8211; 3 habitaciones (Principal con walking closet y baño privado)</span></p>
<p style="text-align:left;"><span style="color: rgb(73,80,87);background-color: rgb(255,255,255);font-size: 15px;font-family: Inter, sans-serif;">&#8211; 2.5 baños</span></p>
<p style="text-align:left;"><span style="color: rgb(73,80,87);background-color: rgb(255,255,255);font-size: 15px;font-family: Inter, sans-serif;">&#8211; 2 parqueos</span></p>
<p style="text-align:left;"><span style="color: rgb(73,80,87);background-color: rgb(255,255,255);font-size: 15px;font-family: Inter, sans-serif;">&#8211; Sala</span></p>
<p style="text-align:left;"><span style="color: rgb(73,80,87);background-color: rgb(255,255,255);font-size: 15px;font-family: Inter, sans-serif;">&#8211; Comedor</span></p>
<p style="text-align:left;"><span style="color: rgb(73,80,87);background-color: rgb(255,255,255);font-size: 15px;font-family: Inter, sans-serif;">&#8211; Cocina con isleta</span></p>
<p style="text-align:left;"><span style="color: rgb(73,80,87);background-color: rgb(255,255,255);font-size: 15px;font-family: Inter, sans-serif;">&#8211; Área de lavado</span></p>
<p style="text-align:left;"><span style="color: rgb(73,80,87);background-color: rgb(255,255,255);font-size: 15px;font-family: Inter, sans-serif;">&#8211; Balcón</span></p>
<p style="text-align:left;">
<p style="text-align:left;"><span style="color: rgb(73,80,87);background-color: rgb(255,255,255);font-size: 15px;font-family: Inter, sans-serif;">DETALLES DE TERMINACIÓN:</span></p>
<p style="text-align:left;"><span style="color: rgb(73,80,87);background-color: rgb(255,255,255);font-size: 15px;font-family: Inter, sans-serif;">• Pre-instalación de tinacos.</span></p>
<p style="text-align:left;"><span style="color: rgb(73,80,87);background-color: rgb(255,255,255);font-size: 15px;font-family: Inter, sans-serif;">• Pre-instalación aire acondicionado.</span></p>
<p style="text-align:left;"><span style="color: rgb(73,80,87);background-color: rgb(255,255,255);font-size: 15px;font-family: Inter, sans-serif;">• Madera preciosa</span></p>
<p style="text-align:left;"><span style="color: rgb(73,80,87);background-color: rgb(255,255,255);font-size: 15px;font-family: Inter, sans-serif;">• Pisos en porcelanato.</span></p>
<p style="text-align:left;"><span style="color: rgb(73,80,87);background-color: rgb(255,255,255);font-size: 15px;font-family: Inter, sans-serif;">• Portón eléctrico y cámaras de seguridad</span></p>
<p style="text-align:left;">
<p style="text-align:left;"><span style="color: rgb(73,80,87);background-color: rgb(255,255,255);font-size: 15px;font-family: Inter, sans-serif;">Financiamiento disponible!!</span>&nbsp;</p>

<p>Disfruta de la frescura y tranquilidad que ofrece la localidad de Las Cejas en San Francisco de Macorís, en este hermoso residencial, ubicado en una urbanización cerrada con garita y control de acceso.</p>
<p>En una zona libre de congestionamiento vehicular o &#8220;tapones&#8221;.<br />
A sólo 4 minutos de la Av. Pte Antonio Guzmán Fernández, 5 minutos de Palacio</p>
