{"id":5659,"date":"2022-09-29T00:00:00","date_gmt":"2022-09-29T04:00:00","guid":{"rendered":"https:\/\/mrhomeweb.rtlsmedia.com\/propiedad\/local-comercial-234mts-en-naco\/"},"modified":"2025-09-23T16:29:05","modified_gmt":"2025-09-23T20:29:05","slug":"local-comercial-234mts-en-naco","status":"publish","type":"propiedad","link":"https:\/\/mrhome.com.do\/en\/propiedad\/local-comercial-234mts-en-naco\/","title":{"rendered":"Local comercial 234mts en Naco"},"content":{"rendered":"<p><strong><ins> Edificio Incluye: <\/ins><\/strong><\/p>\n<\/p>\n<p><span style=\"font-family: Symbol;\">\u00b7<\/span> Planta el\u00e9ctrica en horario de 7:30 am a<br \/>6:30 pm en d\u00edas laborables.&nbsp;<\/p>\n<p><span style=\"font-family: Symbol;\">\u00b7<\/span> Recepcionista com\u00fan de 8:00 am a 6:00 pm<br \/>en dias laborables.&nbsp;<\/p>\n<p><span style=\"font-family: Symbol;\">\u00b7<\/span> Ascensor.&nbsp;<\/p>\n<p><span style=\"font-family: Symbol;\">\u00b7<\/span> Escalera de acceso.&nbsp;<\/p>\n<p><span style=\"font-family: Symbol;\">\u00b7<\/span> Limpieza y jardiner\u00eda de \u00e1reas comunes.&nbsp;<\/p>\n<p><span style=\"font-family: Symbol;\">\u00b7<\/span> Cuidador nocturno (de 7:00 pm a 7:00 am,<br \/>salvo los lunes).&nbsp;<\/p>\n<p><span style=\"font-family: Symbol;\">\u00b7<\/span> Sistema de medici\u00f3n de energ\u00eda com\u00fan, con<br \/>medidor de energ\u00eda por piso.&nbsp;<\/p>\n<p><span style=\"font-family: Symbol;\">\u00b7<\/span> Sistema de alarma en \u00e1reas comunes.&nbsp;<\/p>\n<p>&nbsp;&nbsp;<\/p>\n<p><strong><ins>Local incluye: <\/ins><\/strong><\/p>\n<\/p>\n<p><span style=\"font-family: Symbol;\">\u00b7<\/span> Cortinas tipo persianas de aluminio en las<br \/>ventanas.&nbsp;<\/p>\n<p><span style=\"font-family: Symbol;\">\u00b7<\/span> Cortinas tipo permas en \u00e1rea de recepci\u00f3n.&nbsp;<\/p>\n<p><span style=\"font-family: Symbol;\">\u00b7<\/span> Sistema de aires acondicionados de 5<br \/>toneladas cada uno.&nbsp;<\/p>\n<p><span style=\"font-family: Symbol;\">\u00b7<\/span> Puertas de madera preciosa y vidrio&nbsp;<\/p>\n<p><span style=\"font-family: Symbol;\">\u00b7<\/span> Paredes en contrachapado de madera de<br \/>cerezo en la recepci\u00f3n y sal\u00f3n conferencias.&nbsp;<\/p>\n<p><span style=\"font-family: Symbol;\">\u00b7<\/span> Pisos en laminado imitaci\u00f3n madera y<br \/>porcelanato.&nbsp;<\/p>\n<p><span style=\"font-family: Symbol;\">\u00b7<\/span> Techos en plafond y sheetrock&nbsp;<\/p>\n<p><span style=\"font-family: Symbol;\">\u00b7<\/span> Area de divisiones en sheetrock y varias<br \/>oficinas&nbsp;<\/p>\n<p><span style=\"font-family: Symbol;\">\u00b7<\/span> Ba\u00f1os de damas y caballeros; ba\u00f1o para<br \/>ejecutivos (3 ba\u00f1os en total)&nbsp;<\/p>\n<p><span style=\"font-family: Symbol;\">\u00b7<\/span> kichenette&nbsp;<\/p>\n<p><span style=\"font-family: Symbol;\">\u00b7<\/span> L\u00e1mparas e iluminaci\u00f3n de techos.&nbsp;<\/p>\n<p><span style=\"font-family: Symbol;\">\u00b7<\/span> Cableado de data y tel\u00e9fono con sus<br \/>accesorios.&nbsp;<\/p>\n<p><span style=\"font-family: Symbol;\">\u00b7<\/span> Sistema de alarma disponible.&nbsp;&nbsp;<\/p>\n","protected":false},"excerpt":{"rendered":"<p>Edificio Incluye: <\/p>\n<p>\u00b7 Planta el\u00e9ctrica en horario de 7:30 am a6:30 pm en d\u00edas laborables.&nbsp;<br \/>\n\u00b7 Recepcionista com\u00fan de 8:00 am a 6:00 pmen dias laborables.&nbsp;<br \/>\n\u00b7 Ascensor.&nbsp;<br \/>\n\u00b7 Escalera de acceso.&nbsp;<br \/>\n\u00b7 Limpieza y jardiner\u00eda de \u00e1reas comunes.&nbsp;<br \/>\n\u00b7 Cuidador nocturno (de 7:00 pm a 7:00 am,salvo los lunes).&nbsp;<br \/>\n\u00b7 Sistema de medici\u00f3n de energ\u00eda com\u00fan, conmedidor de energ\u00eda por<\/p>\n","protected":false},"featured_media":0,"template":"","meta":{"_acf_changed":false},"categories":[],"tags":[],"desarrollador":[],"comprar-propiedades":[11],"operacion":[4],"tipo-de-inmueble":[26],"provincia":[15],"ciudad":[16],"sector":[307],"class_list":["post-5659","propiedad","type-propiedad","status-publish","hentry","comprar-propiedades-listas","operacion-alquilar","tipo-de-inmueble-locales-comerciales","provincia-santo-domingo-de-guzman","ciudad-santo-domingo-d-n","sector-ensanche-naco"],"acf":{"inmueble_destacado":null,"inmueble_vendido":"0","uid_propiedad":"","cid_propiedad":"410888","operacion_project":"4","tipo_de_inmueble":"26","estado_project":"11","entrega_project":null,"provincia_project":"15","ciudad_project":"16","sector_project":"307","moneda_project":"DOP","price_project":"6500","price_project_hasta":null,"ae_precio_de_venta":"","ae_precio_alquiler":"6,500.00","ae_precio_renta_temporal":"","ae_precio_alquier_amueblado":"","ae_precio_venta_amueblado":"","ae_precio_mantenimiento":"","ae_precio_separacion":"","m_construccion_project":"286.00","m_construccion_terreno":"","banos_project":"2.00","parqueo_project":"6","habitacion_project":"","proyecto_max_de_banos":null,"proyecto_max_de_parqueo":null,"proyecto_max_de_area":null,"proyecto_max_de_habitaciones":null,"proyecto_precio_max":null,"proyecto_moneda_precio_max":null,"proyecto_min_de_banos":null,"proyecto_min_de_parqueos":null,"proyecto_min_de_area":null,"proyecto_min_de_habitaciones":null,"proyecto_precio_min":null,"proyecto_moneda_precio_min":null,"url_imagen_destacada":"https:\/\/d2p0bx8wfdkjkb.cloudfront.net\/static\/properties\/SD1VYND9UU\/8TANCOP7PG\/RMiSduQf5x\/74D1BC77-73A4-4D0B-9E92-924C6BF67937.jpeg","url_gallery_1":"https:\/\/d2p0bx8wfdkjkb.cloudfront.net\/static\/properties\/SD1VYND9UU\/L1L5NI5JPN\/N7NVtxH2ug\/0064CFC3-D174-4F23-AE07-6C37DD40C13F.jpeg","url_gallery_2":"https:\/\/d2p0bx8wfdkjkb.cloudfront.net\/static\/properties\/SD1VYND9UU\/S0HEDAD7FL\/B8QgEuPBjN\/9CC2F7FE-269F-4FBF-849E-2BA88FDF5D44.jpeg","url_gallery_3":"https:\/\/d2p0bx8wfdkjkb.cloudfront.net\/static\/properties\/SD1VYND9UU\/10YOXROJLS\/u9aLxkDDgu\/02354734-3705-4B3B-8EC4-221C791AD882.jpeg","url_gallery_4":"https:\/\/d2p0bx8wfdkjkb.cloudfront.net\/static\/properties\/SD1VYND9UU\/BG2LCXUD4O\/ZjvUbm68gZ\/854CDEED-BFC6-4FB3-8DA9-1AB4AF1C913C.jpeg","url_gallery_5":"https:\/\/d2p0bx8wfdkjkb.cloudfront.net\/static\/properties\/SD1VYND9UU\/OKRWHF9L3S\/7sNdLDGxQB\/7C723A27-7557-4FD1-B140-859883E96900.jpeg","url_video_de_youtube":null,"gallery_project":null,"gallery_repeater":null,"agente_responsable":"417","agentes":null,"amenidades_del_inmueble":null,"areas_comunes_del_inmueble":null,"lugares_cercanos_al_inmueble":null,"plan_de_pagos":null,"unidades_disponibles":null,"opciones_del_proyecto":null,"propiedades_similares":null,"google_map_iframe":null,"convertir_en_landing_page":null,"titulo_breve":null,"breve_descripcion":null,"amenidades_destacadas":null,"galeria_cover":null},"_links":{"self":[{"href":"https:\/\/mrhome.com.do\/en\/wp-json\/wp\/v2\/propiedad\/5659","targetHints":{"allow":["GET"]}}],"collection":[{"href":"https:\/\/mrhome.com.do\/en\/wp-json\/wp\/v2\/propiedad"}],"about":[{"href":"https:\/\/mrhome.com.do\/en\/wp-json\/wp\/v2\/types\/propiedad"}],"wp:attachment":[{"href":"https:\/\/mrhome.com.do\/en\/wp-json\/wp\/v2\/media?parent=5659"}],"wp:term":[{"taxonomy":"category","embeddable":true,"href":"https:\/\/mrhome.com.do\/en\/wp-json\/wp\/v2\/categories?post=5659"},{"taxonomy":"post_tag","embeddable":true,"href":"https:\/\/mrhome.com.do\/en\/wp-json\/wp\/v2\/tags?post=5659"},{"taxonomy":"desarrollador","embeddable":true,"href":"https:\/\/mrhome.com.do\/en\/wp-json\/wp\/v2\/desarrollador?post=5659"},{"taxonomy":"comprar-propiedades","embeddable":true,"href":"https:\/\/mrhome.com.do\/en\/wp-json\/wp\/v2\/comprar-propiedades?post=5659"},{"taxonomy":"operacion","embeddable":true,"href":"https:\/\/mrhome.com.do\/en\/wp-json\/wp\/v2\/operacion?post=5659"},{"taxonomy":"tipo-de-inmueble","embeddable":true,"href":"https:\/\/mrhome.com.do\/en\/wp-json\/wp\/v2\/tipo-de-inmueble?post=5659"},{"taxonomy":"provincia","embeddable":true,"href":"https:\/\/mrhome.com.do\/en\/wp-json\/wp\/v2\/provincia?post=5659"},{"taxonomy":"ciudad","embeddable":true,"href":"https:\/\/mrhome.com.do\/en\/wp-json\/wp\/v2\/ciudad?post=5659"},{"taxonomy":"sector","embeddable":true,"href":"https:\/\/mrhome.com.do\/en\/wp-json\/wp\/v2\/sector?post=5659"}],"curies":[{"name":"wp","href":"https:\/\/api.w.org\/{rel}","templated":true}]}}

<p><strong><ins> Edificio Incluye: </ins></strong></p>
</p>
<p><span style="font-family: Symbol;">·</span> Planta eléctrica en horario de 7:30 am a<br />6:30 pm en días laborables.&nbsp;</p>
<p><span style="font-family: Symbol;">·</span> Recepcionista común de 8:00 am a 6:00 pm<br />en dias laborables.&nbsp;</p>
<p><span style="font-family: Symbol;">·</span> Ascensor.&nbsp;</p>
<p><span style="font-family: Symbol;">·</span> Escalera de acceso.&nbsp;</p>
<p><span style="font-family: Symbol;">·</span> Limpieza y jardinería de áreas comunes.&nbsp;</p>
<p><span style="font-family: Symbol;">·</span> Cuidador nocturno (de 7:00 pm a 7:00 am,<br />salvo los lunes).&nbsp;</p>
<p><span style="font-family: Symbol;">·</span> Sistema de medición de energía común, con<br />medidor de energía por piso.&nbsp;</p>
<p><span style="font-family: Symbol;">·</span> Sistema de alarma en áreas comunes.&nbsp;</p>
<p>&nbsp;&nbsp;</p>
<p><strong><ins>Local incluye: </ins></strong></p>
</p>
<p><span style="font-family: Symbol;">·</span> Cortinas tipo persianas de aluminio en las<br />ventanas.&nbsp;</p>
<p><span style="font-family: Symbol;">·</span> Cortinas tipo permas en área de recepción.&nbsp;</p>
<p><span style="font-family: Symbol;">·</span> Sistema de aires acondicionados de 5<br />toneladas cada uno.&nbsp;</p>
<p><span style="font-family: Symbol;">·</span> Puertas de madera preciosa y vidrio&nbsp;</p>
<p><span style="font-family: Symbol;">·</span> Paredes en contrachapado de madera de<br />cerezo en la recepción y salón conferencias.&nbsp;</p>
<p><span style="font-family: Symbol;">·</span> Pisos en laminado imitación madera y<br />porcelanato.&nbsp;</p>
<p><span style="font-family: Symbol;">·</span> Techos en plafond y sheetrock&nbsp;</p>
<p><span style="font-family: Symbol;">·</span> Area de divisiones en sheetrock y varias<br />oficinas&nbsp;</p>
<p><span style="font-family: Symbol;">·</span> Baños de damas y caballeros; baño para<br />ejecutivos (3 baños en total)&nbsp;</p>
<p><span style="font-family: Symbol;">·</span> kichenette&nbsp;</p>
<p><span style="font-family: Symbol;">·</span> Lámparas e iluminación de techos.&nbsp;</p>
<p><span style="font-family: Symbol;">·</span> Cableado de data y teléfono con sus<br />accesorios.&nbsp;</p>
<p><span style="font-family: Symbol;">·</span> Sistema de alarma disponible.&nbsp;&nbsp;</p>

<p>Edificio Incluye: </p>
<p>· Planta eléctrica en horario de 7:30 am a6:30 pm en días laborables.&nbsp;<br />
· Recepcionista común de 8:00 am a 6:00 pmen dias laborables.&nbsp;<br />
· Ascensor.&nbsp;<br />
· Escalera de acceso.&nbsp;<br />
· Limpieza y jardinería de áreas comunes.&nbsp;<br />
· Cuidador nocturno (de 7:00 pm a 7:00 am,salvo los lunes).&nbsp;<br />
· Sistema de medición de energía común, conmedidor de energía por</p>
