{"id":5547,"date":"2023-01-17T00:00:00","date_gmt":"2023-01-17T04:00:00","guid":{"rendered":"https:\/\/mrhomeweb.rtlsmedia.com\/propiedad\/terreno-hotelero-en-playa-ballena-las-terrenas\/"},"modified":"2025-09-23T16:27:26","modified_gmt":"2025-09-23T20:27:26","slug":"terreno-hotelero-en-playa-ballena-las-terrenas","status":"publish","type":"propiedad","link":"https:\/\/mrhome.com.do\/en\/propiedad\/terreno-hotelero-en-playa-ballena-las-terrenas\/","title":{"rendered":"Terreno hotelero en playa Ballena, Las Terrenas"},"content":{"rendered":"<p>Amplio terreno con vocaci\u00f3n hotelera o para desarrollo inmobiliario en una ubicaci\u00f3n preferencial en Las Terrenas, Saman\u00e1.&nbsp;<\/p>\n<\/p>\n<p>Ubicado frente a playa Las Ballenas, con vista al mar, y una extensi\u00f3n territorial de 17,516.89 metros cuadrados, con una estructura hotelera en desuso (apta para habilitar y\/o remodelar) con m\u00e1s de 100 habitaciones, cada una con ba\u00f1o privado. Cuenta con grandes jardines, amplia piscina, sal\u00f3n de eventos, \u00e1rea de recepci\u00f3n, comedor, cocina, \u00e1rea de lavander\u00eda y dem\u00e1s instalaciones.&nbsp;<\/p>\n<\/p>\n<p>Si eres inversionista y\/o desarrollador inmobiliario, este terreno es una excelente oportunidad.&nbsp;<\/p>\n","protected":false},"excerpt":{"rendered":"<p>Amplio terreno con vocaci\u00f3n hotelera o para desarrollo inmobiliario en una ubicaci\u00f3n preferencial en Las Terrenas, Saman\u00e1.&nbsp;<\/p>\n<p>Ubicado frente a playa Las Ballenas, con vista al mar, y una extensi\u00f3n territorial de 17,516.89 metros cuadrados, con una estructura hotelera en desuso (apta para habilitar y\/o remodelar) con m\u00e1s de 100 habitaciones, cada una con ba\u00f1o privado.<\/p>\n","protected":false},"featured_media":0,"template":"","meta":{"_acf_changed":false},"categories":[],"tags":[],"desarrollador":[],"comprar-propiedades":[11],"operacion":[3],"tipo-de-inmueble":[58],"provincia":[74],"ciudad":[106],"sector":[399],"class_list":["post-5547","propiedad","type-propiedad","status-publish","hentry","comprar-propiedades-listas","operacion-comprar","tipo-de-inmueble-terrenos","provincia-samana","ciudad-las-terrenas","sector-las-ballenas"],"acf":{"inmueble_destacado":null,"inmueble_vendido":"0","uid_propiedad":"","cid_propiedad":"412108","operacion_project":"3","tipo_de_inmueble":"58","estado_project":"11","entrega_project":null,"provincia_project":"74","ciudad_project":"106","sector_project":"399","moneda_project":"USD","price_project":"10510134","price_project_hasta":null,"ae_precio_de_venta":"10,510,134.00","ae_precio_alquiler":"","ae_precio_renta_temporal":"","ae_precio_alquier_amueblado":"","ae_precio_venta_amueblado":"","ae_precio_mantenimiento":"","ae_precio_separacion":"","m_construccion_project":"","m_construccion_terreno":"17516.89","banos_project":"","parqueo_project":"","habitacion_project":"","proyecto_max_de_banos":null,"proyecto_max_de_parqueo":null,"proyecto_max_de_area":null,"proyecto_max_de_habitaciones":null,"proyecto_precio_max":null,"proyecto_moneda_precio_max":null,"proyecto_min_de_banos":null,"proyecto_min_de_parqueos":null,"proyecto_min_de_area":null,"proyecto_min_de_habitaciones":null,"proyecto_precio_min":null,"proyecto_moneda_precio_min":null,"url_imagen_destacada":"https:\/\/d2p0bx8wfdkjkb.cloudfront.net\/static\/properties\/SD1VYND9UU\/OR8CZ4RUAP\/NCerhhQVDJ\/ICON_SOLAR.jpg","url_gallery_1":"https:\/\/d2p0bx8wfdkjkb.cloudfront.net\/static\/properties\/SD1VYND9UU\/GUVIW42E23\/Smir3f26Wu\/WhatsApp_Image_2023-01-17_at_11.08.23_AM_1.jpeg","url_gallery_2":"https:\/\/d2p0bx8wfdkjkb.cloudfront.net\/static\/properties\/SD1VYND9UU\/Z4I9WGF2GI\/UJkYz5hsZq\/WhatsApp_Image_2023-01-17_at_11.08.22_AM_1.jpeg","url_gallery_3":"https:\/\/d2p0bx8wfdkjkb.cloudfront.net\/static\/properties\/SD1VYND9UU\/0KBSG3274B\/BEfJngSUUz\/WhatsApp_Image_2023-01-17_at_11.08.21_AM.jpeg","url_gallery_4":"https:\/\/d2p0bx8wfdkjkb.cloudfront.net\/static\/properties\/SD1VYND9UU\/7FPONS1ZC1\/rDzt6HUNwj\/WhatsApp_Image_2023-01-17_at_11.08.21_AM_2.jpeg","url_gallery_5":"https:\/\/d2p0bx8wfdkjkb.cloudfront.net\/static\/properties\/SD1VYND9UU\/45N0CF206N\/VZUi3BZMct\/WhatsApp_Image_2023-01-17_at_11.08.21_AM_1.jpeg","url_video_de_youtube":null,"gallery_project":null,"gallery_repeater":null,"agente_responsable":"455","agentes":null,"amenidades_del_inmueble":null,"areas_comunes_del_inmueble":null,"lugares_cercanos_al_inmueble":null,"plan_de_pagos":null,"unidades_disponibles":null,"opciones_del_proyecto":null,"propiedades_similares":null,"google_map_iframe":null,"convertir_en_landing_page":null,"titulo_breve":null,"breve_descripcion":null,"amenidades_destacadas":null,"galeria_cover":null},"_links":{"self":[{"href":"https:\/\/mrhome.com.do\/en\/wp-json\/wp\/v2\/propiedad\/5547","targetHints":{"allow":["GET"]}}],"collection":[{"href":"https:\/\/mrhome.com.do\/en\/wp-json\/wp\/v2\/propiedad"}],"about":[{"href":"https:\/\/mrhome.com.do\/en\/wp-json\/wp\/v2\/types\/propiedad"}],"wp:attachment":[{"href":"https:\/\/mrhome.com.do\/en\/wp-json\/wp\/v2\/media?parent=5547"}],"wp:term":[{"taxonomy":"category","embeddable":true,"href":"https:\/\/mrhome.com.do\/en\/wp-json\/wp\/v2\/categories?post=5547"},{"taxonomy":"post_tag","embeddable":true,"href":"https:\/\/mrhome.com.do\/en\/wp-json\/wp\/v2\/tags?post=5547"},{"taxonomy":"desarrollador","embeddable":true,"href":"https:\/\/mrhome.com.do\/en\/wp-json\/wp\/v2\/desarrollador?post=5547"},{"taxonomy":"comprar-propiedades","embeddable":true,"href":"https:\/\/mrhome.com.do\/en\/wp-json\/wp\/v2\/comprar-propiedades?post=5547"},{"taxonomy":"operacion","embeddable":true,"href":"https:\/\/mrhome.com.do\/en\/wp-json\/wp\/v2\/operacion?post=5547"},{"taxonomy":"tipo-de-inmueble","embeddable":true,"href":"https:\/\/mrhome.com.do\/en\/wp-json\/wp\/v2\/tipo-de-inmueble?post=5547"},{"taxonomy":"provincia","embeddable":true,"href":"https:\/\/mrhome.com.do\/en\/wp-json\/wp\/v2\/provincia?post=5547"},{"taxonomy":"ciudad","embeddable":true,"href":"https:\/\/mrhome.com.do\/en\/wp-json\/wp\/v2\/ciudad?post=5547"},{"taxonomy":"sector","embeddable":true,"href":"https:\/\/mrhome.com.do\/en\/wp-json\/wp\/v2\/sector?post=5547"}],"curies":[{"name":"wp","href":"https:\/\/api.w.org\/{rel}","templated":true}]}}

<p>Amplio terreno con vocación hotelera o para desarrollo inmobiliario en una ubicación preferencial en Las Terrenas, Samaná.&nbsp;</p>
</p>
<p>Ubicado frente a playa Las Ballenas, con vista al mar, y una extensión territorial de 17,516.89 metros cuadrados, con una estructura hotelera en desuso (apta para habilitar y/o remodelar) con más de 100 habitaciones, cada una con baño privado. Cuenta con grandes jardines, amplia piscina, salón de eventos, área de recepción, comedor, cocina, área de lavandería y demás instalaciones.&nbsp;</p>
</p>
<p>Si eres inversionista y/o desarrollador inmobiliario, este terreno es una excelente oportunidad.&nbsp;</p>

<p>Amplio terreno con vocación hotelera o para desarrollo inmobiliario en una ubicación preferencial en Las Terrenas, Samaná.&nbsp;</p>
<p>Ubicado frente a playa Las Ballenas, con vista al mar, y una extensión territorial de 17,516.89 metros cuadrados, con una estructura hotelera en desuso (apta para habilitar y/o remodelar) con más de 100 habitaciones, cada una con baño privado.</p>
