{"id":5393,"date":"2023-05-30T00:00:00","date_gmt":"2023-05-30T04:00:00","guid":{"rendered":"https:\/\/mrhomeweb.rtlsmedia.com\/propiedad\/solar-en-jarabacoa-mountain-garden\/"},"modified":"2025-09-23T16:25:09","modified_gmt":"2025-09-23T20:25:09","slug":"solar-en-jarabacoa-mountain-garden","status":"publish","type":"propiedad","link":"https:\/\/mrhome.com.do\/en\/propiedad\/solar-en-jarabacoa-mountain-garden\/","title":{"rendered":"Solar en Jarabacoa Mountain Garden"},"content":{"rendered":"<p style=\"text-align:justify;\">&nbsp;<span style=\"color: rgb(73,80,87);background-color: white;font-size: 11.5pt;\">Este proyecto est\u00e1 ubicado en el tope de la monta\u00f1a a una distancia de 3 kil\u00f3metros del pueblo. Nuestro proyecto es totalmente ecotur\u00edstico siendo ideal para la construcci\u00f3n de caba\u00f1as vacacionales de monta\u00f1a.<\/span>&nbsp;<\/p>\n<p style=\"text-align:justify;\"><span style=\"color: rgb(73,80,87);background-color: white;font-size: 11.5pt;\">Cercano al Restaurante Balc\u00f3n, con su Chef Langille se mud\u00f3 desde Nueva York, donde trabaj\u00f3 en afamados restaurantes, algunos poseedores de estrellas Michelin.<\/span>&nbsp;<\/p>\n<p style=\"text-align:justify;\">&nbsp;&nbsp;<\/p>\n<p style=\"text-align:justify;\"><span style=\"color: rgb(73,80,87);background-color: white;font-size: 11.5pt;\">Con impresionantes vistas a las monta\u00f1as y al pueblo de Jarabacoa. <\/span>&nbsp;<\/p>\n<p style=\"text-align:justify;\">&nbsp;&nbsp;<\/p>\n<p style=\"text-align:justify;\"><span style=\"color: rgb(73,80,87);background-color: white;font-size: 11.5pt;\">Somos un Proyecto Ecol\u00f3gico cuyo objetivo principal es la preservaci\u00f3n de nuestros bosques y fauna.<\/span>&nbsp;<\/p>\n<p style=\"text-align:justify;\">&nbsp;&nbsp;&nbsp;<\/p>\n","protected":false},"excerpt":{"rendered":"<p>&nbsp;Este proyecto est\u00e1 ubicado en el tope de la monta\u00f1a a una distancia de 3 kil\u00f3metros del pueblo. Nuestro proyecto es totalmente ecotur\u00edstico siendo ideal para la construcci\u00f3n de caba\u00f1as vacacionales de monta\u00f1a.&nbsp;<br \/>\nCercano al Restaurante Balc\u00f3n, con su Chef Langille se mud\u00f3 desde Nueva York, donde trabaj\u00f3 en afamados restaurantes, algunos poseedores de estrellas Michelin.&nbsp;<br \/>\n&nbsp;&nbsp;<br \/>\nCon<\/p>\n","protected":false},"featured_media":0,"template":"","meta":{"_acf_changed":false},"categories":[],"tags":[],"desarrollador":[],"comprar-propiedades":[11],"operacion":[3],"tipo-de-inmueble":[58],"provincia":[67],"ciudad":[100],"sector":[299],"class_list":["post-5393","propiedad","type-propiedad","status-publish","hentry","comprar-propiedades-listas","operacion-comprar","tipo-de-inmueble-terrenos","provincia-la-vega","ciudad-jarabacoa","sector-el-salto-de-jimenoa"],"acf":{"inmueble_destacado":null,"inmueble_vendido":"0","uid_propiedad":"","cid_propiedad":"413127","operacion_project":"3","tipo_de_inmueble":"58","estado_project":"11","entrega_project":null,"provincia_project":"67","ciudad_project":"100","sector_project":"299","moneda_project":"USD","price_project":"159360","price_project_hasta":null,"ae_precio_de_venta":"159,360.00","ae_precio_alquiler":"","ae_precio_renta_temporal":"","ae_precio_alquier_amueblado":"","ae_precio_venta_amueblado":"","ae_precio_mantenimiento":"","ae_precio_separacion":"","m_construccion_project":"","m_construccion_terreno":"2656.00","banos_project":"","parqueo_project":"","habitacion_project":"","proyecto_max_de_banos":null,"proyecto_max_de_parqueo":null,"proyecto_max_de_area":null,"proyecto_max_de_habitaciones":null,"proyecto_precio_max":null,"proyecto_moneda_precio_max":null,"proyecto_min_de_banos":null,"proyecto_min_de_parqueos":null,"proyecto_min_de_area":null,"proyecto_min_de_habitaciones":null,"proyecto_precio_min":null,"proyecto_moneda_precio_min":null,"url_imagen_destacada":"https:\/\/d2p0bx8wfdkjkb.cloudfront.net\/static\/properties\/SD1VYND9UU\/BWTTSVGOGL\/dAaGXr3gk5\/ICON_SOLAR.jpg","url_gallery_1":"https:\/\/d2p0bx8wfdkjkb.cloudfront.net\/static\/properties\/SD1VYND9UU\/CIS3RIY2HL\/Z6TcCyV8fc\/Captura_de_pantalla_2023-05-30_a_las_4.12.51_p.m..png","url_gallery_2":"","url_gallery_3":"","url_gallery_4":"","url_gallery_5":"","url_video_de_youtube":null,"gallery_project":null,"gallery_repeater":null,"agente_responsable":"497","agentes":null,"amenidades_del_inmueble":null,"areas_comunes_del_inmueble":null,"lugares_cercanos_al_inmueble":null,"plan_de_pagos":null,"unidades_disponibles":null,"opciones_del_proyecto":null,"propiedades_similares":null,"google_map_iframe":null,"convertir_en_landing_page":null,"titulo_breve":null,"breve_descripcion":null,"amenidades_destacadas":null,"galeria_cover":null},"_links":{"self":[{"href":"https:\/\/mrhome.com.do\/en\/wp-json\/wp\/v2\/propiedad\/5393","targetHints":{"allow":["GET"]}}],"collection":[{"href":"https:\/\/mrhome.com.do\/en\/wp-json\/wp\/v2\/propiedad"}],"about":[{"href":"https:\/\/mrhome.com.do\/en\/wp-json\/wp\/v2\/types\/propiedad"}],"wp:attachment":[{"href":"https:\/\/mrhome.com.do\/en\/wp-json\/wp\/v2\/media?parent=5393"}],"wp:term":[{"taxonomy":"category","embeddable":true,"href":"https:\/\/mrhome.com.do\/en\/wp-json\/wp\/v2\/categories?post=5393"},{"taxonomy":"post_tag","embeddable":true,"href":"https:\/\/mrhome.com.do\/en\/wp-json\/wp\/v2\/tags?post=5393"},{"taxonomy":"desarrollador","embeddable":true,"href":"https:\/\/mrhome.com.do\/en\/wp-json\/wp\/v2\/desarrollador?post=5393"},{"taxonomy":"comprar-propiedades","embeddable":true,"href":"https:\/\/mrhome.com.do\/en\/wp-json\/wp\/v2\/comprar-propiedades?post=5393"},{"taxonomy":"operacion","embeddable":true,"href":"https:\/\/mrhome.com.do\/en\/wp-json\/wp\/v2\/operacion?post=5393"},{"taxonomy":"tipo-de-inmueble","embeddable":true,"href":"https:\/\/mrhome.com.do\/en\/wp-json\/wp\/v2\/tipo-de-inmueble?post=5393"},{"taxonomy":"provincia","embeddable":true,"href":"https:\/\/mrhome.com.do\/en\/wp-json\/wp\/v2\/provincia?post=5393"},{"taxonomy":"ciudad","embeddable":true,"href":"https:\/\/mrhome.com.do\/en\/wp-json\/wp\/v2\/ciudad?post=5393"},{"taxonomy":"sector","embeddable":true,"href":"https:\/\/mrhome.com.do\/en\/wp-json\/wp\/v2\/sector?post=5393"}],"curies":[{"name":"wp","href":"https:\/\/api.w.org\/{rel}","templated":true}]}}

<p style="text-align:justify;">&nbsp;<span style="color: rgb(73,80,87);background-color: white;font-size: 11.5pt;">Este proyecto está ubicado en el tope de la montaña a una distancia de 3 kilómetros del pueblo. Nuestro proyecto es totalmente ecoturístico siendo ideal para la construcción de cabañas vacacionales de montaña.</span>&nbsp;</p>
<p style="text-align:justify;"><span style="color: rgb(73,80,87);background-color: white;font-size: 11.5pt;">Cercano al Restaurante Balcón, con su Chef Langille se mudó desde Nueva York, donde trabajó en afamados restaurantes, algunos poseedores de estrellas Michelin.</span>&nbsp;</p>
<p style="text-align:justify;">&nbsp;&nbsp;</p>
<p style="text-align:justify;"><span style="color: rgb(73,80,87);background-color: white;font-size: 11.5pt;">Con impresionantes vistas a las montañas y al pueblo de Jarabacoa. </span>&nbsp;</p>
<p style="text-align:justify;">&nbsp;&nbsp;</p>
<p style="text-align:justify;"><span style="color: rgb(73,80,87);background-color: white;font-size: 11.5pt;">Somos un Proyecto Ecológico cuyo objetivo principal es la preservación de nuestros bosques y fauna.</span>&nbsp;</p>
<p style="text-align:justify;">&nbsp;&nbsp;&nbsp;</p>

<p>&nbsp;Este proyecto está ubicado en el tope de la montaña a una distancia de 3 kilómetros del pueblo. Nuestro proyecto es totalmente ecoturístico siendo ideal para la construcción de cabañas vacacionales de montaña.&nbsp;<br />
Cercano al Restaurante Balcón, con su Chef Langille se mudó desde Nueva York, donde trabajó en afamados restaurantes, algunos poseedores de estrellas Michelin.&nbsp;<br />
&nbsp;&nbsp;<br />
Con</p>
