{"id":5126,"date":"2023-11-09T00:00:00","date_gmt":"2023-11-09T04:00:00","guid":{"rendered":"https:\/\/mrhomeweb.rtlsmedia.com\/propiedad\/altura-y-elegancia-descubre-la-exclusividad-del-segundo-edificio-mas-alto-de-santiago\/"},"modified":"2026-04-09T07:46:06","modified_gmt":"2026-04-09T11:46:06","slug":"torre-de-lujo","status":"publish","type":"propiedad","link":"https:\/\/mrhome.com.do\/en\/propiedad\/torre-de-lujo\/","title":{"rendered":"Altura y Elegancia: Descubre la Exclusividad del Segundo Edificio M\u00e1s Alto de Santiago"},"content":{"rendered":"<p><span style=\"font-size: 11pt;font-family: Calibri, sans-serif\">El segundo edificio m\u00e1s alto de la ciudad de Santiago con un dise\u00f1o arquitect\u00f3nico innovador y vanguardista. Una lujosa torre de 17 niveles de con las vistas m\u00e1s impresionantes y paradis\u00edacas de toda la ciudad.<\/span><\/p>\n<p><span style=\"font-size: 11pt;font-family: Calibri, sans-serif\">Apartamentos desde 141 a 170 mts\u00b2<\/span><\/p>\n<p><span style=\"font-size: 11pt;font-family: Calibri, sans-serif\">3 Hab.<\/span><br \/><span style=\"font-size: 11pt;font-family: Calibri, sans-serif\">2.5 ba\u00f1os<\/span><br \/><span style=\"font-size: 11pt;font-family: Calibri, sans-serif\">Habitaci\u00f3n Principal con ba\u00f1o y WC.<\/span><br \/><span style=\"font-size: 11pt;font-family: Calibri, sans-serif\">2 habs. secundarias con amplio closet.<\/span><br \/><span style=\"font-size: 11pt;font-family: Calibri, sans-serif\">Sala con vista panor\u00e1mica.<\/span><br \/><span style=\"font-size: 11pt;font-family: Calibri, sans-serif\">Sala de estar.<\/span><br \/><span style=\"font-size: 11pt;font-family: Calibri, sans-serif\">Amplio balc\u00f3n<\/span><br \/><span style=\"font-size: 11pt;font-family: Calibri, sans-serif\">Comedor<\/span><br \/><span style=\"font-size: 11pt;font-family: Calibri, sans-serif\">Cocina moderna<\/span><br \/><span style=\"font-size: 11pt;font-family: Calibri, sans-serif\">\u00c1rea de lavado<\/span><br \/><span style=\"font-size: 11pt;font-family: Calibri, sans-serif\">2 Parqueos techados<\/span><\/p>\n<p><span style=\"font-size: 11pt;font-family: Calibri, sans-serif\">AMENIDADES DEL PROYECTO<\/span><\/p>\n<p><span style=\"font-size: 11pt;font-family: Calibri, sans-serif\">Amplio Lobby Climatizado<\/span><br \/><span style=\"font-size: 11pt;font-family: Calibri, sans-serif\">Ba\u00f1o para empleados<\/span><br \/><span style=\"font-size: 11pt;font-family: Calibri, sans-serif\">Entrada peatonal con Control de acceso<\/span><br \/><span style=\"font-size: 11pt;font-family: Calibri, sans-serif\">Gimnasio<\/span><br \/><span style=\"font-size: 11pt;font-family: Calibri, sans-serif\">\u00c1rea Social<\/span><br \/><span style=\"font-size: 11pt;font-family: Calibri, sans-serif\">\u00c1rea de Juegos de Mesa<\/span><br \/><span style=\"font-size: 11pt;font-family: Calibri, sans-serif\">Terraza<\/span><br \/><span style=\"font-size: 11pt;font-family: Calibri, sans-serif\">Piscina<\/span><br \/><span style=\"font-size: 11pt;font-family: Calibri, sans-serif\">Family Room<\/span><br \/><span style=\"font-size: 11pt;font-family: Calibri, sans-serif\">Area BBQ<\/span><br \/><span style=\"font-size: 11pt;font-family: Calibri, sans-serif\">2 Ascensores \u00daltima Generaci\u00f3n.<\/span>&nbsp;<\/p>\n","protected":false},"excerpt":{"rendered":"<p>Vive en la lujosa torre de 17 niveles con el dise\u00f1o arquitect\u00f3nico m\u00e1s innovador de Santiago, ofreciendo apartamentos de 3 habitaciones, amplio balc\u00f3n y amenidades exclusivas, incluyendo gimnasio, piscina y \u00e1rea social.<\/p>\n","protected":false},"featured_media":0,"template":"","meta":{"_acf_changed":false},"categories":[],"tags":[],"desarrollador":[],"comprar-propiedades":[14],"operacion":[3],"tipo-de-inmueble":[6],"provincia":[27],"ciudad":[28],"sector":[172],"class_list":["post-5126","propiedad","type-propiedad","status-publish","hentry","comprar-propiedades-en-planos","operacion-comprar","tipo-de-inmueble-apartamentos","provincia-santiago","ciudad-santiago","sector-av-hispanoamericana"],"acf":{"agente_responsable":481,"amenidades_del_inmueble":[{"nombre":"Area de Lavado","icono":""},{"nombre":"\u00c1rea social","icono":""},{"nombre":"Balc\u00f3n","icono":""},{"nombre":"Ba\u00f1os","icono":""},{"nombre":"Cocina","icono":""},{"nombre":"Comedor","icono":""},{"nombre":"Family Room","icono":""},{"nombre":"Gimnasio","icono":""},{"nombre":"Lobby","icono":""},{"nombre":"Parqueos","icono":""},{"nombre":"Parqueos techados","icono":""},{"nombre":"Piscina","icono":""}]},"_links":{"self":[{"href":"https:\/\/mrhome.com.do\/en\/wp-json\/wp\/v2\/propiedad\/5126","targetHints":{"allow":["GET"]}}],"collection":[{"href":"https:\/\/mrhome.com.do\/en\/wp-json\/wp\/v2\/propiedad"}],"about":[{"href":"https:\/\/mrhome.com.do\/en\/wp-json\/wp\/v2\/types\/propiedad"}],"wp:attachment":[{"href":"https:\/\/mrhome.com.do\/en\/wp-json\/wp\/v2\/media?parent=5126"}],"wp:term":[{"taxonomy":"category","embeddable":true,"href":"https:\/\/mrhome.com.do\/en\/wp-json\/wp\/v2\/categories?post=5126"},{"taxonomy":"post_tag","embeddable":true,"href":"https:\/\/mrhome.com.do\/en\/wp-json\/wp\/v2\/tags?post=5126"},{"taxonomy":"desarrollador","embeddable":true,"href":"https:\/\/mrhome.com.do\/en\/wp-json\/wp\/v2\/desarrollador?post=5126"},{"taxonomy":"comprar-propiedades","embeddable":true,"href":"https:\/\/mrhome.com.do\/en\/wp-json\/wp\/v2\/comprar-propiedades?post=5126"},{"taxonomy":"operacion","embeddable":true,"href":"https:\/\/mrhome.com.do\/en\/wp-json\/wp\/v2\/operacion?post=5126"},{"taxonomy":"tipo-de-inmueble","embeddable":true,"href":"https:\/\/mrhome.com.do\/en\/wp-json\/wp\/v2\/tipo-de-inmueble?post=5126"},{"taxonomy":"provincia","embeddable":true,"href":"https:\/\/mrhome.com.do\/en\/wp-json\/wp\/v2\/provincia?post=5126"},{"taxonomy":"ciudad","embeddable":true,"href":"https:\/\/mrhome.com.do\/en\/wp-json\/wp\/v2\/ciudad?post=5126"},{"taxonomy":"sector","embeddable":true,"href":"https:\/\/mrhome.com.do\/en\/wp-json\/wp\/v2\/sector?post=5126"}],"curies":[{"name":"wp","href":"https:\/\/api.w.org\/{rel}","templated":true}]}}

Altura y Elegancia: Descubre la Exclusividad del Segundo Edificio Más Alto de Santiago

<p><span style="font-size: 11pt;font-family: Calibri, sans-serif">El segundo edificio más alto de la ciudad de Santiago con un diseño arquitectónico innovador y vanguardista. Una lujosa torre de 17 niveles de con las vistas más impresionantes y paradisíacas de toda la ciudad.</span></p>
<p><span style="font-size: 11pt;font-family: Calibri, sans-serif">Apartamentos desde 141 a 170 mts²</span></p>
<p><span style="font-size: 11pt;font-family: Calibri, sans-serif">3 Hab.</span><br /><span style="font-size: 11pt;font-family: Calibri, sans-serif">2.5 baños</span><br /><span style="font-size: 11pt;font-family: Calibri, sans-serif">Habitación Principal con baño y WC.</span><br /><span style="font-size: 11pt;font-family: Calibri, sans-serif">2 habs. secundarias con amplio closet.</span><br /><span style="font-size: 11pt;font-family: Calibri, sans-serif">Sala con vista panorámica.</span><br /><span style="font-size: 11pt;font-family: Calibri, sans-serif">Sala de estar.</span><br /><span style="font-size: 11pt;font-family: Calibri, sans-serif">Amplio balcón</span><br /><span style="font-size: 11pt;font-family: Calibri, sans-serif">Comedor</span><br /><span style="font-size: 11pt;font-family: Calibri, sans-serif">Cocina moderna</span><br /><span style="font-size: 11pt;font-family: Calibri, sans-serif">Área de lavado</span><br /><span style="font-size: 11pt;font-family: Calibri, sans-serif">2 Parqueos techados</span></p>
<p><span style="font-size: 11pt;font-family: Calibri, sans-serif">AMENIDADES DEL PROYECTO</span></p>
<p><span style="font-size: 11pt;font-family: Calibri, sans-serif">Amplio Lobby Climatizado</span><br /><span style="font-size: 11pt;font-family: Calibri, sans-serif">Baño para empleados</span><br /><span style="font-size: 11pt;font-family: Calibri, sans-serif">Entrada peatonal con Control de acceso</span><br /><span style="font-size: 11pt;font-family: Calibri, sans-serif">Gimnasio</span><br /><span style="font-size: 11pt;font-family: Calibri, sans-serif">Área Social</span><br /><span style="font-size: 11pt;font-family: Calibri, sans-serif">Área de Juegos de Mesa</span><br /><span style="font-size: 11pt;font-family: Calibri, sans-serif">Terraza</span><br /><span style="font-size: 11pt;font-family: Calibri, sans-serif">Piscina</span><br /><span style="font-size: 11pt;font-family: Calibri, sans-serif">Family Room</span><br /><span style="font-size: 11pt;font-family: Calibri, sans-serif">Area BBQ</span><br /><span style="font-size: 11pt;font-family: Calibri, sans-serif">2 Ascensores Última Generación.</span>&nbsp;</p>

<p>Vive en la lujosa torre de 17 niveles con el diseño arquitectónico más innovador de Santiago, ofreciendo apartamentos de 3 habitaciones, amplio balcón y amenidades exclusivas, incluyendo gimnasio, piscina y área social.</p>

Área social

Balcón

Baños
