{"id":4966,"date":"2024-02-29T00:00:00","date_gmt":"2024-02-29T04:00:00","guid":{"rendered":"https:\/\/mrhomeweb.rtlsmedia.com\/propiedad\/apartamento-en-alquiler-en-serralles\/"},"modified":"2025-09-23T16:18:42","modified_gmt":"2025-09-23T20:18:42","slug":"apartamento-en-alquiler-en-serralles","status":"publish","type":"propiedad","link":"https:\/\/mrhome.com.do\/en\/propiedad\/apartamento-en-alquiler-en-serralles\/","title":{"rendered":"Apartamento en alquiler en Serrall\u00e9s"},"content":{"rendered":"<p style=\"text-align:start;\"><span style=\"color: rgb(13,13,13);background-color: rgb(255,255,255);font-size: 16px;font-family: S\u00f6hne, ui-sans-serif, system-ui, -apple-system, \"Segoe UI\", Roboto, Ubuntu, Cantarell, \"Noto Sans\", sans-serif, \"Helvetica Neue\", Arial, \"Apple Color Emoji\", \"Segoe UI Emoji\", \"Segoe UI Symbol\", \"Noto Color Emoji;\">  \u00a1Vive con estilo en el coraz\u00f3n de Serrall\u00e9s!  <br \/><\/span><\/p>\n<p style=\"text-align:start;\"><span style=\"color: rgb(13,13,13);background-color: rgb(255,255,255);font-size: 16px;font-family: S\u00f6hne, ui-sans-serif, system-ui, -apple-system, \"Segoe UI\", Roboto, Ubuntu, Cantarell, \"Noto Sans\", sans-serif, \"Helvetica Neue\", Arial, \"Apple Color Emoji\", \"Segoe UI Emoji\", \"Segoe UI Symbol\", \"Noto Color Emoji;\">Este impresionante apartamento de 1 habitaci\u00f3n est\u00e1 disponible para alquiler por solo $1,300. <br \/>Con una ubicaci\u00f3n privilegiada y comodidades de primer nivel, esta es tu oportunidad de vivir en el lujo.<br \/><\/span><\/p>\n<p style=\"text-align:start;\"><span style=\"color: rgb(13,13,13);background-color: rgb(255,255,255);font-size: 16px;font-family: S\u00f6hne, ui-sans-serif, system-ui, -apple-system, \"Segoe UI\", Roboto, Ubuntu, Cantarell, \"Noto Sans\", sans-serif, \"Helvetica Neue\", Arial, \"Apple Color Emoji\", \"Segoe UI Emoji\", \"Segoe UI Symbol\", \"Noto Color Emoji;\"><strong><ins>Caracter\u00edsticas:<\/p>\n<p><\/ins><\/strong> \ufe0f 1 habitaci\u00f3n amplia<br \/> \ufe0f 1 espacio de estacionamiento<br \/>  1 ba\u00f1o completo + 1 ba\u00f1o de visitas<br \/>  70 metros cuadrados de espacio<br \/>  Incluye l\u00ednea blanca<br \/>  Ebanister\u00eda en madera preciosa<br \/>  Pisos de porcelanato importado<br \/> \ufe0f Tope y backsplash de granito natural<br \/>\u2600\ufe0f Paneles solares para \u00e1reas sociales del edificio<br \/>  Preinstalaci\u00f3n de cargadores de veh\u00edculos el\u00e9ctricos en los parqueos<br \/><\/span><\/p>\n<p style=\"text-align:start;\"><span style=\"color: rgb(13,13,13);background-color: rgb(255,255,255);font-size: 16px;font-family: S\u00f6hne, ui-sans-serif, system-ui, -apple-system, \"Segoe UI\", Roboto, Ubuntu, Cantarell, \"Noto Sans\", sans-serif, \"Helvetica Neue\", Arial, \"Apple Color Emoji\", \"Segoe UI Emoji\", \"Segoe UI Symbol\", \"Noto Color Emoji;\">\u00a1Disfruta de un estilo de vida moderno y sostenible! Agenda tu visita ahora mismo y descubre tu nuevo hogar.  <\/span>&nbsp;<\/p>\n","protected":false},"excerpt":{"rendered":"<p>\u00a1Vive con estilo en el coraz\u00f3n de Serrall\u00e9s!<br \/>\nEste impresionante apartamento de 1 habitaci\u00f3n est\u00e1 disponible para alquiler por solo $1,300.00 Con una ubicaci\u00f3n privilegiada y comodidades de primer nivel, esta es tu oportunidad de vivir en el lujo.<br \/>\nCaracter\u00edsticas: \ufe0f 1 habitaci\u00f3n amplia \ufe0f 1 espacio de estacionamiento  1 ba\u00f1o completo + 1 ba\u00f1o de visitas<\/p>\n","protected":false},"featured_media":0,"template":"","meta":{"_acf_changed":false},"categories":[],"tags":[],"desarrollador":[],"comprar-propiedades":[11],"operacion":[4],"tipo-de-inmueble":[6],"provincia":[15],"ciudad":[16],"sector":[46],"class_list":["post-4966","propiedad","type-propiedad","status-publish","hentry","comprar-propiedades-listas","operacion-alquilar","tipo-de-inmueble-apartamentos","provincia-santo-domingo-de-guzman","ciudad-santo-domingo-d-n","sector-ensanche-serralles"],"acf":{"inmueble_destacado":null,"inmueble_vendido":"0","uid_propiedad":"","cid_propiedad":"415178","operacion_project":"4","tipo_de_inmueble":"6","estado_project":"11","entrega_project":null,"provincia_project":"15","ciudad_project":"16","sector_project":"46","moneda_project":"DOP","price_project":"1300","price_project_hasta":null,"ae_precio_de_venta":"","ae_precio_alquiler":"1,300.00","ae_precio_renta_temporal":"","ae_precio_alquier_amueblado":"","ae_precio_venta_amueblado":"","ae_precio_mantenimiento":"","ae_precio_separacion":"","m_construccion_project":"70.00","m_construccion_terreno":"","banos_project":"1.00","parqueo_project":"1","habitacion_project":"1","proyecto_max_de_banos":null,"proyecto_max_de_parqueo":null,"proyecto_max_de_area":null,"proyecto_max_de_habitaciones":null,"proyecto_precio_max":null,"proyecto_moneda_precio_max":null,"proyecto_min_de_banos":null,"proyecto_min_de_parqueos":null,"proyecto_min_de_area":null,"proyecto_min_de_habitaciones":null,"proyecto_precio_min":null,"proyecto_moneda_precio_min":null,"url_imagen_destacada":"https:\/\/d2p0bx8wfdkjkb.cloudfront.net\/static\/properties\/SD1VYND9UU\/09PO7RORNR\/43fT3bzpAD\/4f66670f-19be-42be-b3f2-432b8d5de0a3.jpg","url_gallery_1":"https:\/\/d2p0bx8wfdkjkb.cloudfront.net\/static\/properties\/SD1VYND9UU\/R6DJ5XY6NR\/bnzTYAo3e8\/dee22ebc-6acc-450c-b823-11a5f2438c8e.jpg","url_gallery_2":"https:\/\/d2p0bx8wfdkjkb.cloudfront.net\/static\/properties\/SD1VYND9UU\/MOEY1NIDJ9\/HYCigfstSL\/0eef3c97-b452-4bfd-9574-4968acd94030.jpg","url_gallery_3":"https:\/\/d2p0bx8wfdkjkb.cloudfront.net\/static\/properties\/SD1VYND9UU\/JSQZAHO6C8\/gowaFLQ3sa\/07fb2059-e1b5-498f-8c36-f3b5d91e6917.jpg","url_gallery_4":"https:\/\/d2p0bx8wfdkjkb.cloudfront.net\/static\/properties\/SD1VYND9UU\/UQ1TN326O7\/8q6sZ4AVea\/eabda306-4c32-4529-94fe-253c180cfa1b.jpg","url_gallery_5":"https:\/\/d2p0bx8wfdkjkb.cloudfront.net\/static\/properties\/SD1VYND9UU\/88JH3M3CTE\/gkngQFFCU6\/2277627d-53f5-4e50-92c9-3191021df6f0.jpg","url_video_de_youtube":null,"gallery_project":null,"gallery_repeater":null,"agente_responsable":"405","agentes":null,"amenidades_del_inmueble":null,"areas_comunes_del_inmueble":null,"lugares_cercanos_al_inmueble":null,"plan_de_pagos":null,"unidades_disponibles":null,"opciones_del_proyecto":null,"propiedades_similares":null,"google_map_iframe":null,"convertir_en_landing_page":null,"titulo_breve":null,"breve_descripcion":null,"amenidades_destacadas":null,"galeria_cover":null},"_links":{"self":[{"href":"https:\/\/mrhome.com.do\/en\/wp-json\/wp\/v2\/propiedad\/4966","targetHints":{"allow":["GET"]}}],"collection":[{"href":"https:\/\/mrhome.com.do\/en\/wp-json\/wp\/v2\/propiedad"}],"about":[{"href":"https:\/\/mrhome.com.do\/en\/wp-json\/wp\/v2\/types\/propiedad"}],"wp:attachment":[{"href":"https:\/\/mrhome.com.do\/en\/wp-json\/wp\/v2\/media?parent=4966"}],"wp:term":[{"taxonomy":"category","embeddable":true,"href":"https:\/\/mrhome.com.do\/en\/wp-json\/wp\/v2\/categories?post=4966"},{"taxonomy":"post_tag","embeddable":true,"href":"https:\/\/mrhome.com.do\/en\/wp-json\/wp\/v2\/tags?post=4966"},{"taxonomy":"desarrollador","embeddable":true,"href":"https:\/\/mrhome.com.do\/en\/wp-json\/wp\/v2\/desarrollador?post=4966"},{"taxonomy":"comprar-propiedades","embeddable":true,"href":"https:\/\/mrhome.com.do\/en\/wp-json\/wp\/v2\/comprar-propiedades?post=4966"},{"taxonomy":"operacion","embeddable":true,"href":"https:\/\/mrhome.com.do\/en\/wp-json\/wp\/v2\/operacion?post=4966"},{"taxonomy":"tipo-de-inmueble","embeddable":true,"href":"https:\/\/mrhome.com.do\/en\/wp-json\/wp\/v2\/tipo-de-inmueble?post=4966"},{"taxonomy":"provincia","embeddable":true,"href":"https:\/\/mrhome.com.do\/en\/wp-json\/wp\/v2\/provincia?post=4966"},{"taxonomy":"ciudad","embeddable":true,"href":"https:\/\/mrhome.com.do\/en\/wp-json\/wp\/v2\/ciudad?post=4966"},{"taxonomy":"sector","embeddable":true,"href":"https:\/\/mrhome.com.do\/en\/wp-json\/wp\/v2\/sector?post=4966"}],"curies":[{"name":"wp","href":"https:\/\/api.w.org\/{rel}","templated":true}]}}

Apartamento en alquiler en Serrallés

<p style="text-align:start;"><span style="color: rgb(13,13,13);background-color: rgb(255,255,255);font-size: 16px;font-family: Söhne, ui-sans-serif, system-ui, -apple-system, "Segoe UI", Roboto, Ubuntu, Cantarell, "Noto Sans", sans-serif, "Helvetica Neue", Arial, "Apple Color Emoji", "Segoe UI Emoji", "Segoe UI Symbol", "Noto Color Emoji;">  ¡Vive con estilo en el corazón de Serrallés!  <br /></span></p>
<p style="text-align:start;"><span style="color: rgb(13,13,13);background-color: rgb(255,255,255);font-size: 16px;font-family: Söhne, ui-sans-serif, system-ui, -apple-system, "Segoe UI", Roboto, Ubuntu, Cantarell, "Noto Sans", sans-serif, "Helvetica Neue", Arial, "Apple Color Emoji", "Segoe UI Emoji", "Segoe UI Symbol", "Noto Color Emoji;">Este impresionante apartamento de 1 habitación está disponible para alquiler por solo $1,300. <br />Con una ubicación privilegiada y comodidades de primer nivel, esta es tu oportunidad de vivir en el lujo.<br /></span></p>
<p style="text-align:start;"><span style="color: rgb(13,13,13);background-color: rgb(255,255,255);font-size: 16px;font-family: Söhne, ui-sans-serif, system-ui, -apple-system, "Segoe UI", Roboto, Ubuntu, Cantarell, "Noto Sans", sans-serif, "Helvetica Neue", Arial, "Apple Color Emoji", "Segoe UI Emoji", "Segoe UI Symbol", "Noto Color Emoji;"><strong><ins>Características:</p>
<p></ins></strong> ️ 1 habitación amplia<br /> ️ 1 espacio de estacionamiento<br />  1 baño completo + 1 baño de visitas<br />  70 metros cuadrados de espacio<br />  Incluye línea blanca<br />  Ebanistería en madera preciosa<br />  Pisos de porcelanato importado<br /> ️ Tope y backsplash de granito natural<br />☀️ Paneles solares para áreas sociales del edificio<br />  Preinstalación de cargadores de vehículos eléctricos en los parqueos<br /></span></p>
<p style="text-align:start;"><span style="color: rgb(13,13,13);background-color: rgb(255,255,255);font-size: 16px;font-family: Söhne, ui-sans-serif, system-ui, -apple-system, "Segoe UI", Roboto, Ubuntu, Cantarell, "Noto Sans", sans-serif, "Helvetica Neue", Arial, "Apple Color Emoji", "Segoe UI Emoji", "Segoe UI Symbol", "Noto Color Emoji;">¡Disfruta de un estilo de vida moderno y sostenible! Agenda tu visita ahora mismo y descubre tu nuevo hogar.  </span>&nbsp;</p>

<p>¡Vive con estilo en el corazón de Serrallés!<br />
Este impresionante apartamento de 1 habitación está disponible para alquiler por solo $1,300.00 Con una ubicación privilegiada y comodidades de primer nivel, esta es tu oportunidad de vivir en el lujo.<br />
Características: ️ 1 habitación amplia ️ 1 espacio de estacionamiento  1 baño completo + 1 baño de visitas</p>
