{"id":4861,"date":"2024-04-25T00:00:00","date_gmt":"2024-04-25T04:00:00","guid":{"rendered":"https:\/\/mrhomeweb.rtlsmedia.com\/propiedad\/el-apartamento-que-buscas-al-mejor-precio-de-la-zona-de-la-esperilla\/"},"modified":"2025-09-23T16:17:06","modified_gmt":"2025-09-23T20:17:06","slug":"el-apartamento-que-buscas-al-mejor-precio-de-la-zona-de-la-esperilla","status":"publish","type":"propiedad","link":"https:\/\/mrhome.com.do\/en\/propiedad\/el-apartamento-que-buscas-al-mejor-precio-de-la-zona-de-la-esperilla\/","title":{"rendered":"El apartamento que buscas al mejor precio de la zona de la Esperilla"},"content":{"rendered":"<p><strong>Este es un hermoso apartamento con vistas espectaculares al mar y a la ciudad, cuenta con las siguientes amenidades<\/strong>:<\/p>\n<ul>\n<li>Sala<\/li>\n<li>Comedor<\/li>\n<li>Balcon<\/li>\n<li>Ba\u00f1o para las visitas<\/li>\n<li>Closet de ropa blanca de muy buen tama\u00f1o<\/li>\n<li>Dos habitaciones con hermosas vistas, iluminadas, con su ba\u00f1o y w\/c<\/li>\n<li>La habitaci\u00f2n de servicio es bastante grande, con su ba\u00f1o, closet, peque\u00f1o espacio para comer y cuenta con una buena area para el lavado.<\/li>\n<\/ul>\n<p><strong>La torre Cuenta con:<\/strong><\/p>\n<\/p>\n<ul>\n<li>Lobby amueblado y climatizado<\/li>\n<li>Gimnasio<\/li>\n<li>Sal\u00f2n de reuniones<\/li>\n<li>Estar de choferes<\/li>\n<li>Dos parqueos de buen tama\u00f1o y paralelos<\/li>\n<li>Tres espacios de parqueos para visitantes<\/li>\n<li>Planta Full<\/li>\n<li>Dos elevadores<\/li>\n<li>Seguridad 24 horas.<\/li>\n<li><\/li>\n<\/ul>\n","protected":false},"excerpt":{"rendered":"<p>Este es un hermoso apartamento con vistas espectaculares al mar y a la ciudad, cuenta con las siguientes amenidades:<\/p>\n<p>Sala<br \/>\nComedor<br \/>\nBalcon<br \/>\nBa\u00f1o para las visitas<br \/>\nCloset de ropa blanca de muy buen tama\u00f1o<br \/>\nDos habitaciones con hermosas vistas, iluminadas, con su ba\u00f1o y w\/c<br \/>\nLa habitaci\u00f2n de servicio es bastante grande, con su ba\u00f1o, closet, peque\u00f1o espacio para comer y cuenta<\/p>\n","protected":false},"featured_media":0,"template":"","meta":{"_acf_changed":false},"categories":[],"tags":[],"desarrollador":[],"comprar-propiedades":[11],"operacion":[3],"tipo-de-inmueble":[6],"provincia":[15],"ciudad":[16],"sector":[363],"class_list":["post-4861","propiedad","type-propiedad","status-publish","hentry","comprar-propiedades-listas","operacion-comprar","tipo-de-inmueble-apartamentos","provincia-santo-domingo-de-guzman","ciudad-santo-domingo-d-n","sector-la-esperilla"],"acf":{"inmueble_destacado":null,"inmueble_vendido":"0","uid_propiedad":"","cid_propiedad":"415584","operacion_project":"3","tipo_de_inmueble":"6","estado_project":"11","entrega_project":null,"provincia_project":"15","ciudad_project":"16","sector_project":"363","moneda_project":"USD","price_project":"260000","price_project_hasta":null,"ae_precio_de_venta":"260,000.00","ae_precio_alquiler":"","ae_precio_renta_temporal":"","ae_precio_alquier_amueblado":"","ae_precio_venta_amueblado":"","ae_precio_mantenimiento":"7,200.00","ae_precio_separacion":"","m_construccion_project":"125.00","m_construccion_terreno":"","banos_project":"2.00","parqueo_project":"2","habitacion_project":"2","proyecto_max_de_banos":null,"proyecto_max_de_parqueo":null,"proyecto_max_de_area":null,"proyecto_max_de_habitaciones":null,"proyecto_precio_max":null,"proyecto_moneda_precio_max":null,"proyecto_min_de_banos":null,"proyecto_min_de_parqueos":null,"proyecto_min_de_area":null,"proyecto_min_de_habitaciones":null,"proyecto_precio_min":null,"proyecto_moneda_precio_min":null,"url_imagen_destacada":"https:\/\/d2p0bx8wfdkjkb.cloudfront.net\/static\/properties\/SD1VYND9UU\/7E6CYE3F7D\/MzPMCKoSdB\/Captura_de_pantalla_2024-07-12_a_las_12.43.59p.m..png","url_gallery_1":"","url_gallery_2":"","url_gallery_3":"","url_gallery_4":"","url_gallery_5":"","url_video_de_youtube":null,"gallery_project":null,"gallery_repeater":null,"agente_responsable":"427","agentes":null,"amenidades_del_inmueble":null,"areas_comunes_del_inmueble":null,"lugares_cercanos_al_inmueble":null,"plan_de_pagos":null,"unidades_disponibles":null,"opciones_del_proyecto":null,"propiedades_similares":null,"google_map_iframe":null,"convertir_en_landing_page":null,"titulo_breve":null,"breve_descripcion":null,"amenidades_destacadas":null,"galeria_cover":null},"_links":{"self":[{"href":"https:\/\/mrhome.com.do\/en\/wp-json\/wp\/v2\/propiedad\/4861","targetHints":{"allow":["GET"]}}],"collection":[{"href":"https:\/\/mrhome.com.do\/en\/wp-json\/wp\/v2\/propiedad"}],"about":[{"href":"https:\/\/mrhome.com.do\/en\/wp-json\/wp\/v2\/types\/propiedad"}],"wp:attachment":[{"href":"https:\/\/mrhome.com.do\/en\/wp-json\/wp\/v2\/media?parent=4861"}],"wp:term":[{"taxonomy":"category","embeddable":true,"href":"https:\/\/mrhome.com.do\/en\/wp-json\/wp\/v2\/categories?post=4861"},{"taxonomy":"post_tag","embeddable":true,"href":"https:\/\/mrhome.com.do\/en\/wp-json\/wp\/v2\/tags?post=4861"},{"taxonomy":"desarrollador","embeddable":true,"href":"https:\/\/mrhome.com.do\/en\/wp-json\/wp\/v2\/desarrollador?post=4861"},{"taxonomy":"comprar-propiedades","embeddable":true,"href":"https:\/\/mrhome.com.do\/en\/wp-json\/wp\/v2\/comprar-propiedades?post=4861"},{"taxonomy":"operacion","embeddable":true,"href":"https:\/\/mrhome.com.do\/en\/wp-json\/wp\/v2\/operacion?post=4861"},{"taxonomy":"tipo-de-inmueble","embeddable":true,"href":"https:\/\/mrhome.com.do\/en\/wp-json\/wp\/v2\/tipo-de-inmueble?post=4861"},{"taxonomy":"provincia","embeddable":true,"href":"https:\/\/mrhome.com.do\/en\/wp-json\/wp\/v2\/provincia?post=4861"},{"taxonomy":"ciudad","embeddable":true,"href":"https:\/\/mrhome.com.do\/en\/wp-json\/wp\/v2\/ciudad?post=4861"},{"taxonomy":"sector","embeddable":true,"href":"https:\/\/mrhome.com.do\/en\/wp-json\/wp\/v2\/sector?post=4861"}],"curies":[{"name":"wp","href":"https:\/\/api.w.org\/{rel}","templated":true}]}}

<p><strong>Este es un hermoso apartamento con vistas espectaculares al mar y a la ciudad, cuenta con las siguientes amenidades</strong>:</p>
<ul>
<li>Sala</li>
<li>Comedor</li>
<li>Balcon</li>
<li>Baño para las visitas</li>
<li>Closet de ropa blanca de muy buen tamaño</li>
<li>Dos habitaciones con hermosas vistas, iluminadas, con su baño y w/c</li>
<li>La habitaciòn de servicio es bastante grande, con su baño, closet, pequeño espacio para comer y cuenta con una buena area para el lavado.</li>
</ul>
<p><strong>La torre Cuenta con:</strong></p>
</p>
<ul>
<li>Lobby amueblado y climatizado</li>
<li>Gimnasio</li>
<li>Salòn de reuniones</li>
<li>Estar de choferes</li>
<li>Dos parqueos de buen tamaño y paralelos</li>
<li>Tres espacios de parqueos para visitantes</li>
<li>Planta Full</li>
<li>Dos elevadores</li>
<li>Seguridad 24 horas.</li>
<li></li>
</ul>

<p>Este es un hermoso apartamento con vistas espectaculares al mar y a la ciudad, cuenta con las siguientes amenidades:</p>
<p>Sala<br />
Comedor<br />
Balcon<br />
Baño para las visitas<br />
Closet de ropa blanca de muy buen tamaño<br />
Dos habitaciones con hermosas vistas, iluminadas, con su baño y w/c<br />
La habitaciòn de servicio es bastante grande, con su baño, closet, pequeño espacio para comer y cuenta</p>
