{"id":4793,"date":"2024-05-21T00:00:00","date_gmt":"2024-05-21T04:00:00","guid":{"rendered":"https:\/\/mrhomeweb.rtlsmedia.com\/propiedad\/segundo-nivel-con-80mts-de-terraza-en-prado-oriental\/"},"modified":"2025-09-23T16:16:05","modified_gmt":"2025-09-23T20:16:05","slug":"segundo-nivel-con-80mts-de-terraza-en-prado-oriental","status":"publish","type":"propiedad","link":"https:\/\/mrhome.com.do\/en\/propiedad\/segundo-nivel-con-80mts-de-terraza-en-prado-oriental\/","title":{"rendered":"Segundo Nivel con 80mts de Terraza en Prado Oriental"},"content":{"rendered":"<p>Acogedor y moderno segundo nivel en prado oriental con vista a la avenida Ecol\u00f3gica. Excelente para familias que disfruten de la privacidad de un apartamento por nivel, con una amplia terraza para actividades sociales y esparcimiento. <\/p>\n<p>Distribuci\u00f3n:<\/p>\n<p>-80mts de Terraza<\/p>\n<p>-3 Habitaciones (Habitaci\u00f3n principal con su ba\u00f1o)<br \/>-2 Ba\u00f1os<\/p>\n<p>-Sala\/Comedor<br \/>-Habitaci\u00f3n de servicio<\/p>\n<p>-\u00c1rea de lavado<\/p>\n<p>-2 Parqueos techados<\/p>\n<\/p>\n<p><span style=\"color: rgb(28,67,76);background-color: rgb(255,255,255);font-size: 15px;font-family: Inter, sans-serif;\">Caracter\u00edsticas: <br \/><\/span><\/p>\n<p><span style=\"color: rgb(28,67,76);background-color: rgb(255,255,255);font-size: 15px;font-family: Inter, sans-serif;\">-1 apartamento por nivel<br \/>-Pisos en porcelatano<\/span><\/p>\n<p><span style=\"color: rgb(28,67,76);background-color: rgb(255,255,255);font-size: 15px;font-family: Inter, sans-serif;\">-Puertas en madera preciosa<\/span><\/p>\n<p><span style=\"color: rgb(28,67,76);background-color: rgb(255,255,255);font-size: 15px;font-family: Inter, sans-serif;\">-Topes en granito<\/span><\/p>\n<p><span style=\"color: rgb(28,67,76);background-color: rgb(255,255,255);font-size: 15px;font-family: Inter, sans-serif;\">-Dise\u00f1o moderno<\/span><\/p>\n<p><span style=\"color: rgb(28,67,76);background-color: rgb(255,255,255);font-size: 15px;font-family: Inter, sans-serif;\">-Cocina modular<br \/>-Gas com\u00fan<br \/><\/span><br \/>&nbsp;<\/p>\n","protected":false},"excerpt":{"rendered":"<p>Acogedor y moderno segundo nivel en prado oriental con vista a la avenida Ecol\u00f3gica. Excelente para familias que disfruten de la privacidad de un apartamento por nivel, con una amplia terraza para actividades sociales y esparcimiento. Distribuci\u00f3n:-80mts de Terraza<br \/>\n-3 Habitaciones (Habitaci\u00f3n principal con su ba\u00f1o)-2 Ba\u00f1os<br \/>\n-Sala\/Comedor-Habitaci\u00f3n de servicio<br \/>\n-\u00c1rea de lavado<br \/>\n-2 Parqueos techados<\/p>\n<p>Caracter\u00edsticas: -1 apartamento por<\/p>\n","protected":false},"featured_media":0,"template":"","meta":{"_acf_changed":false},"categories":[],"tags":[],"desarrollador":[],"comprar-propiedades":[11],"operacion":[3],"tipo-de-inmueble":[6],"provincia":[15],"ciudad":[23],"sector":[496],"class_list":["post-4793","propiedad","type-propiedad","status-publish","hentry","comprar-propiedades-listas","operacion-comprar","tipo-de-inmueble-apartamentos","provincia-santo-domingo-de-guzman","ciudad-santo-domingo-este","sector-prado-oriental"],"acf":{"inmueble_destacado":null,"inmueble_vendido":"0","uid_propiedad":"","cid_propiedad":"415786","operacion_project":"3","tipo_de_inmueble":"6","estado_project":"11","entrega_project":null,"provincia_project":"15","ciudad_project":"23","sector_project":"496","moneda_project":"USD","price_project":"170000","price_project_hasta":null,"ae_precio_de_venta":"170,000.00","ae_precio_alquiler":"","ae_precio_renta_temporal":"","ae_precio_alquier_amueblado":"","ae_precio_venta_amueblado":"","ae_precio_mantenimiento":"","ae_precio_separacion":"","m_construccion_project":"120.00","m_construccion_terreno":"","banos_project":"2.00","parqueo_project":"2","habitacion_project":"3","proyecto_max_de_banos":null,"proyecto_max_de_parqueo":null,"proyecto_max_de_area":null,"proyecto_max_de_habitaciones":null,"proyecto_precio_max":null,"proyecto_moneda_precio_max":null,"proyecto_min_de_banos":null,"proyecto_min_de_parqueos":null,"proyecto_min_de_area":null,"proyecto_min_de_habitaciones":null,"proyecto_precio_min":null,"proyecto_moneda_precio_min":null,"url_imagen_destacada":"https:\/\/d2p0bx8wfdkjkb.cloudfront.net\/static\/properties\/SD1VYND9UU\/X5R260WP1H\/33t8NSiVtv\/IMG_1527.JPEG","url_gallery_1":"","url_gallery_2":"","url_gallery_3":"","url_gallery_4":"","url_gallery_5":"","url_video_de_youtube":null,"gallery_project":null,"gallery_repeater":null,"agente_responsable":"587","agentes":null,"amenidades_del_inmueble":null,"areas_comunes_del_inmueble":null,"lugares_cercanos_al_inmueble":null,"plan_de_pagos":null,"unidades_disponibles":null,"opciones_del_proyecto":null,"propiedades_similares":null,"google_map_iframe":null,"convertir_en_landing_page":null,"titulo_breve":null,"breve_descripcion":null,"amenidades_destacadas":null,"galeria_cover":null},"_links":{"self":[{"href":"https:\/\/mrhome.com.do\/en\/wp-json\/wp\/v2\/propiedad\/4793","targetHints":{"allow":["GET"]}}],"collection":[{"href":"https:\/\/mrhome.com.do\/en\/wp-json\/wp\/v2\/propiedad"}],"about":[{"href":"https:\/\/mrhome.com.do\/en\/wp-json\/wp\/v2\/types\/propiedad"}],"wp:attachment":[{"href":"https:\/\/mrhome.com.do\/en\/wp-json\/wp\/v2\/media?parent=4793"}],"wp:term":[{"taxonomy":"category","embeddable":true,"href":"https:\/\/mrhome.com.do\/en\/wp-json\/wp\/v2\/categories?post=4793"},{"taxonomy":"post_tag","embeddable":true,"href":"https:\/\/mrhome.com.do\/en\/wp-json\/wp\/v2\/tags?post=4793"},{"taxonomy":"desarrollador","embeddable":true,"href":"https:\/\/mrhome.com.do\/en\/wp-json\/wp\/v2\/desarrollador?post=4793"},{"taxonomy":"comprar-propiedades","embeddable":true,"href":"https:\/\/mrhome.com.do\/en\/wp-json\/wp\/v2\/comprar-propiedades?post=4793"},{"taxonomy":"operacion","embeddable":true,"href":"https:\/\/mrhome.com.do\/en\/wp-json\/wp\/v2\/operacion?post=4793"},{"taxonomy":"tipo-de-inmueble","embeddable":true,"href":"https:\/\/mrhome.com.do\/en\/wp-json\/wp\/v2\/tipo-de-inmueble?post=4793"},{"taxonomy":"provincia","embeddable":true,"href":"https:\/\/mrhome.com.do\/en\/wp-json\/wp\/v2\/provincia?post=4793"},{"taxonomy":"ciudad","embeddable":true,"href":"https:\/\/mrhome.com.do\/en\/wp-json\/wp\/v2\/ciudad?post=4793"},{"taxonomy":"sector","embeddable":true,"href":"https:\/\/mrhome.com.do\/en\/wp-json\/wp\/v2\/sector?post=4793"}],"curies":[{"name":"wp","href":"https:\/\/api.w.org\/{rel}","templated":true}]}}

<p>Acogedor y moderno segundo nivel en prado oriental con vista a la avenida Ecológica. Excelente para familias que disfruten de la privacidad de un apartamento por nivel, con una amplia terraza para actividades sociales y esparcimiento. </p>
<p>Distribución:</p>
<p>-80mts de Terraza</p>
<p>-3 Habitaciones (Habitación principal con su baño)<br />-2 Baños</p>
<p>-Sala/Comedor<br />-Habitación de servicio</p>
<p>-Área de lavado</p>
<p>-2 Parqueos techados</p>
</p>
<p><span style="color: rgb(28,67,76);background-color: rgb(255,255,255);font-size: 15px;font-family: Inter, sans-serif;">Características: <br /></span></p>
<p><span style="color: rgb(28,67,76);background-color: rgb(255,255,255);font-size: 15px;font-family: Inter, sans-serif;">-1 apartamento por nivel<br />-Pisos en porcelatano</span></p>
<p><span style="color: rgb(28,67,76);background-color: rgb(255,255,255);font-size: 15px;font-family: Inter, sans-serif;">-Puertas en madera preciosa</span></p>
<p><span style="color: rgb(28,67,76);background-color: rgb(255,255,255);font-size: 15px;font-family: Inter, sans-serif;">-Topes en granito</span></p>
<p><span style="color: rgb(28,67,76);background-color: rgb(255,255,255);font-size: 15px;font-family: Inter, sans-serif;">-Diseño moderno</span></p>
<p><span style="color: rgb(28,67,76);background-color: rgb(255,255,255);font-size: 15px;font-family: Inter, sans-serif;">-Cocina modular<br />-Gas común<br /></span><br />&nbsp;</p>

<p>Acogedor y moderno segundo nivel en prado oriental con vista a la avenida Ecológica. Excelente para familias que disfruten de la privacidad de un apartamento por nivel, con una amplia terraza para actividades sociales y esparcimiento. Distribución:-80mts de Terraza<br />
-3 Habitaciones (Habitación principal con su baño)-2 Baños<br />
-Sala/Comedor-Habitación de servicio<br />
-Área de lavado<br />
-2 Parqueos techados</p>
<p>Características: -1 apartamento por</p>
