{"id":4488,"date":"2024-09-28T00:00:00","date_gmt":"2024-09-28T04:00:00","guid":{"rendered":"https:\/\/mrhomeweb.rtlsmedia.com\/propiedad\/comodo-apartamento-en-alquiler-en-la-jacobo-majluta\/"},"modified":"2025-09-23T16:11:29","modified_gmt":"2025-09-23T20:11:29","slug":"comodo-apartamento-en-alquiler-en-la-jacobo-majluta","status":"publish","type":"propiedad","link":"https:\/\/mrhome.com.do\/en\/propiedad\/comodo-apartamento-en-alquiler-en-la-jacobo-majluta\/","title":{"rendered":"C\u00f3modo Apartamento en Alquiler en la Jacobo Majluta"},"content":{"rendered":"<p style=\"text-align:left;\">\n<p style=\"margin-left:0px;\"><span style=\"color: rgb(28,67,76);background-color: rgb(255,255,255);font-size: 15px;font-family: Inter, sans-serif;\"><strong><ins>C\u00f3modo Apartamento en Alquiler ubicado en Santo Domingo Norte.<\/ins><\/strong><\/span><\/p>\n<p style=\"text-align:left;\">\n<p style=\"margin-left:0px;\"><span style=\"color: rgb(36,36,36);background-color: white;font-size: 11.5pt;font-family: Inter, sans-serif;\">Este residencial cuenta con una excelente ubicaci\u00f3n, en la Av. Jacobo Majluta, f\u00e1cil acceso, y con cercan\u00eda a supermercados, \u00a1ferreter\u00edas, farmacias, colegios, cl\u00ednicas, hospitales y mucho m\u00e1s!<\/span>&nbsp;<\/p>\n<p style=\"text-align:left;\"><span style=\"color: rgb(73,80,87);background-color: white;font-size: 11.5pt;font-family: Inter, sans-serif;\">Actualmente se encuentra en ejecuci\u00f3n diversas plazas comerciales, salas de cine, y sucursales bancarias.<\/span><\/p>\n<p style=\"text-align:left;\"><span style=\"color: rgb(28,67,76);background-color: white;font-size: 11.5pt;font-family: Inter, sans-serif;\">Zona completamente Residencial, con todo lo que necesitas para ti y tu familia.<\/span>&nbsp;<\/p>\n<p style=\"text-align:left;\"><\/p>\n<p style=\"text-align:left;\"><span style=\"color: rgb(28,67,76);background-color: rgb(255,255,255);font-size: 16px;font-family: Inter, sans-serif;\">CARACTERISTICAS<\/span><\/p>\n<p style=\"text-align:left;\">&nbsp;<\/p>\n<p style=\"text-align:left;\"><span style=\"color: rgb(28,67,76);background-color: white;font-size: 11.5pt;font-family: Inter, sans-serif;\">82.93 Mt2<\/span> Tama\u00f1o de Construcci\u00f3n<\/p>\n<p>44.75 Mt2 Terraza Exclusiva<\/p>\n<p style=\"text-align:left;\"><span style=\"color: rgb(28,67,76);background-color: white;font-size: 11.5pt;font-family: Inter, sans-serif;\">3 Habitaciones<\/span>&nbsp;<\/p>\n<p style=\"text-align:left;\"><span style=\"color: rgb(28,67,76);background-color: white;font-size: 11.5pt;font-family: Inter, sans-serif;\">2 Ba\u00f1os<\/span>&nbsp;<\/p>\n<p style=\"text-align:left;\"><span style=\"color: rgb(28,67,76);background-color: white;font-size: 11.5pt;font-family: Inter, sans-serif;\">Sala<\/span>&nbsp;<\/p>\n<p style=\"text-align:left;\"><span style=\"color: rgb(28,67,76);background-color: white;font-size: 11.5pt;font-family: Inter, sans-serif;\">Comedor<\/span>&nbsp;<\/p>\n<p style=\"text-align:left;\"><span style=\"color: rgb(28,67,76);background-color: white;font-size: 11.5pt;font-family: Inter, sans-serif;\">Cocina<\/span>&nbsp;<\/p>\n<p style=\"text-align:left;\"><span style=\"color: rgb(28,67,76);background-color: white;font-size: 11.5pt;font-family: Inter, sans-serif;\">\u00c1rea de lavado<\/span>&nbsp;<\/p>\n<p style=\"text-align:left;\"><span style=\"color: rgb(28,67,76);background-color: white;font-size: 11.5pt;font-family: Inter, sans-serif;\">Cuarto de servicio con su ba\u00f1o<\/span>&nbsp;<\/p>\n<p style=\"text-align:left;\"><span style=\"color: rgb(28,67,76);background-color: white;font-size: 11.5pt;font-family: Inter, sans-serif;\">Balc\u00f3n Integrado<\/span>&nbsp;<\/p>\n<p style=\"text-align:left;\"><span style=\"color: rgb(36,36,36);background-color: white;font-size: 11.5pt;font-family: Inter, sans-serif;\">Apto para familias y ni\u00f1os<\/span>&nbsp;<\/p>\n<p style=\"text-align:left;\"><span style=\"color: rgb(28,67,76);background-color: white;font-size: 11.5pt;font-family: Inter, sans-serif;\">Garita de Seguridad<\/span>&nbsp;<\/p>\n<\/p>\n<p>Nota: Mantenimiento Incluido.<\/p>\n<\/p>\n<p style=\"margin-left:0px;\"><span style=\"color: rgb(28,67,76);background-color: white;font-size: 16px;font-family: Inter, sans-serif;\">\u00bfQu\u00e9 esperas?, conoce m\u00e1s de este proyecto, \u00a1Agenda tu Cita!<\/span> <\/p>\n<p style=\"text-align:left;\"><\/p>\n","protected":false},"excerpt":{"rendered":"<p>C\u00f3modo Apartamento en Alquiler ubicado en Santo Domingo Norte.<\/p>\n<p>Este residencial cuenta con una excelente ubicaci\u00f3n, en la Av. Jacobo Majluta, f\u00e1cil acceso, y con cercan\u00eda a supermercados, \u00a1ferreter\u00edas, farmacias, colegios, cl\u00ednicas, hospitales y mucho m\u00e1s!&nbsp;<br \/>\nActualmente se encuentra en ejecuci\u00f3n diversas plazas comerciales, salas de cine, y sucursales bancarias.<br \/>\nZona completamente Residencial, con todo lo que necesitas<\/p>\n","protected":false},"featured_media":0,"template":"","meta":{"_acf_changed":false},"categories":[],"tags":[],"desarrollador":[],"comprar-propiedades":[11],"operacion":[4],"tipo-de-inmueble":[6],"provincia":[15],"ciudad":[30],"sector":[337],"class_list":["post-4488","propiedad","type-propiedad","status-publish","hentry","comprar-propiedades-listas","operacion-alquilar","tipo-de-inmueble-apartamentos","provincia-santo-domingo-de-guzman","ciudad-santo-domingo-norte","sector-jacobo-majluta"],"acf":{"inmueble_destacado":null,"inmueble_vendido":"0","uid_propiedad":"","cid_propiedad":"416963","operacion_project":"4","tipo_de_inmueble":"6","estado_project":"11","entrega_project":null,"provincia_project":"15","ciudad_project":"30","sector_project":"337","moneda_project":"DOP","price_project":"28000","price_project_hasta":null,"ae_precio_de_venta":"","ae_precio_alquiler":"28,000.00","ae_precio_renta_temporal":"","ae_precio_alquier_amueblado":"","ae_precio_venta_amueblado":"","ae_precio_mantenimiento":"3,000.00","ae_precio_separacion":"","m_construccion_project":"82.93","m_construccion_terreno":"","banos_project":"2.00","parqueo_project":"2","habitacion_project":"3","proyecto_max_de_banos":null,"proyecto_max_de_parqueo":null,"proyecto_max_de_area":null,"proyecto_max_de_habitaciones":null,"proyecto_precio_max":null,"proyecto_moneda_precio_max":null,"proyecto_min_de_banos":null,"proyecto_min_de_parqueos":null,"proyecto_min_de_area":null,"proyecto_min_de_habitaciones":null,"proyecto_precio_min":null,"proyecto_moneda_precio_min":null,"url_imagen_destacada":"https:\/\/d2p0bx8wfdkjkb.cloudfront.net\/static\/properties\/SD1VYND9UU\/VDJ81QB2LE\/YNoQCmTMGt\/WhatsApp_Image_2024-09-28_at_09.16.28.jpeg","url_gallery_1":"https:\/\/d2p0bx8wfdkjkb.cloudfront.net\/static\/properties\/SD1VYND9UU\/S1KATIQ5J5\/WScwZkQNyz\/WhatsApp_Image_2024-09-28_at_09.37.42_1.jpeg","url_gallery_2":"https:\/\/d2p0bx8wfdkjkb.cloudfront.net\/static\/properties\/SD1VYND9UU\/Q0GLXEJ5Y1\/ejkedAnPZn\/WhatsApp_Image_2024-09-28_at_09.16.29.jpeg","url_gallery_3":"https:\/\/d2p0bx8wfdkjkb.cloudfront.net\/static\/properties\/SD1VYND9UU\/2K95CIDOQ1\/66giR5BdSx\/WhatsApp_Image_2024-09-28_at_09.16.29_3.jpeg","url_gallery_4":"https:\/\/d2p0bx8wfdkjkb.cloudfront.net\/static\/properties\/SD1VYND9UU\/8UTCGXAFSP\/VJyQp25j7u\/WhatsApp_Image_2024-09-28_at_09.16.29_2.jpeg","url_gallery_5":"https:\/\/d2p0bx8wfdkjkb.cloudfront.net\/static\/properties\/SD1VYND9UU\/5M2ENZFZEW\/T6faiz2pcr\/WhatsApp_Image_2024-09-28_at_09.16.29_1.jpeg","url_video_de_youtube":null,"gallery_project":null,"gallery_repeater":null,"agente_responsable":"429","agentes":null,"amenidades_del_inmueble":null,"areas_comunes_del_inmueble":null,"lugares_cercanos_al_inmueble":null,"plan_de_pagos":null,"unidades_disponibles":null,"opciones_del_proyecto":null,"propiedades_similares":null,"google_map_iframe":null,"convertir_en_landing_page":null,"titulo_breve":null,"breve_descripcion":null,"amenidades_destacadas":null,"galeria_cover":null},"_links":{"self":[{"href":"https:\/\/mrhome.com.do\/en\/wp-json\/wp\/v2\/propiedad\/4488","targetHints":{"allow":["GET"]}}],"collection":[{"href":"https:\/\/mrhome.com.do\/en\/wp-json\/wp\/v2\/propiedad"}],"about":[{"href":"https:\/\/mrhome.com.do\/en\/wp-json\/wp\/v2\/types\/propiedad"}],"wp:attachment":[{"href":"https:\/\/mrhome.com.do\/en\/wp-json\/wp\/v2\/media?parent=4488"}],"wp:term":[{"taxonomy":"category","embeddable":true,"href":"https:\/\/mrhome.com.do\/en\/wp-json\/wp\/v2\/categories?post=4488"},{"taxonomy":"post_tag","embeddable":true,"href":"https:\/\/mrhome.com.do\/en\/wp-json\/wp\/v2\/tags?post=4488"},{"taxonomy":"desarrollador","embeddable":true,"href":"https:\/\/mrhome.com.do\/en\/wp-json\/wp\/v2\/desarrollador?post=4488"},{"taxonomy":"comprar-propiedades","embeddable":true,"href":"https:\/\/mrhome.com.do\/en\/wp-json\/wp\/v2\/comprar-propiedades?post=4488"},{"taxonomy":"operacion","embeddable":true,"href":"https:\/\/mrhome.com.do\/en\/wp-json\/wp\/v2\/operacion?post=4488"},{"taxonomy":"tipo-de-inmueble","embeddable":true,"href":"https:\/\/mrhome.com.do\/en\/wp-json\/wp\/v2\/tipo-de-inmueble?post=4488"},{"taxonomy":"provincia","embeddable":true,"href":"https:\/\/mrhome.com.do\/en\/wp-json\/wp\/v2\/provincia?post=4488"},{"taxonomy":"ciudad","embeddable":true,"href":"https:\/\/mrhome.com.do\/en\/wp-json\/wp\/v2\/ciudad?post=4488"},{"taxonomy":"sector","embeddable":true,"href":"https:\/\/mrhome.com.do\/en\/wp-json\/wp\/v2\/sector?post=4488"}],"curies":[{"name":"wp","href":"https:\/\/api.w.org\/{rel}","templated":true}]}}

Cómodo Apartamento en Alquiler en la Jacobo Majluta

<p style="text-align:left;">
<p style="margin-left:0px;"><span style="color: rgb(28,67,76);background-color: rgb(255,255,255);font-size: 15px;font-family: Inter, sans-serif;"><strong><ins>Cómodo Apartamento en Alquiler ubicado en Santo Domingo Norte.</ins></strong></span></p>
<p style="text-align:left;">
<p style="margin-left:0px;"><span style="color: rgb(36,36,36);background-color: white;font-size: 11.5pt;font-family: Inter, sans-serif;">Este residencial cuenta con una excelente ubicación, en la Av. Jacobo Majluta, fácil acceso, y con cercanía a supermercados, ¡ferreterías, farmacias, colegios, clínicas, hospitales y mucho más!</span>&nbsp;</p>
<p style="text-align:left;"><span style="color: rgb(73,80,87);background-color: white;font-size: 11.5pt;font-family: Inter, sans-serif;">Actualmente se encuentra en ejecución diversas plazas comerciales, salas de cine, y sucursales bancarias.</span></p>
<p style="text-align:left;"><span style="color: rgb(28,67,76);background-color: white;font-size: 11.5pt;font-family: Inter, sans-serif;">Zona completamente Residencial, con todo lo que necesitas para ti y tu familia.</span>&nbsp;</p>
<p style="text-align:left;"></p>
<p style="text-align:left;"><span style="color: rgb(28,67,76);background-color: rgb(255,255,255);font-size: 16px;font-family: Inter, sans-serif;">CARACTERISTICAS</span></p>
<p style="text-align:left;">&nbsp;</p>
<p style="text-align:left;"><span style="color: rgb(28,67,76);background-color: white;font-size: 11.5pt;font-family: Inter, sans-serif;">82.93 Mt2</span> Tamaño de Construcción</p>
<p>44.75 Mt2 Terraza Exclusiva</p>
<p style="text-align:left;"><span style="color: rgb(28,67,76);background-color: white;font-size: 11.5pt;font-family: Inter, sans-serif;">3 Habitaciones</span>&nbsp;</p>
<p style="text-align:left;"><span style="color: rgb(28,67,76);background-color: white;font-size: 11.5pt;font-family: Inter, sans-serif;">2 Baños</span>&nbsp;</p>
<p style="text-align:left;"><span style="color: rgb(28,67,76);background-color: white;font-size: 11.5pt;font-family: Inter, sans-serif;">Sala</span>&nbsp;</p>
<p style="text-align:left;"><span style="color: rgb(28,67,76);background-color: white;font-size: 11.5pt;font-family: Inter, sans-serif;">Comedor</span>&nbsp;</p>
<p style="text-align:left;"><span style="color: rgb(28,67,76);background-color: white;font-size: 11.5pt;font-family: Inter, sans-serif;">Cocina</span>&nbsp;</p>
<p style="text-align:left;"><span style="color: rgb(28,67,76);background-color: white;font-size: 11.5pt;font-family: Inter, sans-serif;">Área de lavado</span>&nbsp;</p>
<p style="text-align:left;"><span style="color: rgb(28,67,76);background-color: white;font-size: 11.5pt;font-family: Inter, sans-serif;">Cuarto de servicio con su baño</span>&nbsp;</p>
<p style="text-align:left;"><span style="color: rgb(28,67,76);background-color: white;font-size: 11.5pt;font-family: Inter, sans-serif;">Balcón Integrado</span>&nbsp;</p>
<p style="text-align:left;"><span style="color: rgb(36,36,36);background-color: white;font-size: 11.5pt;font-family: Inter, sans-serif;">Apto para familias y niños</span>&nbsp;</p>
<p style="text-align:left;"><span style="color: rgb(28,67,76);background-color: white;font-size: 11.5pt;font-family: Inter, sans-serif;">Garita de Seguridad</span>&nbsp;</p>
</p>
<p>Nota: Mantenimiento Incluido.</p>
</p>
<p style="margin-left:0px;"><span style="color: rgb(28,67,76);background-color: white;font-size: 16px;font-family: Inter, sans-serif;">¿Qué esperas?, conoce más de este proyecto, ¡Agenda tu Cita!</span> </p>
<p style="text-align:left;"></p>

<p>Cómodo Apartamento en Alquiler ubicado en Santo Domingo Norte.</p>
<p>Este residencial cuenta con una excelente ubicación, en la Av. Jacobo Majluta, fácil acceso, y con cercanía a supermercados, ¡ferreterías, farmacias, colegios, clínicas, hospitales y mucho más!&nbsp;<br />
Actualmente se encuentra en ejecución diversas plazas comerciales, salas de cine, y sucursales bancarias.<br />
Zona completamente Residencial, con todo lo que necesitas</p>
