{"id":4365,"date":"2024-11-20T00:00:00","date_gmt":"2024-11-20T04:00:00","guid":{"rendered":"https:\/\/mrhomeweb.rtlsmedia.com\/propiedad\/hermosas-villas-disenadas-a-tu-medida-en-vista-cana\/"},"modified":"2025-09-23T16:09:30","modified_gmt":"2025-09-23T20:09:30","slug":"hermosas-villas-disenadas-a-tu-medida-en-vista-cana","status":"publish","type":"propiedad","link":"https:\/\/mrhome.com.do\/en\/propiedad\/hermosas-villas-disenadas-a-tu-medida-en-vista-cana\/","title":{"rendered":"Hermosas villas dise\u00f1adas a tu medida en Vista Cana."},"content":{"rendered":"<p style=\"text-align:start;\"><span style=\"color: rgb(0,32,96);background-color: rgb(255,255,255);font-size: inherit;font-family: Segoe UI Emoji\", sans-serif, serif, EmojiFont;\"> Vista Cana,<\/span> <span style=\"color: rgb(0,32,96);background-color: rgb(255,255,255);font-size: inherit;font-family: Cambria Math\", serif, serif, EmojiFont;\"> <\/span> <span style=\"color: rgb(0,32,96);background-color: rgb(255,255,255);font-size: inherit;font-family: Cambria Math\", serif, serif, EmojiFont;\"> <\/span><\/p>\n<p style=\"text-align:start;\">&nbsp;<\/p>\n<p style=\"text-align:start;\"><span style=\"color: rgb(0,32,96);background-color: rgb(255,255,255);font-size: inherit;font-family: Century Gothic\", sans-serif, serif, EmojiFont;\">Hermosa villa de 340 metros dise\u00f1ada a tu medida, con un dise\u00f1o moderno e innovador, minimalista que te har\u00e1 sentir en el hogar de tus sue\u00f1os, donde podr\u00e1s disfrutar de momentos inolvidables, \u00fanicos y memorable con tus seres queridos en el exclusivo proyecto de m\u00e1s alto est\u00e1ndar y desarrollo, Vista Cana.<\/span><\/p>\n<p style=\"text-align:start;\">&nbsp;<\/p>\n<p style=\"text-align:start;\"><span style=\"color: rgb(0,32,96);background-color: rgb(255,255,255);font-size: inherit;font-family: Century Gothic\", sans-serif, serif, EmojiFont;\">Aqu\u00ed contar\u00e1s con amenidades extras del complejo, como son; dos hermosas playas artificiales, lago de pesca, diversos campos de golf iluminados, restaurantes, bares y casa club de playa con sal\u00f3n de eventos y piscinas.<\/span><\/p>\n<p style=\"text-align:start;\">&nbsp;<\/p>\n<p style=\"text-align:start;\"><span style=\"color: rgb(66,66,66);background-color: rgb(255,255,255);font-size: 11pt;font-family: Calibri, sans-serif;\">Sin duda alguna, es el ambiente perfecto para adquirir tu villa familiar en un ambiente<\/span> <span style=\"color: rgb(66,66,66);background-color: rgb(255,255,255);font-size: 11pt;font-family: inherit;\">luxury<\/span><span style=\"color: rgb(66,66,66);background-color: rgb(255,255,255);font-size: 11pt;font-family: Calibri, sans-serif;\">, tur\u00edstico y completo.<\/span><\/p>\n<p style=\"text-align:start;\">&nbsp;&nbsp;<\/p>\n","protected":false},"excerpt":{"rendered":"<p>Vista Cana,<br \/>\n&nbsp;<br \/>\nHermosa villa de 340 metros dise\u00f1ada a tu medida, con un dise\u00f1o moderno e innovador, minimalista que te har\u00e1 sentir en el hogar de tus sue\u00f1os, donde podr\u00e1s disfrutar de momentos inolvidables, \u00fanicos y memorable con tus seres queridos en el exclusivo proyecto de m\u00e1s alto est\u00e1ndar y desarrollo, Vista Cana.<br \/>\n&nbsp;<br \/>\nAqu\u00ed contar\u00e1s<\/p>\n","protected":false},"featured_media":0,"template":"","meta":{"_acf_changed":false},"categories":[],"tags":[],"desarrollador":[],"comprar-propiedades":[11],"operacion":[3],"tipo-de-inmueble":[8],"provincia":[18],"ciudad":[98],"sector":[508],"class_list":["post-4365","propiedad","type-propiedad","status-publish","hentry","comprar-propiedades-listas","operacion-comprar","tipo-de-inmueble-villas","provincia-la-altagracia","ciudad-higuey","sector-punta-cana"],"acf":{"inmueble_destacado":null,"inmueble_vendido":"0","uid_propiedad":"","cid_propiedad":"417335","operacion_project":"3","tipo_de_inmueble":"8","estado_project":"11","entrega_project":null,"provincia_project":"18","ciudad_project":"98","sector_project":"508","moneda_project":"USD","price_project":"485000","price_project_hasta":null,"ae_precio_de_venta":"485,000.00","ae_precio_alquiler":"","ae_precio_renta_temporal":"","ae_precio_alquier_amueblado":"","ae_precio_venta_amueblado":"","ae_precio_mantenimiento":"","ae_precio_separacion":"","m_construccion_project":"340.00","m_construccion_terreno":"","banos_project":"2.00","parqueo_project":"2","habitacion_project":"2","proyecto_max_de_banos":null,"proyecto_max_de_parqueo":null,"proyecto_max_de_area":null,"proyecto_max_de_habitaciones":null,"proyecto_precio_max":null,"proyecto_moneda_precio_max":null,"proyecto_min_de_banos":null,"proyecto_min_de_parqueos":null,"proyecto_min_de_area":null,"proyecto_min_de_habitaciones":null,"proyecto_precio_min":null,"proyecto_moneda_precio_min":null,"url_imagen_destacada":"https:\/\/d2p0bx8wfdkjkb.cloudfront.net\/static\/properties\/SD1VYND9UU\/E0GMQHOZRH\/ixm3p66mgo\/original-F403C1B6-CD83-4DC3-924F-B242231EC6B4.jpeg","url_gallery_1":"https:\/\/d2p0bx8wfdkjkb.cloudfront.net\/static\/properties\/SD1VYND9UU\/4WRHRW79ZF\/eLUz47DhoP\/VILLA_VERANDA_-_FACHADA_PATIO_DERECHA.jpg","url_gallery_2":"https:\/\/d2p0bx8wfdkjkb.cloudfront.net\/static\/properties\/SD1VYND9UU\/ZWKBK22684\/tkmKo5Dem4\/VILLA_VERANDA_-_FACHADA_FRENTE.jpg","url_gallery_3":"https:\/\/d2p0bx8wfdkjkb.cloudfront.net\/static\/properties\/SD1VYND9UU\/NP201Y5563\/voRAo3Wnc4\/VILLA_VERANDA_-_ESTAR_FAMILIAR_N_-_2_1.jpg","url_gallery_4":"https:\/\/d2p0bx8wfdkjkb.cloudfront.net\/static\/properties\/SD1VYND9UU\/R395HIWL6C\/KSAkZ7DGMB\/VILLA_VERANDA_-_FACHADA_DERECHA_1.jpg","url_gallery_5":"https:\/\/d2p0bx8wfdkjkb.cloudfront.net\/static\/properties\/SD1VYND9UU\/F9QH8I4YE4\/DRzCcKGKJC\/VILLA_VERANDA_-_HABT_PRINCIPAL_N_-_1_PATIO_JACUZZI.jpg","url_video_de_youtube":null,"gallery_project":null,"gallery_repeater":null,"agente_responsable":"489","agentes":null,"amenidades_del_inmueble":null,"areas_comunes_del_inmueble":null,"lugares_cercanos_al_inmueble":null,"plan_de_pagos":null,"unidades_disponibles":null,"opciones_del_proyecto":null,"propiedades_similares":null,"google_map_iframe":null,"convertir_en_landing_page":null,"titulo_breve":null,"breve_descripcion":null,"amenidades_destacadas":null,"galeria_cover":null},"_links":{"self":[{"href":"https:\/\/mrhome.com.do\/en\/wp-json\/wp\/v2\/propiedad\/4365","targetHints":{"allow":["GET"]}}],"collection":[{"href":"https:\/\/mrhome.com.do\/en\/wp-json\/wp\/v2\/propiedad"}],"about":[{"href":"https:\/\/mrhome.com.do\/en\/wp-json\/wp\/v2\/types\/propiedad"}],"wp:attachment":[{"href":"https:\/\/mrhome.com.do\/en\/wp-json\/wp\/v2\/media?parent=4365"}],"wp:term":[{"taxonomy":"category","embeddable":true,"href":"https:\/\/mrhome.com.do\/en\/wp-json\/wp\/v2\/categories?post=4365"},{"taxonomy":"post_tag","embeddable":true,"href":"https:\/\/mrhome.com.do\/en\/wp-json\/wp\/v2\/tags?post=4365"},{"taxonomy":"desarrollador","embeddable":true,"href":"https:\/\/mrhome.com.do\/en\/wp-json\/wp\/v2\/desarrollador?post=4365"},{"taxonomy":"comprar-propiedades","embeddable":true,"href":"https:\/\/mrhome.com.do\/en\/wp-json\/wp\/v2\/comprar-propiedades?post=4365"},{"taxonomy":"operacion","embeddable":true,"href":"https:\/\/mrhome.com.do\/en\/wp-json\/wp\/v2\/operacion?post=4365"},{"taxonomy":"tipo-de-inmueble","embeddable":true,"href":"https:\/\/mrhome.com.do\/en\/wp-json\/wp\/v2\/tipo-de-inmueble?post=4365"},{"taxonomy":"provincia","embeddable":true,"href":"https:\/\/mrhome.com.do\/en\/wp-json\/wp\/v2\/provincia?post=4365"},{"taxonomy":"ciudad","embeddable":true,"href":"https:\/\/mrhome.com.do\/en\/wp-json\/wp\/v2\/ciudad?post=4365"},{"taxonomy":"sector","embeddable":true,"href":"https:\/\/mrhome.com.do\/en\/wp-json\/wp\/v2\/sector?post=4365"}],"curies":[{"name":"wp","href":"https:\/\/api.w.org\/{rel}","templated":true}]}}

Hermosas villas diseñadas a tu medida en Vista Cana.

<p style="text-align:start;"><span style="color: rgb(0,32,96);background-color: rgb(255,255,255);font-size: inherit;font-family: Segoe UI Emoji", sans-serif, serif, EmojiFont;"> Vista Cana,</span> <span style="color: rgb(0,32,96);background-color: rgb(255,255,255);font-size: inherit;font-family: Cambria Math", serif, serif, EmojiFont;"> </span> <span style="color: rgb(0,32,96);background-color: rgb(255,255,255);font-size: inherit;font-family: Cambria Math", serif, serif, EmojiFont;"> </span></p>
<p style="text-align:start;">&nbsp;</p>
<p style="text-align:start;"><span style="color: rgb(0,32,96);background-color: rgb(255,255,255);font-size: inherit;font-family: Century Gothic", sans-serif, serif, EmojiFont;">Hermosa villa de 340 metros diseñada a tu medida, con un diseño moderno e innovador, minimalista que te hará sentir en el hogar de tus sueños, donde podrás disfrutar de momentos inolvidables, únicos y memorable con tus seres queridos en el exclusivo proyecto de más alto estándar y desarrollo, Vista Cana.</span></p>
<p style="text-align:start;">&nbsp;</p>
<p style="text-align:start;"><span style="color: rgb(0,32,96);background-color: rgb(255,255,255);font-size: inherit;font-family: Century Gothic", sans-serif, serif, EmojiFont;">Aquí contarás con amenidades extras del complejo, como son; dos hermosas playas artificiales, lago de pesca, diversos campos de golf iluminados, restaurantes, bares y casa club de playa con salón de eventos y piscinas.</span></p>
<p style="text-align:start;">&nbsp;</p>
<p style="text-align:start;"><span style="color: rgb(66,66,66);background-color: rgb(255,255,255);font-size: 11pt;font-family: Calibri, sans-serif;">Sin duda alguna, es el ambiente perfecto para adquirir tu villa familiar en un ambiente</span> <span style="color: rgb(66,66,66);background-color: rgb(255,255,255);font-size: 11pt;font-family: inherit;">luxury</span><span style="color: rgb(66,66,66);background-color: rgb(255,255,255);font-size: 11pt;font-family: Calibri, sans-serif;">, turístico y completo.</span></p>
<p style="text-align:start;">&nbsp;&nbsp;</p>

<p>Vista Cana,<br />
&nbsp;<br />
Hermosa villa de 340 metros diseñada a tu medida, con un diseño moderno e innovador, minimalista que te hará sentir en el hogar de tus sueños, donde podrás disfrutar de momentos inolvidables, únicos y memorable con tus seres queridos en el exclusivo proyecto de más alto estándar y desarrollo, Vista Cana.<br />
&nbsp;<br />
Aquí contarás</p>
