{"id":4246,"date":"2025-01-20T00:00:00","date_gmt":"2025-01-20T04:00:00","guid":{"rendered":"https:\/\/mrhomeweb.rtlsmedia.com\/propiedad\/venta-apartamento-de-1-habitacion-con-vista-al-mar-en-bella-vista\/"},"modified":"2025-09-23T16:07:46","modified_gmt":"2025-09-23T20:07:46","slug":"venta-apartamento-de-1-habitacion-con-vista-al-mar-en-bella-vista","status":"publish","type":"propiedad","link":"https:\/\/mrhome.com.do\/en\/propiedad\/venta-apartamento-de-1-habitacion-con-vista-al-mar-en-bella-vista\/","title":{"rendered":"Venta Apartamento de 1 habitaci\u00f3n con vista al mar en Bella Vista"},"content":{"rendered":"<p>Apartamento nuevo a estrenar de 1 habitaci\u00f3n muy pr\u00e1ctico y funcional, en Bella Vista.<\/p>\n<\/p>\n<p>&#8211; 54mts maravillosamente distribuidos de la siguiente manera:<\/p>\n<p>&#8211; 1 amplia habitaci\u00f3n con Ba\u00f1o y Walking Closet<\/p>\n<p>&#8211; Sala\/comedor<\/p>\n<p>&#8211; Cocina con desayunador<\/p>\n<p>&#8211; Cuarto de lavado<\/p>\n<p>&#8211; Ba\u00f1o para las visitas<\/p>\n<p>&#8211; 1 Parqueo<\/p>\n<\/p>\n<p><span style=\"color: rgb(28,67,76);background-color: rgb(255,255,255);font-size: 15px;font-family: Inter, sans-serif;\">Este apartamento ha recibido modificaciones y trabajos en techos, paredes e instalaciones el\u00e9ctricas y disfruta de una hermosa vista al mar desde la sala y la habitaci\u00f3n.<\/span><\/p>\n<\/p>\n<p><span style=\"color: rgb(28,67,76);background-color: rgb(255,255,255);font-size: 15px;font-family: Inter, sans-serif;\">La torre en su lugar cuenta con:<\/span><\/p>\n<p><span style=\"color: rgb(28,67,76);background-color: rgb(255,255,255);font-size: 15px;font-family: Inter, sans-serif;\">&#8211; Lobby amuebado y climatizado<\/span><\/p>\n<p><span style=\"color: rgb(28,67,76);background-color: rgb(255,255,255);font-size: 15px;font-family: Inter, sans-serif;\">&#8211; 2 Elevadores<\/span><\/p>\n<p><span style=\"color: rgb(28,67,76);background-color: rgb(255,255,255);font-size: 15px;font-family: Inter, sans-serif;\">y en su \u00faltimo nivel Areas Sociales con:<\/span><\/p>\n<p><span style=\"color: rgb(28,67,76);background-color: rgb(255,255,255);font-size: 15px;font-family: Inter, sans-serif;\">&#8211; Gimnasio<\/span><\/p>\n<p><span style=\"color: rgb(28,67,76);background-color: rgb(255,255,255);font-size: 15px;font-family: Inter, sans-serif;\">&#8211; Sal\u00f3n Multiusos<\/span><\/p>\n<p><span style=\"color: rgb(28,67,76);background-color: rgb(255,255,255);font-size: 15px;font-family: Inter, sans-serif;\">&#8211; Sal\u00f3n de juegos<\/span><br \/><span style=\"color: rgb(28,67,76);background-color: rgb(255,255,255);font-size: 15px;font-family: Inter, sans-serif;\">&#8211; Amplia terraza destechada<\/span><\/p>\n<p><span style=\"color: rgb(28,67,76);background-color: rgb(255,255,255);font-size: 15px;font-family: Inter, sans-serif;\">y Piscina con vista panor\u00e1mica a la ciudad y al mar<\/span><\/p>\n<\/p>\n<p><span style=\"color: rgb(28,67,76);background-color: rgb(255,255,255);font-size: 15px;font-family: Inter, sans-serif;\">Esta es la oportunidad para vivir o invertir como lo has so\u00f1ado!<\/span><\/p>\n<\/p>\n<p><span style=\"color: rgb(28,67,76);background-color: rgb(255,255,255);font-size: 15px;font-family: Inter, sans-serif;\">Agenda un tour por la propiedad antes que sea tarde, estamos para servirte.<\/span><\/p>\n","protected":false},"excerpt":{"rendered":"<p>Apartamento nuevo a estrenar de 1 habitaci\u00f3n muy pr\u00e1ctico y funcional, en Bella Vista.<\/p>\n<p>&#8211; 54mts maravillosamente distribuidos de la siguiente manera:<br \/>\n&#8211; 1 amplia habitaci\u00f3n con Ba\u00f1o y Walking Closet<br \/>\n&#8211; Sala\/comedor<br \/>\n&#8211; Cocina con desayunador<br \/>\n&#8211; Cuarto de lavado<br \/>\n&#8211; Ba\u00f1o para las visitas<br \/>\n&#8211; 1 Parqueo<\/p>\n<p>Este apartamento ha recibido modificaciones y trabajos en techos, paredes e instalaciones el\u00e9ctricas y<\/p>\n","protected":false},"featured_media":0,"template":"","meta":{"_acf_changed":false},"categories":[],"tags":[],"desarrollador":[],"comprar-propiedades":[11],"operacion":[3],"tipo-de-inmueble":[6],"provincia":[15],"ciudad":[16],"sector":[17],"class_list":["post-4246","propiedad","type-propiedad","status-publish","hentry","comprar-propiedades-listas","operacion-comprar","tipo-de-inmueble-apartamentos","provincia-santo-domingo-de-guzman","ciudad-santo-domingo-d-n","sector-bella-vista"],"acf":{"inmueble_destacado":null,"inmueble_vendido":"0","uid_propiedad":"","cid_propiedad":"417623","operacion_project":"3","tipo_de_inmueble":"6","estado_project":"11","entrega_project":null,"provincia_project":"15","ciudad_project":"16","sector_project":"17","moneda_project":"USD","price_project":"169000","price_project_hasta":null,"ae_precio_de_venta":"169,000.00","ae_precio_alquiler":"","ae_precio_renta_temporal":"","ae_precio_alquier_amueblado":"","ae_precio_venta_amueblado":"","ae_precio_mantenimiento":"5,000.00","ae_precio_separacion":"","m_construccion_project":"54.00","m_construccion_terreno":"","banos_project":"1.00","parqueo_project":"1","habitacion_project":"1","proyecto_max_de_banos":null,"proyecto_max_de_parqueo":null,"proyecto_max_de_area":null,"proyecto_max_de_habitaciones":null,"proyecto_precio_max":null,"proyecto_moneda_precio_max":null,"proyecto_min_de_banos":null,"proyecto_min_de_parqueos":null,"proyecto_min_de_area":null,"proyecto_min_de_habitaciones":null,"proyecto_precio_min":null,"proyecto_moneda_precio_min":null,"url_imagen_destacada":"https:\/\/d2p0bx8wfdkjkb.cloudfront.net\/static\/properties\/SD1VYND9UU\/39Y54WJRX2\/YCSTx5k6zS\/IMG_5122_Large.jpeg","url_gallery_1":"https:\/\/d2p0bx8wfdkjkb.cloudfront.net\/static\/properties\/SD1VYND9UU\/IDVXQ27KPK\/Rq5wEseLKE\/IMG_5095.jpeg","url_gallery_2":"https:\/\/d2p0bx8wfdkjkb.cloudfront.net\/static\/properties\/SD1VYND9UU\/FNWXNXYWW0\/nyUdrhguWh\/IMG_5102.jpeg","url_gallery_3":"https:\/\/d2p0bx8wfdkjkb.cloudfront.net\/static\/properties\/SD1VYND9UU\/92YY5X1GDO\/T48fA8Loq8\/IMG_5099_Large.jpeg","url_gallery_4":"https:\/\/d2p0bx8wfdkjkb.cloudfront.net\/static\/properties\/SD1VYND9UU\/UOK516LHKE\/y4N9jw6LKa\/IMG_5108.jpeg","url_gallery_5":"https:\/\/d2p0bx8wfdkjkb.cloudfront.net\/static\/properties\/SD1VYND9UU\/L0WJ9NE2O1\/RbzEDXmYVW\/IMG_5109.jpeg","url_video_de_youtube":null,"gallery_project":null,"gallery_repeater":null,"agente_responsable":"473","agentes":null,"amenidades_del_inmueble":null,"areas_comunes_del_inmueble":null,"lugares_cercanos_al_inmueble":null,"plan_de_pagos":null,"unidades_disponibles":null,"opciones_del_proyecto":null,"propiedades_similares":null,"google_map_iframe":null,"convertir_en_landing_page":null,"titulo_breve":null,"breve_descripcion":null,"amenidades_destacadas":null,"galeria_cover":null},"_links":{"self":[{"href":"https:\/\/mrhome.com.do\/en\/wp-json\/wp\/v2\/propiedad\/4246","targetHints":{"allow":["GET"]}}],"collection":[{"href":"https:\/\/mrhome.com.do\/en\/wp-json\/wp\/v2\/propiedad"}],"about":[{"href":"https:\/\/mrhome.com.do\/en\/wp-json\/wp\/v2\/types\/propiedad"}],"wp:attachment":[{"href":"https:\/\/mrhome.com.do\/en\/wp-json\/wp\/v2\/media?parent=4246"}],"wp:term":[{"taxonomy":"category","embeddable":true,"href":"https:\/\/mrhome.com.do\/en\/wp-json\/wp\/v2\/categories?post=4246"},{"taxonomy":"post_tag","embeddable":true,"href":"https:\/\/mrhome.com.do\/en\/wp-json\/wp\/v2\/tags?post=4246"},{"taxonomy":"desarrollador","embeddable":true,"href":"https:\/\/mrhome.com.do\/en\/wp-json\/wp\/v2\/desarrollador?post=4246"},{"taxonomy":"comprar-propiedades","embeddable":true,"href":"https:\/\/mrhome.com.do\/en\/wp-json\/wp\/v2\/comprar-propiedades?post=4246"},{"taxonomy":"operacion","embeddable":true,"href":"https:\/\/mrhome.com.do\/en\/wp-json\/wp\/v2\/operacion?post=4246"},{"taxonomy":"tipo-de-inmueble","embeddable":true,"href":"https:\/\/mrhome.com.do\/en\/wp-json\/wp\/v2\/tipo-de-inmueble?post=4246"},{"taxonomy":"provincia","embeddable":true,"href":"https:\/\/mrhome.com.do\/en\/wp-json\/wp\/v2\/provincia?post=4246"},{"taxonomy":"ciudad","embeddable":true,"href":"https:\/\/mrhome.com.do\/en\/wp-json\/wp\/v2\/ciudad?post=4246"},{"taxonomy":"sector","embeddable":true,"href":"https:\/\/mrhome.com.do\/en\/wp-json\/wp\/v2\/sector?post=4246"}],"curies":[{"name":"wp","href":"https:\/\/api.w.org\/{rel}","templated":true}]}}

Venta Apartamento de 1 habitación con vista al mar en Bella Vista

<p>Apartamento nuevo a estrenar de 1 habitación muy práctico y funcional, en Bella Vista.</p>
</p>
<p>&#8211; 54mts maravillosamente distribuidos de la siguiente manera:</p>
<p>&#8211; 1 amplia habitación con Baño y Walking Closet</p>
<p>&#8211; Sala/comedor</p>
<p>&#8211; Cocina con desayunador</p>
<p>&#8211; Cuarto de lavado</p>
<p>&#8211; Baño para las visitas</p>
<p>&#8211; 1 Parqueo</p>
</p>
<p><span style="color: rgb(28,67,76);background-color: rgb(255,255,255);font-size: 15px;font-family: Inter, sans-serif;">Este apartamento ha recibido modificaciones y trabajos en techos, paredes e instalaciones eléctricas y disfruta de una hermosa vista al mar desde la sala y la habitación.</span></p>
</p>
<p><span style="color: rgb(28,67,76);background-color: rgb(255,255,255);font-size: 15px;font-family: Inter, sans-serif;">La torre en su lugar cuenta con:</span></p>
<p><span style="color: rgb(28,67,76);background-color: rgb(255,255,255);font-size: 15px;font-family: Inter, sans-serif;">&#8211; Lobby amuebado y climatizado</span></p>
<p><span style="color: rgb(28,67,76);background-color: rgb(255,255,255);font-size: 15px;font-family: Inter, sans-serif;">&#8211; 2 Elevadores</span></p>
<p><span style="color: rgb(28,67,76);background-color: rgb(255,255,255);font-size: 15px;font-family: Inter, sans-serif;">y en su último nivel Areas Sociales con:</span></p>
<p><span style="color: rgb(28,67,76);background-color: rgb(255,255,255);font-size: 15px;font-family: Inter, sans-serif;">&#8211; Gimnasio</span></p>
<p><span style="color: rgb(28,67,76);background-color: rgb(255,255,255);font-size: 15px;font-family: Inter, sans-serif;">&#8211; Salón Multiusos</span></p>
<p><span style="color: rgb(28,67,76);background-color: rgb(255,255,255);font-size: 15px;font-family: Inter, sans-serif;">&#8211; Salón de juegos</span><br /><span style="color: rgb(28,67,76);background-color: rgb(255,255,255);font-size: 15px;font-family: Inter, sans-serif;">&#8211; Amplia terraza destechada</span></p>
<p><span style="color: rgb(28,67,76);background-color: rgb(255,255,255);font-size: 15px;font-family: Inter, sans-serif;">y Piscina con vista panorámica a la ciudad y al mar</span></p>
</p>
<p><span style="color: rgb(28,67,76);background-color: rgb(255,255,255);font-size: 15px;font-family: Inter, sans-serif;">Esta es la oportunidad para vivir o invertir como lo has soñado!</span></p>
</p>
<p><span style="color: rgb(28,67,76);background-color: rgb(255,255,255);font-size: 15px;font-family: Inter, sans-serif;">Agenda un tour por la propiedad antes que sea tarde, estamos para servirte.</span></p>

<p>Apartamento nuevo a estrenar de 1 habitación muy práctico y funcional, en Bella Vista.</p>
<p>&#8211; 54mts maravillosamente distribuidos de la siguiente manera:<br />
&#8211; 1 amplia habitación con Baño y Walking Closet<br />
&#8211; Sala/comedor<br />
&#8211; Cocina con desayunador<br />
&#8211; Cuarto de lavado<br />
&#8211; Baño para las visitas<br />
&#8211; 1 Parqueo</p>
<p>Este apartamento ha recibido modificaciones y trabajos en techos, paredes e instalaciones eléctricas y</p>
