{"id":4182,"date":"2025-02-07T00:00:00","date_gmt":"2025-02-07T04:00:00","guid":{"rendered":"https:\/\/mrhomeweb.rtlsmedia.com\/propiedad\/se-alquila-apartamento-de-3-habitaciones-en-naco\/"},"modified":"2025-09-23T16:06:47","modified_gmt":"2025-09-23T20:06:47","slug":"se-alquila-apartamento-de-3-habitaciones-en-naco","status":"publish","type":"propiedad","link":"https:\/\/mrhome.com.do\/en\/propiedad\/se-alquila-apartamento-de-3-habitaciones-en-naco\/","title":{"rendered":"Se alquila apartamento de 3 habitaciones en Naco"},"content":{"rendered":"<p style=\"text-align:start;\"><span style=\"color: rgb(36,36,36);background-color: rgb(255,255,255);font-size: 15px;font-family: Segoe UI;\">Se alquila apartamento en torre reci\u00e9n entregada, con dise\u00f1o moderno y excelentes amenidades.<\/span><\/p>\n<p style=\"text-align:start;\"><span style=\"color: rgb(36,36,36);background-color: rgb(255,255,255);font-size: 15px;font-family: Segoe UI;\">Detalles del apartamento:<\/span><\/p>\n<\/p>\n<p style=\"text-align:start;\"><span style=\"color: rgb(36,36,36);background-color: rgb(255,255,255);font-size: 15px;font-family: Segoe UI;\">\u2002\u2002\u2002\u2002\u2002\u2002\u2022\u2002\u2002\u2002\u2002\u2002142 m\u00b2 de espacio bien distribuido<\/span><\/p>\n<p style=\"text-align:start;\"><span style=\"color: rgb(36,36,36);background-color: rgb(255,255,255);font-size: 15px;font-family: Segoe UI;\">\u2002\u2002\u2002\u2002\u2002\u2002\u2022\u2002\u2002\u2002\u2002\u20023 habitaciones amplias y luminosas<\/span><\/p>\n<p style=\"text-align:start;\"><span style=\"color: rgb(36,36,36);background-color: rgb(255,255,255);font-size: 15px;font-family: Segoe UI;\">\u2002\u2002\u2002\u2002\u2002\u2002\u2022\u2002\u2002\u2002\u2002\u20022 parqueos privados<\/span><\/p>\n<p style=\"text-align:start;\">&nbsp;<\/p>\n<p style=\"text-align:start;\"><\/p>\n<p style=\"text-align:start;\"><span style=\"color: rgb(36,36,36);background-color: rgb(255,255,255);font-size: 15px;font-family: Segoe UI;\">Amenidades y \u00e1reas sociales<\/span><\/p>\n<p style=\"text-align:start;\"><\/p>\n<p style=\"text-align:start;\"><span style=\"color: rgb(36,36,36);background-color: rgb(255,255,255);font-size: 15px;font-family: Segoe UI;\">Ubicado en Naco, una de las zonas m\u00e1s exclusivas y c\u00e9ntricas de Santo Domingo, con f\u00e1cil acceso a todo lo que necesitas.<\/span><\/p>\n<p style=\"text-align:start;\"><span style=\"color: rgb(36,36,36);background-color: rgb(255,255,255);font-size: 15px;font-family: Segoe UI;\">  Cont\u00e1ctame para m\u00e1s informaci\u00f3n o para agendar una visita.<\/span>&nbsp;<\/p>\n","protected":false},"excerpt":{"rendered":"<p>Se alquila apartamento en torre reci\u00e9n entregada, con dise\u00f1o moderno y excelentes amenidades.<br \/>\nDetalles del apartamento:<\/p>\n<p>\u2002\u2002\u2002\u2002\u2002\u2002\u2022\u2002\u2002\u2002\u2002\u2002142 m\u00b2 de espacio bien distribuido<br \/>\n\u2002\u2002\u2002\u2002\u2002\u2002\u2022\u2002\u2002\u2002\u2002\u20023 habitaciones amplias y luminosas<br \/>\n\u2002\u2002\u2002\u2002\u2002\u2002\u2022\u2002\u2002\u2002\u2002\u20022 parqueos privados<br \/>\n&nbsp;<\/p>\n<p>Amenidades y \u00e1reas sociales<\/p>\n<p>Ubicado en Naco, una de las zonas m\u00e1s exclusivas y c\u00e9ntricas de Santo Domingo, con f\u00e1cil acceso a todo lo que necesitas.<br \/>\n  Cont\u00e1ctame para m\u00e1s informaci\u00f3n o<\/p>\n","protected":false},"featured_media":0,"template":"","meta":{"_acf_changed":false},"categories":[],"tags":[],"desarrollador":[],"comprar-propiedades":[11],"operacion":[4],"tipo-de-inmueble":[6],"provincia":[15],"ciudad":[16],"sector":[307],"class_list":["post-4182","propiedad","type-propiedad","status-publish","hentry","comprar-propiedades-listas","operacion-alquilar","tipo-de-inmueble-apartamentos","provincia-santo-domingo-de-guzman","ciudad-santo-domingo-d-n","sector-ensanche-naco"],"acf":{"inmueble_destacado":null,"inmueble_vendido":"0","uid_propiedad":"","cid_propiedad":"417759","operacion_project":"4","tipo_de_inmueble":"6","estado_project":"11","entrega_project":null,"provincia_project":"15","ciudad_project":"16","sector_project":"307","moneda_project":"DOP","price_project":"2000","price_project_hasta":null,"ae_precio_de_venta":"","ae_precio_alquiler":"2,000.00","ae_precio_renta_temporal":"","ae_precio_alquier_amueblado":"","ae_precio_venta_amueblado":"","ae_precio_mantenimiento":"","ae_precio_separacion":"","m_construccion_project":"142.00","m_construccion_terreno":"","banos_project":"","parqueo_project":"2","habitacion_project":"3","proyecto_max_de_banos":null,"proyecto_max_de_parqueo":null,"proyecto_max_de_area":null,"proyecto_max_de_habitaciones":null,"proyecto_precio_max":null,"proyecto_moneda_precio_max":null,"proyecto_min_de_banos":null,"proyecto_min_de_parqueos":null,"proyecto_min_de_area":null,"proyecto_min_de_habitaciones":null,"proyecto_precio_min":null,"proyecto_moneda_precio_min":null,"url_imagen_destacada":"https:\/\/d2p0bx8wfdkjkb.cloudfront.net\/static\/properties\/SD1VYND9UU\/RZ6CJ0CW9E\/DdphTR7ZRE\/2.jpeg","url_gallery_1":"https:\/\/d2p0bx8wfdkjkb.cloudfront.net\/static\/properties\/SD1VYND9UU\/U9IMEYXKQ5\/bAqxZVKy8b\/9.jpeg","url_gallery_2":"https:\/\/d2p0bx8wfdkjkb.cloudfront.net\/static\/properties\/SD1VYND9UU\/E3VNEV9F0W\/eAE2wZyteo\/10.jpeg","url_gallery_3":"https:\/\/d2p0bx8wfdkjkb.cloudfront.net\/static\/properties\/SD1VYND9UU\/BOUTT2C3GI\/S4sZ9LjVDj\/11.jpeg","url_gallery_4":"https:\/\/d2p0bx8wfdkjkb.cloudfront.net\/static\/properties\/SD1VYND9UU\/7HMIMV9SJK\/jh7kz9RZsq\/12.jpeg","url_gallery_5":"https:\/\/d2p0bx8wfdkjkb.cloudfront.net\/static\/properties\/SD1VYND9UU\/CKI7JCPTBX\/JHR5VKgx47\/5.jpeg","url_video_de_youtube":null,"gallery_project":null,"gallery_repeater":null,"agente_responsable":"485","agentes":null,"amenidades_del_inmueble":null,"areas_comunes_del_inmueble":null,"lugares_cercanos_al_inmueble":null,"plan_de_pagos":null,"unidades_disponibles":null,"opciones_del_proyecto":null,"propiedades_similares":null,"google_map_iframe":null,"convertir_en_landing_page":null,"titulo_breve":null,"breve_descripcion":null,"amenidades_destacadas":null,"galeria_cover":null},"_links":{"self":[{"href":"https:\/\/mrhome.com.do\/en\/wp-json\/wp\/v2\/propiedad\/4182","targetHints":{"allow":["GET"]}}],"collection":[{"href":"https:\/\/mrhome.com.do\/en\/wp-json\/wp\/v2\/propiedad"}],"about":[{"href":"https:\/\/mrhome.com.do\/en\/wp-json\/wp\/v2\/types\/propiedad"}],"wp:attachment":[{"href":"https:\/\/mrhome.com.do\/en\/wp-json\/wp\/v2\/media?parent=4182"}],"wp:term":[{"taxonomy":"category","embeddable":true,"href":"https:\/\/mrhome.com.do\/en\/wp-json\/wp\/v2\/categories?post=4182"},{"taxonomy":"post_tag","embeddable":true,"href":"https:\/\/mrhome.com.do\/en\/wp-json\/wp\/v2\/tags?post=4182"},{"taxonomy":"desarrollador","embeddable":true,"href":"https:\/\/mrhome.com.do\/en\/wp-json\/wp\/v2\/desarrollador?post=4182"},{"taxonomy":"comprar-propiedades","embeddable":true,"href":"https:\/\/mrhome.com.do\/en\/wp-json\/wp\/v2\/comprar-propiedades?post=4182"},{"taxonomy":"operacion","embeddable":true,"href":"https:\/\/mrhome.com.do\/en\/wp-json\/wp\/v2\/operacion?post=4182"},{"taxonomy":"tipo-de-inmueble","embeddable":true,"href":"https:\/\/mrhome.com.do\/en\/wp-json\/wp\/v2\/tipo-de-inmueble?post=4182"},{"taxonomy":"provincia","embeddable":true,"href":"https:\/\/mrhome.com.do\/en\/wp-json\/wp\/v2\/provincia?post=4182"},{"taxonomy":"ciudad","embeddable":true,"href":"https:\/\/mrhome.com.do\/en\/wp-json\/wp\/v2\/ciudad?post=4182"},{"taxonomy":"sector","embeddable":true,"href":"https:\/\/mrhome.com.do\/en\/wp-json\/wp\/v2\/sector?post=4182"}],"curies":[{"name":"wp","href":"https:\/\/api.w.org\/{rel}","templated":true}]}}

<p style="text-align:start;"><span style="color: rgb(36,36,36);background-color: rgb(255,255,255);font-size: 15px;font-family: Segoe UI;">Se alquila apartamento en torre recién entregada, con diseño moderno y excelentes amenidades.</span></p>
<p style="text-align:start;"><span style="color: rgb(36,36,36);background-color: rgb(255,255,255);font-size: 15px;font-family: Segoe UI;">Detalles del apartamento:</span></p>
</p>
<p style="text-align:start;"><span style="color: rgb(36,36,36);background-color: rgb(255,255,255);font-size: 15px;font-family: Segoe UI;">      •     142 m² de espacio bien distribuido</span></p>
<p style="text-align:start;"><span style="color: rgb(36,36,36);background-color: rgb(255,255,255);font-size: 15px;font-family: Segoe UI;">      •     3 habitaciones amplias y luminosas</span></p>
<p style="text-align:start;"><span style="color: rgb(36,36,36);background-color: rgb(255,255,255);font-size: 15px;font-family: Segoe UI;">      •     2 parqueos privados</span></p>
<p style="text-align:start;">&nbsp;</p>
<p style="text-align:start;"></p>
<p style="text-align:start;"><span style="color: rgb(36,36,36);background-color: rgb(255,255,255);font-size: 15px;font-family: Segoe UI;">Amenidades y áreas sociales</span></p>
<p style="text-align:start;"></p>
<p style="text-align:start;"><span style="color: rgb(36,36,36);background-color: rgb(255,255,255);font-size: 15px;font-family: Segoe UI;">Ubicado en Naco, una de las zonas más exclusivas y céntricas de Santo Domingo, con fácil acceso a todo lo que necesitas.</span></p>
<p style="text-align:start;"><span style="color: rgb(36,36,36);background-color: rgb(255,255,255);font-size: 15px;font-family: Segoe UI;">  Contáctame para más información o para agendar una visita.</span>&nbsp;</p>

<p>Se alquila apartamento en torre recién entregada, con diseño moderno y excelentes amenidades.<br />
Detalles del apartamento:</p>
<p>      •     142 m² de espacio bien distribuido<br />
      •     3 habitaciones amplias y luminosas<br />
      •     2 parqueos privados<br />
&nbsp;</p>
<p>Amenidades y áreas sociales</p>
<p>Ubicado en Naco, una de las zonas más exclusivas y céntricas de Santo Domingo, con fácil acceso a todo lo que necesitas.<br />
  Contáctame para más información o</p>
