{"id":4173,"date":"2025-02-11T00:00:00","date_gmt":"2025-02-11T04:00:00","guid":{"rendered":"https:\/\/mrhomeweb.rtlsmedia.com\/propiedad\/apartamento-amueblado-en-renta\/"},"modified":"2025-09-23T16:06:39","modified_gmt":"2025-09-23T20:06:39","slug":"apartamento-amueblado-en-renta","status":"publish","type":"propiedad","link":"https:\/\/mrhome.com.do\/en\/propiedad\/apartamento-amueblado-en-renta\/","title":{"rendered":"Apartamento Amueblado en Renta"},"content":{"rendered":"<p><strong>  Apartamento en Renta \u2013 Urbanizaci\u00f3n Neftal\u00ed 1  <\/strong><\/p>\n<\/p>\n<p>  <strong>Ubicaci\u00f3n ideal:<\/strong> Disfruta de la comodidad de vivir en una zona estrat\u00e9gica, cerca de bancos, restaurantes, supermercados y todo lo que necesitas.<\/p>\n<p>\u2728 <strong>Caracter\u00edsticas:<\/strong><br \/>\u2714 <strong>3 habitaciones<\/strong> amplias y confortables<br \/>\u2714 <strong>2 ba\u00f1os<\/strong> modernos<br \/>\u2714 <strong>Sala y comedor<\/strong> con un dise\u00f1o acogedor<br \/>\u2714 <strong>Cocina equipada<\/strong> lista para usar<br \/>\u2714 <strong>1 parqueo<\/strong> privado<br \/>\u2714 <strong>Totalmente amueblado<\/strong>, listo para mudarse<\/p>\n<\/p>\n<p>  \u00a1No pierdas esta oportunidad! Cont\u00e1ctanos para m\u00e1s informaci\u00f3n o agendar una visita.  &nbsp;<\/p>\n","protected":false},"excerpt":{"rendered":"<p>Apartamento en Renta \u2013 Urbanizaci\u00f3n Neftal\u00ed 1  <\/p>\n<p>  Ubicaci\u00f3n ideal: Disfruta de la comodidad de vivir en una zona estrat\u00e9gica, cerca de bancos, restaurantes, supermercados y todo lo que necesitas.<br \/>\n\u2728 Caracter\u00edsticas:\u2714 3 habitaciones amplias y confortables\u2714 2 ba\u00f1os modernos\u2714 Sala y comedor con un dise\u00f1o acogedor\u2714 Cocina equipada lista para usar\u2714 1 parqueo privado\u2714<\/p>\n","protected":false},"featured_media":0,"template":"","meta":{"_acf_changed":false},"categories":[],"tags":[],"desarrollador":[],"comprar-propiedades":[11],"operacion":[4],"tipo-de-inmueble":[6],"provincia":[62],"ciudad":[128],"sector":[593],"class_list":["post-4173","propiedad","type-propiedad","status-publish","hentry","comprar-propiedades-listas","operacion-alquilar","tipo-de-inmueble-apartamentos","provincia-duarte","ciudad-san-francisco-de-macoris","sector-urbanizacion-neftali"],"acf":{"inmueble_destacado":null,"inmueble_vendido":"0","uid_propiedad":"","cid_propiedad":"417778","operacion_project":"4","tipo_de_inmueble":"6","estado_project":"11","entrega_project":null,"provincia_project":"62","ciudad_project":"128","sector_project":"593","moneda_project":"DOP","price_project":"800","price_project_hasta":null,"ae_precio_de_venta":"","ae_precio_alquiler":"","ae_precio_renta_temporal":"","ae_precio_alquier_amueblado":"800.00","ae_precio_venta_amueblado":"","ae_precio_mantenimiento":"","ae_precio_separacion":"","m_construccion_project":"130.94","m_construccion_terreno":"","banos_project":"2.00","parqueo_project":"1","habitacion_project":"3","proyecto_max_de_banos":null,"proyecto_max_de_parqueo":null,"proyecto_max_de_area":null,"proyecto_max_de_habitaciones":null,"proyecto_precio_max":null,"proyecto_moneda_precio_max":null,"proyecto_min_de_banos":null,"proyecto_min_de_parqueos":null,"proyecto_min_de_area":null,"proyecto_min_de_habitaciones":null,"proyecto_precio_min":null,"proyecto_moneda_precio_min":null,"url_imagen_destacada":"https:\/\/d2p0bx8wfdkjkb.cloudfront.net\/static\/properties\/SD1VYND9UU\/D3E34RNF9A\/L7zggJQ23S\/Imagen_de_WhatsApp_2025-02-11_a_las_10.jpeg","url_gallery_1":"https:\/\/d2p0bx8wfdkjkb.cloudfront.net\/static\/properties\/SD1VYND9UU\/CJCGK9YJXE\/6CkUZeAWV8\/IMG-20250211-WA0067.jpeg","url_gallery_2":"https:\/\/d2p0bx8wfdkjkb.cloudfront.net\/static\/properties\/SD1VYND9UU\/RLGQPHCY0S\/YTo3YfmzCV\/IMG-20250211-WA0066.jpeg","url_gallery_3":"https:\/\/d2p0bx8wfdkjkb.cloudfront.net\/static\/properties\/SD1VYND9UU\/H0KPZDGQI1\/ysQ8MZ9rUP\/IMG-20250211-WA0065.jpeg","url_gallery_4":"https:\/\/d2p0bx8wfdkjkb.cloudfront.net\/static\/properties\/SD1VYND9UU\/GVF551VGSJ\/JjQUR3M5t7\/IMG-20250211-WA0064.jpeg","url_gallery_5":"https:\/\/d2p0bx8wfdkjkb.cloudfront.net\/static\/properties\/SD1VYND9UU\/BTJYVVNYFF\/B2tdBqAPEJ\/IMG-20250211-WA0063.jpeg","url_video_de_youtube":null,"gallery_project":null,"gallery_repeater":null,"agente_responsable":"497","agentes":null,"amenidades_del_inmueble":null,"areas_comunes_del_inmueble":null,"lugares_cercanos_al_inmueble":null,"plan_de_pagos":null,"unidades_disponibles":null,"opciones_del_proyecto":null,"propiedades_similares":null,"google_map_iframe":null,"convertir_en_landing_page":null,"titulo_breve":null,"breve_descripcion":null,"amenidades_destacadas":null,"galeria_cover":null},"_links":{"self":[{"href":"https:\/\/mrhome.com.do\/en\/wp-json\/wp\/v2\/propiedad\/4173","targetHints":{"allow":["GET"]}}],"collection":[{"href":"https:\/\/mrhome.com.do\/en\/wp-json\/wp\/v2\/propiedad"}],"about":[{"href":"https:\/\/mrhome.com.do\/en\/wp-json\/wp\/v2\/types\/propiedad"}],"wp:attachment":[{"href":"https:\/\/mrhome.com.do\/en\/wp-json\/wp\/v2\/media?parent=4173"}],"wp:term":[{"taxonomy":"category","embeddable":true,"href":"https:\/\/mrhome.com.do\/en\/wp-json\/wp\/v2\/categories?post=4173"},{"taxonomy":"post_tag","embeddable":true,"href":"https:\/\/mrhome.com.do\/en\/wp-json\/wp\/v2\/tags?post=4173"},{"taxonomy":"desarrollador","embeddable":true,"href":"https:\/\/mrhome.com.do\/en\/wp-json\/wp\/v2\/desarrollador?post=4173"},{"taxonomy":"comprar-propiedades","embeddable":true,"href":"https:\/\/mrhome.com.do\/en\/wp-json\/wp\/v2\/comprar-propiedades?post=4173"},{"taxonomy":"operacion","embeddable":true,"href":"https:\/\/mrhome.com.do\/en\/wp-json\/wp\/v2\/operacion?post=4173"},{"taxonomy":"tipo-de-inmueble","embeddable":true,"href":"https:\/\/mrhome.com.do\/en\/wp-json\/wp\/v2\/tipo-de-inmueble?post=4173"},{"taxonomy":"provincia","embeddable":true,"href":"https:\/\/mrhome.com.do\/en\/wp-json\/wp\/v2\/provincia?post=4173"},{"taxonomy":"ciudad","embeddable":true,"href":"https:\/\/mrhome.com.do\/en\/wp-json\/wp\/v2\/ciudad?post=4173"},{"taxonomy":"sector","embeddable":true,"href":"https:\/\/mrhome.com.do\/en\/wp-json\/wp\/v2\/sector?post=4173"}],"curies":[{"name":"wp","href":"https:\/\/api.w.org\/{rel}","templated":true}]}}

<p><strong>  Apartamento en Renta – Urbanización Neftalí 1  </strong></p>
</p>
<p>  <strong>Ubicación ideal:</strong> Disfruta de la comodidad de vivir en una zona estratégica, cerca de bancos, restaurantes, supermercados y todo lo que necesitas.</p>
<p>✨ <strong>Características:</strong><br />✔ <strong>3 habitaciones</strong> amplias y confortables<br />✔ <strong>2 baños</strong> modernos<br />✔ <strong>Sala y comedor</strong> con un diseño acogedor<br />✔ <strong>Cocina equipada</strong> lista para usar<br />✔ <strong>1 parqueo</strong> privado<br />✔ <strong>Totalmente amueblado</strong>, listo para mudarse</p>
</p>
<p>  ¡No pierdas esta oportunidad! Contáctanos para más información o agendar una visita.  &nbsp;</p>

<p>Apartamento en Renta – Urbanización Neftalí 1  </p>
<p>  Ubicación ideal: Disfruta de la comodidad de vivir en una zona estratégica, cerca de bancos, restaurantes, supermercados y todo lo que necesitas.<br />
✨ Características:✔ 3 habitaciones amplias y confortables✔ 2 baños modernos✔ Sala y comedor con un diseño acogedor✔ Cocina equipada lista para usar✔ 1 parqueo privado✔</p>
