{"id":4156,"date":"2025-02-14T00:00:00","date_gmt":"2025-02-14T04:00:00","guid":{"rendered":"https:\/\/mrhomeweb.rtlsmedia.com\/propiedad\/amplio-apartamento-en-bella-vista\/"},"modified":"2025-09-23T16:06:23","modified_gmt":"2025-09-23T20:06:23","slug":"amplio-apartamento-en-bella-vista","status":"publish","type":"propiedad","link":"https:\/\/mrhome.com.do\/en\/propiedad\/amplio-apartamento-en-bella-vista\/","title":{"rendered":"Amplio apartamento en bella vista"},"content":{"rendered":"<p><span style=\"color: rgb(32,32,57);background-color: rgb(255,255,255);font-size: 16px;font-family: Red Hat Text;\">Piso 7<\/span><br \/><span style=\"color: rgb(32,32,57);background-color: rgb(255,255,255);font-size: 16px;font-family: Red Hat Text;\">3 habitaciones<\/span><br \/><span style=\"color: rgb(32,32,57);background-color: rgb(255,255,255);font-size: 16px;font-family: Red Hat Text;\">3.5 ba\u00f1os<\/span><br \/><span style=\"color: rgb(32,32,57);background-color: rgb(255,255,255);font-size: 16px;font-family: Red Hat Text;\">2 parqueos paralelos techados<\/span><br \/><span style=\"color: rgb(32,32,57);background-color: rgb(255,255,255);font-size: 16px;font-family: Red Hat Text;\">2 salas<\/span><br \/><span style=\"color: rgb(32,32,57);background-color: rgb(255,255,255);font-size: 16px;font-family: Red Hat Text;\">comedor<\/span><br \/><span style=\"color: rgb(32,32,57);background-color: rgb(255,255,255);font-size: 16px;font-family: Red Hat Text;\">Balc\u00f3n<\/span><br \/><span style=\"color: rgb(32,32,57);background-color: rgb(255,255,255);font-size: 16px;font-family: Red Hat Text;\">Habitaci\u00f3n de servicio<\/span><br \/><span style=\"color: rgb(32,32,57);background-color: rgb(255,255,255);font-size: 16px;font-family: Red Hat Text;\">\u00c1rea de lavado<\/span><br \/><span style=\"color: rgb(32,32,57);background-color: rgb(255,255,255);font-size: 16px;font-family: Red Hat Text;\">Ascensor<\/span><br \/><span style=\"color: rgb(32,32,57);background-color: rgb(255,255,255);font-size: 16px;font-family: Red Hat Text;\">Planta electrica<\/span><br \/><span style=\"color: rgb(32,32,57);background-color: rgb(255,255,255);font-size: 16px;font-family: Red Hat Text;\">Gas com\u00fan<\/span><br \/><span style=\"color: rgb(32,32,57);background-color: rgb(255,255,255);font-size: 16px;font-family: Red Hat Text;\">Lobby<\/span><br \/><span style=\"color: rgb(32,32,57);background-color: rgb(255,255,255);font-size: 16px;font-family: Red Hat Text;\">C\u00e1mara de vigilancia<\/span><br \/><span style=\"color: rgb(32,32,57);background-color: rgb(255,255,255);font-size: 16px;font-family: Red Hat Text;\">Port\u00f3n el\u00e9ctrico<\/span><br \/><span style=\"color: rgb(32,32,57);background-color: rgb(255,255,255);font-size: 16px;font-family: Red Hat Text;\">Vigilancia 24\/7<\/span><br \/><span style=\"color: rgb(32,32,57);background-color: rgb(255,255,255);font-size: 16px;font-family: Red Hat Text;\">El edificio tiene sistema de purificaci\u00f3n de agua<\/span>&nbsp;<\/p>\n","protected":false},"excerpt":{"rendered":"<p>Piso 73 habitaciones3.5 ba\u00f1os2 parqueos paralelos techados2 salascomedorBalc\u00f3nHabitaci\u00f3n de servicio\u00c1rea de lavadoAscensorPlanta electricaGas com\u00fanLobbyC\u00e1mara de vigilanciaPort\u00f3n el\u00e9ctricoVigilancia 24\/7El edificio tiene sistema de purificaci\u00f3n de agua&nbsp;<\/p>\n","protected":false},"featured_media":0,"template":"","meta":{"_acf_changed":false},"categories":[],"tags":[],"desarrollador":[],"comprar-propiedades":[11],"operacion":[3],"tipo-de-inmueble":[6],"provincia":[15],"ciudad":[16],"sector":[17],"class_list":["post-4156","propiedad","type-propiedad","status-publish","hentry","comprar-propiedades-listas","operacion-comprar","tipo-de-inmueble-apartamentos","provincia-santo-domingo-de-guzman","ciudad-santo-domingo-d-n","sector-bella-vista"],"acf":{"inmueble_destacado":null,"inmueble_vendido":"0","uid_propiedad":"","cid_propiedad":"417803","operacion_project":"3","tipo_de_inmueble":"6","estado_project":"11","entrega_project":null,"provincia_project":"15","ciudad_project":"16","sector_project":"17","moneda_project":"USD","price_project":"290000","price_project_hasta":null,"ae_precio_de_venta":"290,000.00","ae_precio_alquiler":"","ae_precio_renta_temporal":"","ae_precio_alquier_amueblado":"","ae_precio_venta_amueblado":"","ae_precio_mantenimiento":"15,000.00","ae_precio_separacion":"","m_construccion_project":"218.00","m_construccion_terreno":"","banos_project":"3.00","parqueo_project":"2","habitacion_project":"3","proyecto_max_de_banos":null,"proyecto_max_de_parqueo":null,"proyecto_max_de_area":null,"proyecto_max_de_habitaciones":null,"proyecto_precio_max":null,"proyecto_moneda_precio_max":null,"proyecto_min_de_banos":null,"proyecto_min_de_parqueos":null,"proyecto_min_de_area":null,"proyecto_min_de_habitaciones":null,"proyecto_precio_min":null,"proyecto_moneda_precio_min":null,"url_imagen_destacada":"https:\/\/d2p0bx8wfdkjkb.cloudfront.net\/static\/properties\/SD1VYND9UU\/WWQU26XNMP\/rMM29HAaFa\/WhatsApp_Image_2025-02-14_at_5.jpeg","url_gallery_1":"https:\/\/d2p0bx8wfdkjkb.cloudfront.net\/static\/properties\/SD1VYND9UU\/OQ5UCTYD63\/35CVcTHT5M\/WhatsApp_Image_2025-02-14_at_5.jpeg","url_gallery_2":"https:\/\/d2p0bx8wfdkjkb.cloudfront.net\/static\/properties\/SD1VYND9UU\/G1TWZIXX79\/Yd6cBTxK8d\/WhatsApp_Image_2025-02-14_at_5.jpeg","url_gallery_3":"https:\/\/d2p0bx8wfdkjkb.cloudfront.net\/static\/properties\/SD1VYND9UU\/GYSCI2PK9X\/39NYx7eQXF\/WhatsApp_Image_2025-02-14_at_5.jpeg","url_gallery_4":"https:\/\/d2p0bx8wfdkjkb.cloudfront.net\/static\/properties\/SD1VYND9UU\/I8DSJUM856\/VSZKNoeLbh\/WhatsApp_Image_2025-02-14_at_5.jpeg","url_gallery_5":"https:\/\/d2p0bx8wfdkjkb.cloudfront.net\/static\/properties\/SD1VYND9UU\/D1MISL7FKM\/xWneHowvys\/WhatsApp_Image_2025-02-14_at_5.jpeg","url_video_de_youtube":null,"gallery_project":null,"gallery_repeater":null,"agente_responsable":"531","agentes":null,"amenidades_del_inmueble":null,"areas_comunes_del_inmueble":null,"lugares_cercanos_al_inmueble":null,"plan_de_pagos":null,"unidades_disponibles":null,"opciones_del_proyecto":null,"propiedades_similares":null,"google_map_iframe":null,"convertir_en_landing_page":null,"titulo_breve":null,"breve_descripcion":null,"amenidades_destacadas":null,"galeria_cover":null},"_links":{"self":[{"href":"https:\/\/mrhome.com.do\/en\/wp-json\/wp\/v2\/propiedad\/4156","targetHints":{"allow":["GET"]}}],"collection":[{"href":"https:\/\/mrhome.com.do\/en\/wp-json\/wp\/v2\/propiedad"}],"about":[{"href":"https:\/\/mrhome.com.do\/en\/wp-json\/wp\/v2\/types\/propiedad"}],"wp:attachment":[{"href":"https:\/\/mrhome.com.do\/en\/wp-json\/wp\/v2\/media?parent=4156"}],"wp:term":[{"taxonomy":"category","embeddable":true,"href":"https:\/\/mrhome.com.do\/en\/wp-json\/wp\/v2\/categories?post=4156"},{"taxonomy":"post_tag","embeddable":true,"href":"https:\/\/mrhome.com.do\/en\/wp-json\/wp\/v2\/tags?post=4156"},{"taxonomy":"desarrollador","embeddable":true,"href":"https:\/\/mrhome.com.do\/en\/wp-json\/wp\/v2\/desarrollador?post=4156"},{"taxonomy":"comprar-propiedades","embeddable":true,"href":"https:\/\/mrhome.com.do\/en\/wp-json\/wp\/v2\/comprar-propiedades?post=4156"},{"taxonomy":"operacion","embeddable":true,"href":"https:\/\/mrhome.com.do\/en\/wp-json\/wp\/v2\/operacion?post=4156"},{"taxonomy":"tipo-de-inmueble","embeddable":true,"href":"https:\/\/mrhome.com.do\/en\/wp-json\/wp\/v2\/tipo-de-inmueble?post=4156"},{"taxonomy":"provincia","embeddable":true,"href":"https:\/\/mrhome.com.do\/en\/wp-json\/wp\/v2\/provincia?post=4156"},{"taxonomy":"ciudad","embeddable":true,"href":"https:\/\/mrhome.com.do\/en\/wp-json\/wp\/v2\/ciudad?post=4156"},{"taxonomy":"sector","embeddable":true,"href":"https:\/\/mrhome.com.do\/en\/wp-json\/wp\/v2\/sector?post=4156"}],"curies":[{"name":"wp","href":"https:\/\/api.w.org\/{rel}","templated":true}]}}

<p><span style="color: rgb(32,32,57);background-color: rgb(255,255,255);font-size: 16px;font-family: Red Hat Text;">Piso 7</span><br /><span style="color: rgb(32,32,57);background-color: rgb(255,255,255);font-size: 16px;font-family: Red Hat Text;">3 habitaciones</span><br /><span style="color: rgb(32,32,57);background-color: rgb(255,255,255);font-size: 16px;font-family: Red Hat Text;">3.5 baños</span><br /><span style="color: rgb(32,32,57);background-color: rgb(255,255,255);font-size: 16px;font-family: Red Hat Text;">2 parqueos paralelos techados</span><br /><span style="color: rgb(32,32,57);background-color: rgb(255,255,255);font-size: 16px;font-family: Red Hat Text;">2 salas</span><br /><span style="color: rgb(32,32,57);background-color: rgb(255,255,255);font-size: 16px;font-family: Red Hat Text;">comedor</span><br /><span style="color: rgb(32,32,57);background-color: rgb(255,255,255);font-size: 16px;font-family: Red Hat Text;">Balcón</span><br /><span style="color: rgb(32,32,57);background-color: rgb(255,255,255);font-size: 16px;font-family: Red Hat Text;">Habitación de servicio</span><br /><span style="color: rgb(32,32,57);background-color: rgb(255,255,255);font-size: 16px;font-family: Red Hat Text;">Área de lavado</span><br /><span style="color: rgb(32,32,57);background-color: rgb(255,255,255);font-size: 16px;font-family: Red Hat Text;">Ascensor</span><br /><span style="color: rgb(32,32,57);background-color: rgb(255,255,255);font-size: 16px;font-family: Red Hat Text;">Planta electrica</span><br /><span style="color: rgb(32,32,57);background-color: rgb(255,255,255);font-size: 16px;font-family: Red Hat Text;">Gas común</span><br /><span style="color: rgb(32,32,57);background-color: rgb(255,255,255);font-size: 16px;font-family: Red Hat Text;">Lobby</span><br /><span style="color: rgb(32,32,57);background-color: rgb(255,255,255);font-size: 16px;font-family: Red Hat Text;">Cámara de vigilancia</span><br /><span style="color: rgb(32,32,57);background-color: rgb(255,255,255);font-size: 16px;font-family: Red Hat Text;">Portón eléctrico</span><br /><span style="color: rgb(32,32,57);background-color: rgb(255,255,255);font-size: 16px;font-family: Red Hat Text;">Vigilancia 24/7</span><br /><span style="color: rgb(32,32,57);background-color: rgb(255,255,255);font-size: 16px;font-family: Red Hat Text;">El edificio tiene sistema de purificación de agua</span>&nbsp;</p>

<p>Piso 73 habitaciones3.5 baños2 parqueos paralelos techados2 salascomedorBalcónHabitación de servicioÁrea de lavadoAscensorPlanta electricaGas comúnLobbyCámara de vigilanciaPortón eléctricoVigilancia 24/7El edificio tiene sistema de purificación de agua&nbsp;</p>
