{"id":4115,"date":"2025-02-26T00:00:00","date_gmt":"2025-02-26T04:00:00","guid":{"rendered":"https:\/\/mrhomeweb.rtlsmedia.com\/propiedad\/alquilo-2-habitaciones-en-el-millon\/"},"modified":"2025-09-23T16:05:43","modified_gmt":"2025-09-23T20:05:43","slug":"alquilo-2-habitaciones-en-el-millon","status":"publish","type":"propiedad","link":"https:\/\/mrhome.com.do\/en\/propiedad\/alquilo-2-habitaciones-en-el-millon\/","title":{"rendered":"Alquilo 2 habitaciones en el Millon"},"content":{"rendered":"<p style=\"text-align:start;\"><span style=\"color: rgb(28,67,76);font-size: 11.5pt;font-family: Arial, sans-serif;\">Alquilo apartamento de 2 habitaciones en la mejor parte del mill\u00f3n, a pasos de la N\u00fa\u00f1ez de C\u00e1ceres<\/span><\/p>\n<p style=\"text-align:start;\"><span style=\"color: rgb(28,67,76);font-size: 11.5pt;font-family: Arial, sans-serif;\">Caracter\u00edsticas:<\/span><\/p>\n<p style=\"text-align:start;\"><span style=\"color: rgb(28,67,76);font-size: 11.5pt;font-family: Arial, sans-serif;\">Piso 6<\/span><\/p>\n<p style=\"text-align:start;\"><span style=\"color: rgb(28,67,76);font-size: 11.5pt;font-family: Arial, sans-serif;\">Balc\u00f3n integrado con vista despejada<\/span><\/p>\n<p style=\"text-align:start;\"><span style=\"color: rgb(28,67,76);font-size: 11.5pt;font-family: Arial, sans-serif;\">Cocina<\/span><\/p>\n<p style=\"text-align:start;\"><span style=\"color: rgb(28,67,76);font-size: 11.5pt;font-family: Arial, sans-serif;\">\u00c1rea de lavado<\/span><\/p>\n<p style=\"text-align:start;\"><span style=\"color: rgb(28,67,76);font-size: 11.5pt;font-family: Arial, sans-serif;\">Sala<\/span><\/p>\n<p style=\"text-align:start;\"><span style=\"color: rgb(28,67,76);font-size: 11.5pt;font-family: Arial, sans-serif;\">2 habitaciones con ba\u00f1o<\/span><\/p>\n<p style=\"text-align:start;\"><span style=\"color: rgb(28,67,76);font-size: 11.5pt;font-family: Arial, sans-serif;\">Locker<\/span><\/p>\n<p style=\"text-align:start;\"><span style=\"color: rgb(28,67,76);font-size: 11.5pt;font-family: Arial, sans-serif;\">La torre cuenta con:<\/span><\/p>\n<p style=\"text-align:start;\"><span style=\"color: rgb(28,67,76);font-size: 11.5pt;font-family: Arial, sans-serif;\">Ascensor<\/span><\/p>\n<p style=\"text-align:start;\"><span style=\"color: rgb(28,67,76);font-size: 11.5pt;font-family: Arial, sans-serif;\">Lobby recibidor<\/span><\/p>\n<p style=\"text-align:start;\"><span style=\"color: rgb(28,67,76);font-size: 11.5pt;font-family: Arial, sans-serif;\">2 parqueos<\/span><\/p>\n<p style=\"text-align:start;\"><span style=\"color: rgb(28,67,76);font-size: 11.5pt;font-family: Arial, sans-serif;\">Sal\u00f3n multiuso<\/span><\/p>\n<p style=\"text-align:start;\"><span style=\"color: rgb(28,67,76);font-size: 11.5pt;font-family: Arial, sans-serif;\">Planta full<\/span><\/p>\n<p style=\"text-align:start;\"><span style=\"color: rgb(28,67,76);font-size: 11.5pt;font-family: Arial, sans-serif;\">Gas com\u00fan<\/span><\/p>\n<\/p>\n<p><span style=\"color: rgb(28,67,76);font-size: 11.5pt;font-family: Arial, sans-serif;\">Este magn\u00edfico apartamento puede ser tuyo amueblado o si amueblar, cont\u00e1ctame para m\u00e1s informaci\u00f3n.<\/span><\/p>\n<p style=\"text-align:start;\">&nbsp;<\/p>\n","protected":false},"excerpt":{"rendered":"<p>Alquilo apartamento de 2 habitaciones en la mejor parte del mill\u00f3n, a pasos de la N\u00fa\u00f1ez de C\u00e1ceres<br \/>\nCaracter\u00edsticas:<br \/>\nPiso 6<br \/>\nBalc\u00f3n integrado con vista despejada<br \/>\nCocina<br \/>\n\u00c1rea de lavado<br \/>\nSala<br \/>\n2 habitaciones con ba\u00f1o<br \/>\nLocker<br \/>\nLa torre cuenta con:<br \/>\nAscensor<br \/>\nLobby recibidor<br \/>\n2 parqueos<br \/>\nSal\u00f3n multiuso<br \/>\nPlanta full<br \/>\nGas com\u00fan<\/p>\n<p>Este magn\u00edfico apartamento puede ser tuyo amueblado o si amueblar, cont\u00e1ctame para m\u00e1s informaci\u00f3n.<br \/>\n&nbsp;<\/p>\n","protected":false},"featured_media":0,"template":"","meta":{"_acf_changed":false},"categories":[],"tags":[],"desarrollador":[],"comprar-propiedades":[11],"operacion":[4],"tipo-de-inmueble":[6],"provincia":[15],"ciudad":[16],"sector":[291],"class_list":["post-4115","propiedad","type-propiedad","status-publish","hentry","comprar-propiedades-listas","operacion-alquilar","tipo-de-inmueble-apartamentos","provincia-santo-domingo-de-guzman","ciudad-santo-domingo-d-n","sector-el-millon"],"acf":{"inmueble_destacado":null,"inmueble_vendido":"0","uid_propiedad":"","cid_propiedad":"417889","operacion_project":"4","tipo_de_inmueble":"6","estado_project":"11","entrega_project":null,"provincia_project":"15","ciudad_project":"16","sector_project":"291","moneda_project":"DOP","price_project":"1000","price_project_hasta":null,"ae_precio_de_venta":"","ae_precio_alquiler":"1,000.00","ae_precio_renta_temporal":"","ae_precio_alquier_amueblado":"1,300.00","ae_precio_venta_amueblado":"","ae_precio_mantenimiento":"9,000.00","ae_precio_separacion":"","m_construccion_project":"110.00","m_construccion_terreno":"","banos_project":"2.00","parqueo_project":"2","habitacion_project":"2","proyecto_max_de_banos":null,"proyecto_max_de_parqueo":null,"proyecto_max_de_area":null,"proyecto_max_de_habitaciones":null,"proyecto_precio_max":null,"proyecto_moneda_precio_max":null,"proyecto_min_de_banos":null,"proyecto_min_de_parqueos":null,"proyecto_min_de_area":null,"proyecto_min_de_habitaciones":null,"proyecto_precio_min":null,"proyecto_moneda_precio_min":null,"url_imagen_destacada":"https:\/\/d2p0bx8wfdkjkb.cloudfront.net\/static\/properties\/SD1VYND9UU\/COPPSWSOTJ\/YCu4W3mdLx\/IMG_2110.jpeg","url_gallery_1":"https:\/\/d2p0bx8wfdkjkb.cloudfront.net\/static\/properties\/SD1VYND9UU\/0TTPFHSUY1\/xNK2pPvXBE\/IMG_2109.jpeg","url_gallery_2":"https:\/\/d2p0bx8wfdkjkb.cloudfront.net\/static\/properties\/SD1VYND9UU\/W9CAR7ZOUY\/hLaw4WJJLD\/IMG_2110.jpeg","url_gallery_3":"https:\/\/d2p0bx8wfdkjkb.cloudfront.net\/static\/properties\/SD1VYND9UU\/RF50B2RMY4\/b5m3WdeW82\/IMG_2111.jpeg","url_gallery_4":"https:\/\/d2p0bx8wfdkjkb.cloudfront.net\/static\/properties\/SD1VYND9UU\/3LY1SSUEI0\/zMBmYr2atK\/IMG_2112.jpeg","url_gallery_5":"https:\/\/d2p0bx8wfdkjkb.cloudfront.net\/static\/properties\/SD1VYND9UU\/08YA0K2S0N\/6BHn6bZJcT\/IMG_2118.jpeg","url_video_de_youtube":null,"gallery_project":null,"gallery_repeater":null,"agente_responsable":"463","agentes":null,"amenidades_del_inmueble":null,"areas_comunes_del_inmueble":null,"lugares_cercanos_al_inmueble":null,"plan_de_pagos":null,"unidades_disponibles":null,"opciones_del_proyecto":null,"propiedades_similares":null,"google_map_iframe":null,"convertir_en_landing_page":null,"titulo_breve":null,"breve_descripcion":null,"amenidades_destacadas":null,"galeria_cover":null},"_links":{"self":[{"href":"https:\/\/mrhome.com.do\/en\/wp-json\/wp\/v2\/propiedad\/4115","targetHints":{"allow":["GET"]}}],"collection":[{"href":"https:\/\/mrhome.com.do\/en\/wp-json\/wp\/v2\/propiedad"}],"about":[{"href":"https:\/\/mrhome.com.do\/en\/wp-json\/wp\/v2\/types\/propiedad"}],"wp:attachment":[{"href":"https:\/\/mrhome.com.do\/en\/wp-json\/wp\/v2\/media?parent=4115"}],"wp:term":[{"taxonomy":"category","embeddable":true,"href":"https:\/\/mrhome.com.do\/en\/wp-json\/wp\/v2\/categories?post=4115"},{"taxonomy":"post_tag","embeddable":true,"href":"https:\/\/mrhome.com.do\/en\/wp-json\/wp\/v2\/tags?post=4115"},{"taxonomy":"desarrollador","embeddable":true,"href":"https:\/\/mrhome.com.do\/en\/wp-json\/wp\/v2\/desarrollador?post=4115"},{"taxonomy":"comprar-propiedades","embeddable":true,"href":"https:\/\/mrhome.com.do\/en\/wp-json\/wp\/v2\/comprar-propiedades?post=4115"},{"taxonomy":"operacion","embeddable":true,"href":"https:\/\/mrhome.com.do\/en\/wp-json\/wp\/v2\/operacion?post=4115"},{"taxonomy":"tipo-de-inmueble","embeddable":true,"href":"https:\/\/mrhome.com.do\/en\/wp-json\/wp\/v2\/tipo-de-inmueble?post=4115"},{"taxonomy":"provincia","embeddable":true,"href":"https:\/\/mrhome.com.do\/en\/wp-json\/wp\/v2\/provincia?post=4115"},{"taxonomy":"ciudad","embeddable":true,"href":"https:\/\/mrhome.com.do\/en\/wp-json\/wp\/v2\/ciudad?post=4115"},{"taxonomy":"sector","embeddable":true,"href":"https:\/\/mrhome.com.do\/en\/wp-json\/wp\/v2\/sector?post=4115"}],"curies":[{"name":"wp","href":"https:\/\/api.w.org\/{rel}","templated":true}]}}

<p style="text-align:start;"><span style="color: rgb(28,67,76);font-size: 11.5pt;font-family: Arial, sans-serif;">Alquilo apartamento de 2 habitaciones en la mejor parte del millón, a pasos de la Núñez de Cáceres</span></p>
<p style="text-align:start;"><span style="color: rgb(28,67,76);font-size: 11.5pt;font-family: Arial, sans-serif;">Características:</span></p>
<p style="text-align:start;"><span style="color: rgb(28,67,76);font-size: 11.5pt;font-family: Arial, sans-serif;">Piso 6</span></p>
<p style="text-align:start;"><span style="color: rgb(28,67,76);font-size: 11.5pt;font-family: Arial, sans-serif;">Balcón integrado con vista despejada</span></p>
<p style="text-align:start;"><span style="color: rgb(28,67,76);font-size: 11.5pt;font-family: Arial, sans-serif;">Cocina</span></p>
<p style="text-align:start;"><span style="color: rgb(28,67,76);font-size: 11.5pt;font-family: Arial, sans-serif;">Área de lavado</span></p>
<p style="text-align:start;"><span style="color: rgb(28,67,76);font-size: 11.5pt;font-family: Arial, sans-serif;">Sala</span></p>
<p style="text-align:start;"><span style="color: rgb(28,67,76);font-size: 11.5pt;font-family: Arial, sans-serif;">2 habitaciones con baño</span></p>
<p style="text-align:start;"><span style="color: rgb(28,67,76);font-size: 11.5pt;font-family: Arial, sans-serif;">Locker</span></p>
<p style="text-align:start;"><span style="color: rgb(28,67,76);font-size: 11.5pt;font-family: Arial, sans-serif;">La torre cuenta con:</span></p>
<p style="text-align:start;"><span style="color: rgb(28,67,76);font-size: 11.5pt;font-family: Arial, sans-serif;">Ascensor</span></p>
<p style="text-align:start;"><span style="color: rgb(28,67,76);font-size: 11.5pt;font-family: Arial, sans-serif;">Lobby recibidor</span></p>
<p style="text-align:start;"><span style="color: rgb(28,67,76);font-size: 11.5pt;font-family: Arial, sans-serif;">2 parqueos</span></p>
<p style="text-align:start;"><span style="color: rgb(28,67,76);font-size: 11.5pt;font-family: Arial, sans-serif;">Salón multiuso</span></p>
<p style="text-align:start;"><span style="color: rgb(28,67,76);font-size: 11.5pt;font-family: Arial, sans-serif;">Planta full</span></p>
<p style="text-align:start;"><span style="color: rgb(28,67,76);font-size: 11.5pt;font-family: Arial, sans-serif;">Gas común</span></p>
</p>
<p><span style="color: rgb(28,67,76);font-size: 11.5pt;font-family: Arial, sans-serif;">Este magnífico apartamento puede ser tuyo amueblado o si amueblar, contáctame para más información.</span></p>
<p style="text-align:start;">&nbsp;</p>

<p>Alquilo apartamento de 2 habitaciones en la mejor parte del millón, a pasos de la Núñez de Cáceres<br />
Características:<br />
Piso 6<br />
Balcón integrado con vista despejada<br />
Cocina<br />
Área de lavado<br />
Sala<br />
2 habitaciones con baño<br />
Locker<br />
La torre cuenta con:<br />
Ascensor<br />
Lobby recibidor<br />
2 parqueos<br />
Salón multiuso<br />
Planta full<br />
Gas común</p>
<p>Este magnífico apartamento puede ser tuyo amueblado o si amueblar, contáctame para más información.<br />
&nbsp;</p>
