{"id":3989,"date":"2026-03-02T12:31:47","date_gmt":"2026-03-02T16:31:47","guid":{"rendered":"https:\/\/mrhomeweb.rtlsmedia.com\/propiedad\/espectacular-residencial-en-santiago-de-los-caballeros\/"},"modified":"2026-04-28T16:53:17","modified_gmt":"2026-04-28T20:53:17","slug":"espectacular-residencial-en-santiago-de-los-caballeros-416409","status":"publish","type":"propiedad","link":"https:\/\/mrhome.com.do\/en\/propiedad\/espectacular-residencial-en-santiago-de-los-caballeros-416409\/","title":{"rendered":"Espectacular Residencial en Santiago de Los Caballeros"},"content":{"rendered":"<p><span style=\"font-size: 12pt;font-family: Calibri, sans-serif\"><strong>Moderno y Exclusivo<\/strong><\/span><br \/><span style=\"font-size: 12pt;font-family: Calibri, sans-serif\">Residencial de apartamentos, en el sector del Dorado, Santiago. Apostando al esparcimiento de la zona y la exclusividad en sus dimensiones. <\/span>&nbsp;<\/p>\n<p>&nbsp;<\/p>\n<p><span style=\"font-size: 12pt;font-family: Calibri, sans-serif\">*<strong>Caracter\u00edsticas del apartamento<\/strong>*<\/span>&nbsp;<\/p>\n<ul>\n<li><span style=\"font-size: 12pt;font-family: Calibri, sans-serif\">117 mt2 netos de apartamento<\/span>&nbsp;<\/li>\n<li><span style=\"font-size: 12pt;font-family: Calibri, sans-serif\">Habitaci\u00f3n principal con su ba\u00f1o y walk-in closet<\/span>&nbsp;<\/li>\n<li><span style=\"font-size: 12pt;font-family: Calibri, sans-serif\">2 habitaciones secundarias con ba\u00f1o compartido<\/span>&nbsp;<\/li>\n<li><span style=\"font-size: 12pt;font-family: Calibri, sans-serif\">Amplio balc\u00f3n<\/span>&nbsp;<\/li>\n<li><span style=\"font-size: 12pt;font-family: Calibri, sans-serif\">Sala<\/span>&nbsp;<\/li>\n<li><span style=\"font-size: 12pt;font-family: Calibri, sans-serif\">Comedor<\/span>&nbsp;<\/li>\n<li><span style=\"font-size: 12pt;font-family: Calibri, sans-serif\">Piso en porcelanato<\/span>&nbsp;<\/li>\n<li><span style=\"font-size: 12pt;font-family: Calibri, sans-serif\">Moderna cocina<\/span><br \/><span style=\"font-size: 12pt;font-family: Calibri, sans-serif\">modular con tope de granito<\/span>&nbsp;<\/li>\n<li><span style=\"font-size: 12pt;font-family: Calibri, sans-serif\">\u00bd ba\u00f1o para visitas<\/span>&nbsp;<\/li>\n<li><span style=\"font-size: 12pt;font-family: Calibri, sans-serif\">\u00c1rea de Lavado<\/span>&nbsp;<\/li>\n<li><span style=\"font-size: 12pt;font-family: Calibri, sans-serif\">Closet de ropa blanca<\/span>&nbsp;<\/li>\n<li><span style=\"font-size: 12pt;font-family: Calibri, sans-serif\">2 parqueos por apartamento<\/span>&nbsp;<\/li>\n<li><span style=\"font-size: 12pt;font-family: Calibri, sans-serif\">2 parqueos por PH<\/span>&nbsp;<\/li>\n<\/ul>\n<p>&nbsp;<\/p>\n<p><span style=\"font-size: 12pt;font-family: Calibri, sans-serif\"><strong>Amenidades<\/strong>:<\/span>&nbsp;<\/p>\n<ul>\n<li><span style=\"font-size: 12pt;font-family: Calibri, sans-serif\">Piscina<\/span>&nbsp;<\/li>\n<li><span style=\"font-size: 12pt;font-family: Calibri, sans-serif\">Amplia Terraza Com\u00fan con \u00e1rea de BBQ<\/span>&nbsp;<\/li>\n<li><span style=\"font-size: 12pt;font-family: Calibri, sans-serif\">Cada edificio cuenta con un \u00e1rea social de terraza en el 8vo nivel<\/span>&nbsp;<\/li>\n<li><span style=\"font-size: 12pt;font-family: Calibri, sans-serif\">Gimnasio equipado ompletamente<\/span>&nbsp;<\/li>\n<li><span style=\"font-size: 12pt;font-family: Calibri, sans-serif\">Planta el\u00e9ctrica para las \u00e1reas comunes<\/span>&nbsp;<\/li>\n<li><span style=\"font-size: 12pt;font-family: Calibri, sans-serif\">Parqueo para visitantes<\/span>&nbsp;<\/li>\n<li><span style=\"font-size: 12pt;font-family: Calibri, sans-serif\">\u00c1rea de Juego para ni\u00f1os<\/span>&nbsp;<\/li>\n<li><span style=\"font-size: 12pt;font-family: Calibri, sans-serif\">Sistema de seguridad<\/span>&nbsp;<\/li>\n<li><span style=\"font-size: 12pt;font-family: Calibri, sans-serif\">Sistema contra incendio<\/span>&nbsp;<\/li>\n<li><span style=\"font-size: 12pt;font-family: Calibri, sans-serif\">Lobby con seguridad 24 horas<\/span>&nbsp;<\/li>\n<\/ul>\n","protected":false},"excerpt":{"rendered":"<p>Espectacular residencial en las Damas, Santiago de Los Caballeros<\/p>\n","protected":false},"featured_media":0,"template":"","meta":{"_acf_changed":false},"categories":[],"tags":[],"desarrollador":[],"comprar-propiedades":[45],"operacion":[3],"tipo-de-inmueble":[6],"provincia":[27],"ciudad":[28],"sector":[406],"class_list":["post-3989","propiedad","type-propiedad","status-publish","hentry","comprar-propiedades-listo","operacion-comprar","tipo-de-inmueble-apartamentos","provincia-santiago","ciudad-santiago","sector-las-damas"],"acf":{"agente_responsable":481,"amenidades_del_inmueble":[{"nombre":"Aerea de Lavado","icono":""},{"nombre":"Amenidades","icono":""},{"nombre":"Area De Juegos Infantiles","icono":""},{"nombre":"Area de Lavado","icono":""},{"nombre":"Area Social","icono":""},{"nombre":"\u00c1rea social","icono":""},{"nombre":"Ascensor","icono":""},{"nombre":"Balc\u00f3n","icono":""},{"nombre":"Balc\u00f3n tipo Terraza","icono":""},{"nombre":"C\u00e1maras de seguridad","icono":""},{"nombre":"Casa Club","icono":""},{"nombre":"Cisterna","icono":""},{"nombre":"Cocina","icono":""},{"nombre":"Comedor","icono":""},{"nombre":"Equipado","icono":""},{"nombre":"Fiduciaria","icono":""},{"nombre":"Gas com\u00fan","icono":""},{"nombre":"Gimnasio","icono":""},{"nombre":"intercom","icono":""},{"nombre":"Lobby","icono":""},{"nombre":"Parqueo para visitante","icono":""},{"nombre":"Parqueos","icono":""},{"nombre":"Parqueos Lineales","icono":""},{"nombre":"Parqueos Paralelos","icono":""},{"nombre":"piscina","icono":""},{"nombre":"Piscina","icono":""},{"nombre":"Pisos Porcelanato","icono":""},{"nombre":"Planta","icono":""},{"nombre":"Planta El\u00e9ctrica","icono":""},{"nombre":"porton Electrico","icono":""},{"nombre":"Port\u00f3n El\u00e9ctrico","icono":""},{"nombre":"Terraza Com\u00fan","icono":""},{"nombre":"Vigilancia 24 horas","icono":""}]},"_links":{"self":[{"href":"https:\/\/mrhome.com.do\/en\/wp-json\/wp\/v2\/propiedad\/3989","targetHints":{"allow":["GET"]}}],"collection":[{"href":"https:\/\/mrhome.com.do\/en\/wp-json\/wp\/v2\/propiedad"}],"about":[{"href":"https:\/\/mrhome.com.do\/en\/wp-json\/wp\/v2\/types\/propiedad"}],"wp:attachment":[{"href":"https:\/\/mrhome.com.do\/en\/wp-json\/wp\/v2\/media?parent=3989"}],"wp:term":[{"taxonomy":"category","embeddable":true,"href":"https:\/\/mrhome.com.do\/en\/wp-json\/wp\/v2\/categories?post=3989"},{"taxonomy":"post_tag","embeddable":true,"href":"https:\/\/mrhome.com.do\/en\/wp-json\/wp\/v2\/tags?post=3989"},{"taxonomy":"desarrollador","embeddable":true,"href":"https:\/\/mrhome.com.do\/en\/wp-json\/wp\/v2\/desarrollador?post=3989"},{"taxonomy":"comprar-propiedades","embeddable":true,"href":"https:\/\/mrhome.com.do\/en\/wp-json\/wp\/v2\/comprar-propiedades?post=3989"},{"taxonomy":"operacion","embeddable":true,"href":"https:\/\/mrhome.com.do\/en\/wp-json\/wp\/v2\/operacion?post=3989"},{"taxonomy":"tipo-de-inmueble","embeddable":true,"href":"https:\/\/mrhome.com.do\/en\/wp-json\/wp\/v2\/tipo-de-inmueble?post=3989"},{"taxonomy":"provincia","embeddable":true,"href":"https:\/\/mrhome.com.do\/en\/wp-json\/wp\/v2\/provincia?post=3989"},{"taxonomy":"ciudad","embeddable":true,"href":"https:\/\/mrhome.com.do\/en\/wp-json\/wp\/v2\/ciudad?post=3989"},{"taxonomy":"sector","embeddable":true,"href":"https:\/\/mrhome.com.do\/en\/wp-json\/wp\/v2\/sector?post=3989"}],"curies":[{"name":"wp","href":"https:\/\/api.w.org\/{rel}","templated":true}]}}

<p><span style="font-size: 12pt;font-family: Calibri, sans-serif"><strong>Moderno y Exclusivo</strong></span><br /><span style="font-size: 12pt;font-family: Calibri, sans-serif">Residencial de apartamentos, en el sector del Dorado, Santiago. Apostando al esparcimiento de la zona y la exclusividad en sus dimensiones. </span>&nbsp;</p>
<p>&nbsp;</p>
<p><span style="font-size: 12pt;font-family: Calibri, sans-serif">*<strong>Características del apartamento</strong>*</span>&nbsp;</p>
<ul>
<li><span style="font-size: 12pt;font-family: Calibri, sans-serif">117 mt2 netos de apartamento</span>&nbsp;</li>
<li><span style="font-size: 12pt;font-family: Calibri, sans-serif">Habitación principal con su baño y walk-in closet</span>&nbsp;</li>
<li><span style="font-size: 12pt;font-family: Calibri, sans-serif">2 habitaciones secundarias con baño compartido</span>&nbsp;</li>
<li><span style="font-size: 12pt;font-family: Calibri, sans-serif">Amplio balcón</span>&nbsp;</li>
<li><span style="font-size: 12pt;font-family: Calibri, sans-serif">Sala</span>&nbsp;</li>
<li><span style="font-size: 12pt;font-family: Calibri, sans-serif">Comedor</span>&nbsp;</li>
<li><span style="font-size: 12pt;font-family: Calibri, sans-serif">Piso en porcelanato</span>&nbsp;</li>
<li><span style="font-size: 12pt;font-family: Calibri, sans-serif">Moderna cocina</span><br /><span style="font-size: 12pt;font-family: Calibri, sans-serif">modular con tope de granito</span>&nbsp;</li>
<li><span style="font-size: 12pt;font-family: Calibri, sans-serif">½ baño para visitas</span>&nbsp;</li>
<li><span style="font-size: 12pt;font-family: Calibri, sans-serif">Área de Lavado</span>&nbsp;</li>
<li><span style="font-size: 12pt;font-family: Calibri, sans-serif">Closet de ropa blanca</span>&nbsp;</li>
<li><span style="font-size: 12pt;font-family: Calibri, sans-serif">2 parqueos por apartamento</span>&nbsp;</li>
<li><span style="font-size: 12pt;font-family: Calibri, sans-serif">2 parqueos por PH</span>&nbsp;</li>
</ul>
<p>&nbsp;</p>
<p><span style="font-size: 12pt;font-family: Calibri, sans-serif"><strong>Amenidades</strong>:</span>&nbsp;</p>
<ul>
<li><span style="font-size: 12pt;font-family: Calibri, sans-serif">Piscina</span>&nbsp;</li>
<li><span style="font-size: 12pt;font-family: Calibri, sans-serif">Amplia Terraza Común con área de BBQ</span>&nbsp;</li>
<li><span style="font-size: 12pt;font-family: Calibri, sans-serif">Cada edificio cuenta con un área social de terraza en el 8vo nivel</span>&nbsp;</li>
<li><span style="font-size: 12pt;font-family: Calibri, sans-serif">Gimnasio equipado ompletamente</span>&nbsp;</li>
<li><span style="font-size: 12pt;font-family: Calibri, sans-serif">Planta eléctrica para las áreas comunes</span>&nbsp;</li>
<li><span style="font-size: 12pt;font-family: Calibri, sans-serif">Parqueo para visitantes</span>&nbsp;</li>
<li><span style="font-size: 12pt;font-family: Calibri, sans-serif">Área de Juego para niños</span>&nbsp;</li>
<li><span style="font-size: 12pt;font-family: Calibri, sans-serif">Sistema de seguridad</span>&nbsp;</li>
<li><span style="font-size: 12pt;font-family: Calibri, sans-serif">Sistema contra incendio</span>&nbsp;</li>
<li><span style="font-size: 12pt;font-family: Calibri, sans-serif">Lobby con seguridad 24 horas</span>&nbsp;</li>
</ul>

Área social

Balcón

Balcón tipo Terraza

Cámaras de seguridad

Gas común

Planta Eléctrica

Portón Eléctrico

Terraza Común
