{"id":3974,"date":"2025-04-12T00:00:00","date_gmt":"2025-04-12T04:00:00","guid":{"rendered":"https:\/\/mrhomeweb.rtlsmedia.com\/propiedad\/hermoso-apartamento-en-colinas-del-arroyo-ii\/"},"modified":"2025-09-23T16:03:12","modified_gmt":"2025-09-23T20:03:12","slug":"hermoso-apartamento-en-colinas-del-arroyo-ii","status":"publish","type":"propiedad","link":"https:\/\/mrhome.com.do\/en\/propiedad\/hermoso-apartamento-en-colinas-del-arroyo-ii\/","title":{"rendered":"Hermoso Apartamento en Colinas del Arroyo II"},"content":{"rendered":"<p style=\"text-align:start;\"><span style=\"color: inherit;background-color: rgb(255,255,255);font-size: 12pt;font-family: inherit;\">\u00a1Tu pr\u00f3ximo hogar te espera en Colinas del Arroyo II!<\/span><\/p>\n<\/p>\n<p><strong>Descripci\u00f3n del Apartamento:<\/strong><\/p>\n<p style=\"text-align:start;\"><span style=\"color: inherit;background-color: rgb(255,255,255);font-size: 12pt;font-family: Apple Color Emoji\", serif, EmojiFont;\">\u2728<\/span> <span style=\"color: inherit;background-color: rgb(255,255,255);font-size: 12pt;font-family: inherit;\">4to piso con derecho a techo \u2013 ideal para tu terraza so\u00f1ada o un rooftop chill<\/span><\/p>\n<p style=\"text-align:start;\"><span style=\"color: inherit;background-color: rgb(255,255,255);font-size: 12pt;font-family: Apple Color Emoji\", serif, EmojiFont;\"> \ufe0f<\/span> <span style=\"color: inherit;background-color: rgb(255,255,255);font-size: 12pt;font-family: inherit;\">3 habitaciones<\/span><\/p>\n<p style=\"text-align:start;\"><span style=\"color: inherit;background-color: rgb(255,255,255);font-size: 12pt;font-family: Apple Color Emoji\", serif, EmojiFont;\"> <\/span> <span style=\"color: inherit;background-color: rgb(255,255,255);font-size: 12pt;font-family: inherit;\">2 ba\u00f1os<\/span><\/p>\n<p style=\"text-align:start;\"><span style=\"color: inherit;background-color: rgb(255,255,255);font-size: 12pt;font-family: Apple Color Emoji\", serif, EmojiFont;\"> <\/span> <span style=\"color: inherit;background-color: rgb(255,255,255);font-size: 12pt;font-family: inherit;\">1 parqueo<\/span><\/p>\n<p style=\"text-align:start;\"><span style=\"color: inherit;background-color: rgb(255,255,255);font-size: 12pt;font-family: Apple Color Emoji\", serif, EmojiFont;\"> <\/span> <span style=\"color: inherit;background-color: rgb(255,255,255);font-size: 12pt;font-family: inherit;\">Excelente ventilaci\u00f3n y distribuci\u00f3n<\/span><\/p>\n<p style=\"text-align:start;\">&nbsp;<\/p>\n<p style=\"text-align:start;\"><span style=\"color: inherit;background-color: rgb(255,255,255);font-size: 12pt;font-family: inherit;\">Ubicado en una zona tranquila y de f\u00e1cil acceso, cerca de todo: s\u00faper, plaza comerciles, escuelas y m\u00e1s.<\/span><\/p>\n<\/p>\n<p style=\"text-align:start;\"><span style=\"color: inherit;background-color: rgb(255,255,255);font-size: 12pt;font-family: inherit;\">\u00a1Precio asequible y listo para mudarte!<\/span>&nbsp;<\/p>\n","protected":false},"excerpt":{"rendered":"<p>\u00a1Tu pr\u00f3ximo hogar te espera en Colinas del Arroyo II!<\/p>\n<p>Descripci\u00f3n del Apartamento:<br \/>\n\u2728 4to piso con derecho a techo \u2013 ideal para tu terraza so\u00f1ada o un rooftop chill<br \/>\n \ufe0f 3 habitaciones<br \/>\n  2 ba\u00f1os<br \/>\n  1 parqueo<br \/>\n  Excelente ventilaci\u00f3n y distribuci\u00f3n<br \/>\n&nbsp;<br \/>\nUbicado en una zona tranquila y de f\u00e1cil acceso, cerca de todo: s\u00faper, plaza comerciles, escuelas y m\u00e1s.<\/p>\n<p>\u00a1Precio<\/p>\n","protected":false},"featured_media":0,"template":"","meta":{"_acf_changed":false},"categories":[],"tags":[],"desarrollador":[],"comprar-propiedades":[11],"operacion":[3],"tipo-de-inmueble":[6],"provincia":[15],"ciudad":[16],"sector":[150],"class_list":["post-3974","propiedad","type-propiedad","status-publish","hentry","comprar-propiedades-listas","operacion-comprar","tipo-de-inmueble-apartamentos","provincia-santo-domingo-de-guzman","ciudad-santo-domingo-d-n","sector-altos-de-arroyo-hondo-ii"],"acf":{"inmueble_destacado":null,"inmueble_vendido":"0","uid_propiedad":"","cid_propiedad":"418183","operacion_project":"3","tipo_de_inmueble":"6","estado_project":"11","entrega_project":null,"provincia_project":"15","ciudad_project":"16","sector_project":"150","moneda_project":"DOP","price_project":"6800000","price_project_hasta":null,"ae_precio_de_venta":"6,800,000.00","ae_precio_alquiler":"","ae_precio_renta_temporal":"","ae_precio_alquier_amueblado":"","ae_precio_venta_amueblado":"","ae_precio_mantenimiento":"","ae_precio_separacion":"","m_construccion_project":"","m_construccion_terreno":"","banos_project":"2.00","parqueo_project":"1","habitacion_project":"3","proyecto_max_de_banos":null,"proyecto_max_de_parqueo":null,"proyecto_max_de_area":null,"proyecto_max_de_habitaciones":null,"proyecto_precio_max":null,"proyecto_moneda_precio_max":null,"proyecto_min_de_banos":null,"proyecto_min_de_parqueos":null,"proyecto_min_de_area":null,"proyecto_min_de_habitaciones":null,"proyecto_precio_min":null,"proyecto_moneda_precio_min":null,"url_imagen_destacada":"https:\/\/d2p0bx8wfdkjkb.cloudfront.net\/static\/properties\/SD1VYND9UU\/F3VGF0GJBV\/e62Ev8nVK7\/IMG_9139.jpeg","url_gallery_1":"https:\/\/d2p0bx8wfdkjkb.cloudfront.net\/static\/properties\/SD1VYND9UU\/JEE8QPWWOB\/CZWqR5br3S\/IMG_9146.jpeg","url_gallery_2":"https:\/\/d2p0bx8wfdkjkb.cloudfront.net\/static\/properties\/SD1VYND9UU\/8PT0MHOLBK\/MLNycZ6agS\/IMG_9145.jpeg","url_gallery_3":"https:\/\/d2p0bx8wfdkjkb.cloudfront.net\/static\/properties\/SD1VYND9UU\/3FRT5XMZQE\/wfEi4PDqAb\/IMG_9144.jpeg","url_gallery_4":"https:\/\/d2p0bx8wfdkjkb.cloudfront.net\/static\/properties\/SD1VYND9UU\/P7CC1OAWV3\/aXgF9UBFub\/IMG_9139.jpeg","url_gallery_5":"https:\/\/d2p0bx8wfdkjkb.cloudfront.net\/static\/properties\/SD1VYND9UU\/TK62953D7F\/tqreCYXP5K\/IMG_9138.jpeg","url_video_de_youtube":null,"gallery_project":null,"gallery_repeater":null,"agente_responsable":"447","agentes":null,"amenidades_del_inmueble":null,"areas_comunes_del_inmueble":null,"lugares_cercanos_al_inmueble":null,"plan_de_pagos":null,"unidades_disponibles":null,"opciones_del_proyecto":null,"propiedades_similares":null,"google_map_iframe":null,"convertir_en_landing_page":null,"titulo_breve":null,"breve_descripcion":null,"amenidades_destacadas":null,"galeria_cover":null},"_links":{"self":[{"href":"https:\/\/mrhome.com.do\/en\/wp-json\/wp\/v2\/propiedad\/3974","targetHints":{"allow":["GET"]}}],"collection":[{"href":"https:\/\/mrhome.com.do\/en\/wp-json\/wp\/v2\/propiedad"}],"about":[{"href":"https:\/\/mrhome.com.do\/en\/wp-json\/wp\/v2\/types\/propiedad"}],"wp:attachment":[{"href":"https:\/\/mrhome.com.do\/en\/wp-json\/wp\/v2\/media?parent=3974"}],"wp:term":[{"taxonomy":"category","embeddable":true,"href":"https:\/\/mrhome.com.do\/en\/wp-json\/wp\/v2\/categories?post=3974"},{"taxonomy":"post_tag","embeddable":true,"href":"https:\/\/mrhome.com.do\/en\/wp-json\/wp\/v2\/tags?post=3974"},{"taxonomy":"desarrollador","embeddable":true,"href":"https:\/\/mrhome.com.do\/en\/wp-json\/wp\/v2\/desarrollador?post=3974"},{"taxonomy":"comprar-propiedades","embeddable":true,"href":"https:\/\/mrhome.com.do\/en\/wp-json\/wp\/v2\/comprar-propiedades?post=3974"},{"taxonomy":"operacion","embeddable":true,"href":"https:\/\/mrhome.com.do\/en\/wp-json\/wp\/v2\/operacion?post=3974"},{"taxonomy":"tipo-de-inmueble","embeddable":true,"href":"https:\/\/mrhome.com.do\/en\/wp-json\/wp\/v2\/tipo-de-inmueble?post=3974"},{"taxonomy":"provincia","embeddable":true,"href":"https:\/\/mrhome.com.do\/en\/wp-json\/wp\/v2\/provincia?post=3974"},{"taxonomy":"ciudad","embeddable":true,"href":"https:\/\/mrhome.com.do\/en\/wp-json\/wp\/v2\/ciudad?post=3974"},{"taxonomy":"sector","embeddable":true,"href":"https:\/\/mrhome.com.do\/en\/wp-json\/wp\/v2\/sector?post=3974"}],"curies":[{"name":"wp","href":"https:\/\/api.w.org\/{rel}","templated":true}]}}

<p style="text-align:start;"><span style="color: inherit;background-color: rgb(255,255,255);font-size: 12pt;font-family: inherit;">¡Tu próximo hogar te espera en Colinas del Arroyo II!</span></p>
</p>
<p><strong>Descripción del Apartamento:</strong></p>
<p style="text-align:start;"><span style="color: inherit;background-color: rgb(255,255,255);font-size: 12pt;font-family: Apple Color Emoji", serif, EmojiFont;">✨</span> <span style="color: inherit;background-color: rgb(255,255,255);font-size: 12pt;font-family: inherit;">4to piso con derecho a techo – ideal para tu terraza soñada o un rooftop chill</span></p>
<p style="text-align:start;"><span style="color: inherit;background-color: rgb(255,255,255);font-size: 12pt;font-family: Apple Color Emoji", serif, EmojiFont;"> ️</span> <span style="color: inherit;background-color: rgb(255,255,255);font-size: 12pt;font-family: inherit;">3 habitaciones</span></p>
<p style="text-align:start;"><span style="color: inherit;background-color: rgb(255,255,255);font-size: 12pt;font-family: Apple Color Emoji", serif, EmojiFont;"> </span> <span style="color: inherit;background-color: rgb(255,255,255);font-size: 12pt;font-family: inherit;">2 baños</span></p>
<p style="text-align:start;"><span style="color: inherit;background-color: rgb(255,255,255);font-size: 12pt;font-family: Apple Color Emoji", serif, EmojiFont;"> </span> <span style="color: inherit;background-color: rgb(255,255,255);font-size: 12pt;font-family: inherit;">1 parqueo</span></p>
<p style="text-align:start;"><span style="color: inherit;background-color: rgb(255,255,255);font-size: 12pt;font-family: Apple Color Emoji", serif, EmojiFont;"> </span> <span style="color: inherit;background-color: rgb(255,255,255);font-size: 12pt;font-family: inherit;">Excelente ventilación y distribución</span></p>
<p style="text-align:start;">&nbsp;</p>
<p style="text-align:start;"><span style="color: inherit;background-color: rgb(255,255,255);font-size: 12pt;font-family: inherit;">Ubicado en una zona tranquila y de fácil acceso, cerca de todo: súper, plaza comerciles, escuelas y más.</span></p>
</p>
<p style="text-align:start;"><span style="color: inherit;background-color: rgb(255,255,255);font-size: 12pt;font-family: inherit;">¡Precio asequible y listo para mudarte!</span>&nbsp;</p>

<p>¡Tu próximo hogar te espera en Colinas del Arroyo II!</p>
<p>Descripción del Apartamento:<br />
✨ 4to piso con derecho a techo – ideal para tu terraza soñada o un rooftop chill<br />
 ️ 3 habitaciones<br />
  2 baños<br />
  1 parqueo<br />
  Excelente ventilación y distribución<br />
&nbsp;<br />
Ubicado en una zona tranquila y de fácil acceso, cerca de todo: súper, plaza comerciles, escuelas y más.</p>
<p>¡Precio</p>
