{"id":3824,"date":"2025-05-26T00:00:00","date_gmt":"2025-05-26T04:00:00","guid":{"rendered":"https:\/\/mrhomeweb.rtlsmedia.com\/propiedad\/apartamento-clasico-en-la-republica-de-colombia\/"},"modified":"2026-04-17T12:23:05","modified_gmt":"2026-04-17T16:23:05","slug":"apartamento-clasico-en-la-republica-de-colombia-418458","status":"publish","type":"propiedad","link":"https:\/\/mrhome.com.do\/en\/propiedad\/apartamento-clasico-en-la-republica-de-colombia-418458\/","title":{"rendered":"Apartamento Clasico en la Republica de Colombia"},"content":{"rendered":"<p>Apartamento Cl\u00e1sico en La Republica de Colombia!!!<\/p>\n<\/p>\n<p style=\"text-align:start\">&nbsp;<span style=\"color: inherit;font-size: inherit;font-family: Apple Color Emoji\">\ud83c\udfe2<\/span> <span style=\"color: inherit;font-size: inherit;font-family: inherit\">Este incre\u00edble apartamento cuenta con un dise\u00f1o moderno y funcional.<\/span> <span style=\"color: inherit;font-size: inherit;font-family: Apple Color Emoji\">\ud83c\udf1f<\/span> <span style=\"color: inherit;font-size: inherit;font-family: inherit\">Sin terraza, pero con un balc\u00f3n integrado que te ofrece vistas panor\u00e1micas impresionantes.<\/span> 3 habitaciones, 2 ba\u00f1os completos, y 2 parqueos<\/p>\n<\/p>\n<p>&nbsp;<span style=\"color: inherit;font-size: inherit;font-family: inherit\">\u00a1Vive la comodidad y el estilo de vida moderno en este encantador espacio!<\/span> <span style=\"color: inherit;font-size: inherit;font-family: Apple Color Emoji\">\u2728\ud83d\udd11<\/span><\/p>\n<p style=\"text-align:start\">&nbsp;<\/p>\n<\/p>\n<\/p><\/p>\n","protected":false},"excerpt":{"rendered":"<p>\ud83c\udfe2 Este incre\u00edble apartamento cuenta con un dise\u00f1o moderno y funcional. \ud83c\udf1f Sin terraza, pero con un balc\u00f3n integrado que te ofrece vistas panor\u00e1micas impresionantes. 3 habitaciones, 2 ba\u00f1os completos, y 2 parqueos \u00a1Vive la comodidad y el estilo de vida moderno en este encantador espacio! \u2728\ud83d\udd11<\/p>\n","protected":false},"featured_media":0,"template":"","meta":{"_acf_changed":false},"categories":[],"tags":[],"desarrollador":[],"comprar-propiedades":[45],"operacion":[3],"tipo-de-inmueble":[6],"provincia":[15],"ciudad":[16],"sector":[149],"class_list":["post-3824","propiedad","type-propiedad","status-publish","hentry","comprar-propiedades-listo","operacion-comprar","tipo-de-inmueble-apartamentos","provincia-santo-domingo-de-guzman","ciudad-santo-domingo-d-n","sector-altos-de-arroyo-hondo"],"acf":{"agente_responsable":555},"_links":{"self":[{"href":"https:\/\/mrhome.com.do\/en\/wp-json\/wp\/v2\/propiedad\/3824","targetHints":{"allow":["GET"]}}],"collection":[{"href":"https:\/\/mrhome.com.do\/en\/wp-json\/wp\/v2\/propiedad"}],"about":[{"href":"https:\/\/mrhome.com.do\/en\/wp-json\/wp\/v2\/types\/propiedad"}],"wp:attachment":[{"href":"https:\/\/mrhome.com.do\/en\/wp-json\/wp\/v2\/media?parent=3824"}],"wp:term":[{"taxonomy":"category","embeddable":true,"href":"https:\/\/mrhome.com.do\/en\/wp-json\/wp\/v2\/categories?post=3824"},{"taxonomy":"post_tag","embeddable":true,"href":"https:\/\/mrhome.com.do\/en\/wp-json\/wp\/v2\/tags?post=3824"},{"taxonomy":"desarrollador","embeddable":true,"href":"https:\/\/mrhome.com.do\/en\/wp-json\/wp\/v2\/desarrollador?post=3824"},{"taxonomy":"comprar-propiedades","embeddable":true,"href":"https:\/\/mrhome.com.do\/en\/wp-json\/wp\/v2\/comprar-propiedades?post=3824"},{"taxonomy":"operacion","embeddable":true,"href":"https:\/\/mrhome.com.do\/en\/wp-json\/wp\/v2\/operacion?post=3824"},{"taxonomy":"tipo-de-inmueble","embeddable":true,"href":"https:\/\/mrhome.com.do\/en\/wp-json\/wp\/v2\/tipo-de-inmueble?post=3824"},{"taxonomy":"provincia","embeddable":true,"href":"https:\/\/mrhome.com.do\/en\/wp-json\/wp\/v2\/provincia?post=3824"},{"taxonomy":"ciudad","embeddable":true,"href":"https:\/\/mrhome.com.do\/en\/wp-json\/wp\/v2\/ciudad?post=3824"},{"taxonomy":"sector","embeddable":true,"href":"https:\/\/mrhome.com.do\/en\/wp-json\/wp\/v2\/sector?post=3824"}],"curies":[{"name":"wp","href":"https:\/\/api.w.org\/{rel}","templated":true}]}}

<p>Apartamento Clásico en La Republica de Colombia!!!</p>
</p>
<p style="text-align:start">&nbsp;<span style="color: inherit;font-size: inherit;font-family: Apple Color Emoji">🏢</span> <span style="color: inherit;font-size: inherit;font-family: inherit">Este increíble apartamento cuenta con un diseño moderno y funcional.</span> <span style="color: inherit;font-size: inherit;font-family: Apple Color Emoji">🌟</span> <span style="color: inherit;font-size: inherit;font-family: inherit">Sin terraza, pero con un balcón integrado que te ofrece vistas panorámicas impresionantes.</span> 3 habitaciones, 2 baños completos, y 2 parqueos</p>
</p>
<p>&nbsp;<span style="color: inherit;font-size: inherit;font-family: inherit">¡Vive la comodidad y el estilo de vida moderno en este encantador espacio!</span> <span style="color: inherit;font-size: inherit;font-family: Apple Color Emoji">✨🔑</span></p>
<p style="text-align:start">&nbsp;</p>
</p>
</p></p>

<p>🏢 Este increíble apartamento cuenta con un diseño moderno y funcional. 🌟 Sin terraza, pero con un balcón integrado que te ofrece vistas panorámicas impresionantes. 3 habitaciones, 2 baños completos, y 2 parqueos ¡Vive la comodidad y el estilo de vida moderno en este encantador espacio! ✨🔑</p>
