{"id":3733,"date":"2025-06-16T00:00:00","date_gmt":"2025-06-16T04:00:00","guid":{"rendered":"https:\/\/mrhomeweb.rtlsmedia.com\/propiedad\/un-encanto-de-apartamento-segunda-con-terraza-en-torre-luxuty-en-naco\/"},"modified":"2025-09-23T15:58:50","modified_gmt":"2025-09-23T19:58:50","slug":"un-encanto-de-apartamento-segunda-con-terraza-en-torre-luxuty-en-naco","status":"publish","type":"propiedad","link":"https:\/\/mrhome.com.do\/en\/propiedad\/un-encanto-de-apartamento-segunda-con-terraza-en-torre-luxuty-en-naco\/","title":{"rendered":"Un encanto de apartamento! segunda con terraza en Torre Luxuty en Naco"},"content":{"rendered":"<p style=\"text-align:start;\">\n<\/p>\n<h4><span style=\"color: inherit;font-size: 18px;font-family: inherit;\">Descripci\u00f3n<\/span><\/h4>\n<p><span style=\"color: rgb(73,73,73);font-size: 15px;font-family: Nunito, arial, sans-serif;\">Se vende acogedor apartamento en excelente condiciones en 2da planta con amplia terraza y excelente ubicaci\u00f3n en Naco<\/span><\/p>\n<p><span style=\"color: rgb(73,73,73);font-size: 15px;font-family: Nunito, arial, sans-serif;\">Detalles del apartamento:<\/span> <br \/><span style=\"color: rgb(73,73,73);font-size: 15px;font-family: Nunito, arial, sans-serif;\">-115 m2 netos de apartamento + 76 m2 de terraza<\/span> <br \/><span style=\"color: rgb(73,73,73);font-size: 15px;font-family: Nunito, arial, sans-serif;\">-Sala<\/span> <br \/><span style=\"color: rgb(73,73,73);font-size: 15px;font-family: Nunito, arial, sans-serif;\">-Comedor<\/span> <br \/><span style=\"color: rgb(73,73,73);font-size: 15px;font-family: Nunito, arial, sans-serif;\">-Cocina integrada<\/span> <br \/><span style=\"color: rgb(73,73,73);font-size: 15px;font-family: Nunito, arial, sans-serif;\">-\u00c1rea de lavado<\/span> <br \/><span style=\"color: rgb(73,73,73);font-size: 15px;font-family: Nunito, arial, sans-serif;\">-Cuarto de servicio +. ba\u00f1o<\/span> <br \/><span style=\"color: rgb(73,73,73);font-size: 15px;font-family: Nunito, arial, sans-serif;\">-Terraza amplia semi destechada (tiene permitido posibilidad de hacer construcci\u00f3n ligera en madera o vidrio para cerrarla como opci\u00f3n adicional)<\/span> <br \/><span style=\"color: rgb(73,73,73);font-size: 15px;font-family: Nunito, arial, sans-serif;\">-2 habitaciones + 2.5 ba\u00f1os<\/span> <br \/><span style=\"color: rgb(73,73,73);font-size: 15px;font-family: Nunito, arial, sans-serif;\">-Habitaci\u00f3n principal con walk-in closet<\/span> <br \/><span style=\"color: rgb(73,73,73);font-size: 15px;font-family: Nunito, arial, sans-serif;\">-2 parqueos paralelos<\/span> <\/p>\n<p><span style=\"color: rgb(73,73,73);font-size: 15px;font-family: Nunito, arial, sans-serif;\">Valor agregado \/ incluido en el precio de venta:<\/span> <br \/><span style=\"color: rgb(73,73,73);font-size: 15px;font-family: Nunito, arial, sans-serif;\">-Shutters<\/span> <br \/><span style=\"color: rgb(73,73,73);font-size: 15px;font-family: Nunito, arial, sans-serif;\">-Construcci\u00f3n ligera de terraza techada<\/span> <br \/><span style=\"color: rgb(73,73,73);font-size: 15px;font-family: Nunito, arial, sans-serif;\">-Pisos en madera<\/span> <br \/><span style=\"color: rgb(73,73,73);font-size: 15px;font-family: Nunito, arial, sans-serif;\">-Techos en sheetrock<\/span> <br \/><span style=\"color: rgb(73,73,73);font-size: 15px;font-family: Nunito, arial, sans-serif;\">-Excelente estado<\/span> <br \/><span style=\"color: rgb(73,73,73);font-size: 15px;font-family: Nunito, arial, sans-serif;\">-Mueble empotrado de la sala y habitaci\u00f3n principal<\/span> <br \/><span style=\"color: rgb(73,73,73);font-size: 15px;font-family: Nunito, arial, sans-serif;\">-Cortinas<\/span> <\/p>\n<p><span style=\"color: rgb(73,73,73);font-size: 15px;font-family: Nunito, arial, sans-serif;\">Detalles de la Torre:<\/span> <br \/><span style=\"color: rgb(73,73,73);font-size: 15px;font-family: Nunito, arial, sans-serif;\">-Lobby climatizado y amueblado<\/span> <br \/><span style=\"color: rgb(73,73,73);font-size: 15px;font-family: Nunito, arial, sans-serif;\">-Conserjeria 24\/7<\/span> <br \/><span style=\"color: rgb(73,73,73);font-size: 15px;font-family: Nunito, arial, sans-serif;\">-Staff de liempieza<\/span> <br \/><span style=\"color: rgb(73,73,73);font-size: 15px;font-family: Nunito, arial, sans-serif;\">-2 ascensores<\/span> <br \/><span style=\"color: rgb(73,73,73);font-size: 15px;font-family: Nunito, arial, sans-serif;\">-Amenidades- Rooftop: Gym equipado, sal\u00f3n multiuso amueblado completo, \u00e1rea de ni\u00f1os y terraza destechada amueblada con kitchenette de soporte para las demas \u00e1reas sociales<\/span><\/p>\n<p style=\"text-align:start;\">\n<h4><span style=\"color: inherit;font-size: 18px;font-family: inherit;\">Caracter\u00edsticas<\/span><\/h4>\n<h5><span style=\"color: inherit;font-size: 14px;font-family: inherit;\">Exterior<\/span><\/h5>\n<ul>\n<li><span style=\"color: rgb(73,73,73);font-size: 15px;font-family: Nunito, arial, sans-serif;\">Balc\u00f3n<\/span>&nbsp;<\/li>\n<li><span style=\"color: rgb(73,73,73);font-size: 15px;font-family: Nunito, arial, sans-serif;\">Estacionamiento paralelo<\/span>&nbsp;<\/li>\n<li><span style=\"color: rgb(73,73,73);font-size: 15px;font-family: Nunito, arial, sans-serif;\">Estacionamiento techado<\/span><\/li>\n<li><span style=\"color: rgb(73,73,73);font-size: 15px;font-family: Nunito, arial, sans-serif;\">Parrilla<\/span>&nbsp;<\/li>\n<li><span style=\"color: rgb(73,73,73);font-size: 15px;font-family: Nunito, arial, sans-serif;\">Terraza com\u00fan<\/span>&nbsp;<\/li>\n<li><span style=\"color: rgb(73,73,73);font-size: 15px;font-family: Nunito, arial, sans-serif;\">Terraza privada<\/span><\/li>\n<\/ul>\n<h5><span style=\"color: inherit;font-size: 14px;font-family: inherit;\">General<\/span><\/h5>\n<ul>\n<li><span style=\"color: rgb(73,73,73);font-size: 15px;font-family: Nunito, arial, sans-serif;\">Ascensor<\/span>&nbsp;<\/li>\n<li><span style=\"color: rgb(73,73,73);font-size: 15px;font-family: Nunito, arial, sans-serif;\">Gas com\u00fan<\/span>&nbsp;<\/li>\n<li><span style=\"color: rgb(73,73,73);font-size: 15px;font-family: Nunito, arial, sans-serif;\">No amueblado<\/span>&nbsp;<\/li>\n<li><span style=\"color: rgb(73,73,73);font-size: 15px;font-family: Nunito, arial, sans-serif;\">Planta el\u00e9ctrica<\/span>&nbsp;<\/li>\n<li><span style=\"color: rgb(73,73,73);font-size: 15px;font-family: Nunito, arial, sans-serif;\">Portero<\/span><\/li>\n<li><span style=\"color: rgb(73,73,73);font-size: 15px;font-family: Nunito, arial, sans-serif;\">Port\u00f3n el\u00e9ctrico<\/span>&nbsp;<\/li>\n<li><span style=\"color: rgb(73,73,73);font-size: 15px;font-family: Nunito, arial, sans-serif;\">Seguridad 24 Horas<\/span><\/li>\n<\/ul>\n<h5><span style=\"color: inherit;font-size: 14px;font-family: inherit;\">Pol\u00edticas<\/span><\/h5>\n<ul>\n<li><span style=\"color: rgb(73,73,73);font-size: 15px;font-family: Nunito, arial, sans-serif;\">No permiten alquileres a corto plazo<\/span><\/li>\n<\/ul>\n<h5><span style=\"color: inherit;font-size: 14px;font-family: inherit;\">Recreaci\u00f3n<\/span><\/h5>\n<ul>\n<li><span style=\"color: rgb(73,73,73);font-size: 15px;font-family: Nunito, arial, sans-serif;\">Gimnasio<\/span>&nbsp;<\/li>\n<li><span style=\"color: rgb(73,73,73);font-size: 15px;font-family: Nunito, arial, sans-serif;\">Sal\u00f3n de eventos<\/span><\/li>\n<\/ul>\n","protected":false},"excerpt":{"rendered":"<p>Descripci\u00f3n<br \/>\nSe vende acogedor apartamento en excelente condiciones en 2da planta con amplia terraza y excelente ubicaci\u00f3n en NacoDetalles del apartamento: -115 m2 netos de apartamento + 76 m2 de terraza -Sala -Comedor -Cocina integrada -\u00c1rea de lavado -Cuarto de servicio +. ba\u00f1o -Terraza amplia semi destechada (tiene permitido posibilidad de hacer construcci\u00f3n ligera en madera<\/p>\n","protected":false},"featured_media":0,"template":"","meta":{"_acf_changed":false},"categories":[],"tags":[],"desarrollador":[],"comprar-propiedades":[11],"operacion":[3],"tipo-de-inmueble":[6],"provincia":[15],"ciudad":[16],"sector":[307],"class_list":["post-3733","propiedad","type-propiedad","status-publish","hentry","comprar-propiedades-listas","operacion-comprar","tipo-de-inmueble-apartamentos","provincia-santo-domingo-de-guzman","ciudad-santo-domingo-d-n","sector-ensanche-naco"],"acf":{"inmueble_destacado":null,"inmueble_vendido":"0","uid_propiedad":"","cid_propiedad":"418618","operacion_project":"3","tipo_de_inmueble":"6","estado_project":"11","entrega_project":null,"provincia_project":"15","ciudad_project":"16","sector_project":"307","moneda_project":"USD","price_project":"350000","price_project_hasta":null,"ae_precio_de_venta":"350,000.00","ae_precio_alquiler":"","ae_precio_renta_temporal":"","ae_precio_alquier_amueblado":"","ae_precio_venta_amueblado":"","ae_precio_mantenimiento":"","ae_precio_separacion":"","m_construccion_project":"219.00","m_construccion_terreno":"","banos_project":"2.00","parqueo_project":"2","habitacion_project":"2","proyecto_max_de_banos":null,"proyecto_max_de_parqueo":null,"proyecto_max_de_area":null,"proyecto_max_de_habitaciones":null,"proyecto_precio_max":null,"proyecto_moneda_precio_max":null,"proyecto_min_de_banos":null,"proyecto_min_de_parqueos":null,"proyecto_min_de_area":null,"proyecto_min_de_habitaciones":null,"proyecto_precio_min":null,"proyecto_moneda_precio_min":null,"url_imagen_destacada":"https:\/\/d2p0bx8wfdkjkb.cloudfront.net\/static\/properties\/SD1VYND9UU\/JG5C5YY2U5\/sW6RzubVV2\/Captura_de_pantalla_2025-06-16_a_las_3.jpeg","url_gallery_1":"https:\/\/d2p0bx8wfdkjkb.cloudfront.net\/static\/properties\/SD1VYND9UU\/JF587XXPVG\/6FBv9SZVG5\/Captura_de_pantalla_2025-06-16_a_las_3.jpeg","url_gallery_2":"https:\/\/d2p0bx8wfdkjkb.cloudfront.net\/static\/properties\/SD1VYND9UU\/OYG8FZ51ZI\/F47WTNxRfN\/Captura_de_pantalla_2025-06-17_a_las_1.jpeg","url_gallery_3":"https:\/\/d2p0bx8wfdkjkb.cloudfront.net\/static\/properties\/SD1VYND9UU\/AHD0AMA7V3\/okowUWSsq9\/Captura_de_pantalla_2025-06-17_a_las_1.jpeg","url_gallery_4":"https:\/\/d2p0bx8wfdkjkb.cloudfront.net\/static\/properties\/SD1VYND9UU\/SPZO0L5FC2\/yyRE8YVFRv\/Captura_de_pantalla_2025-06-17_a_las_1.jpeg","url_gallery_5":"https:\/\/d2p0bx8wfdkjkb.cloudfront.net\/static\/properties\/SD1VYND9UU\/ITF6RKLMVJ\/b2pPQu2XxX\/Captura_de_pantalla_2025-06-17_a_las_1.jpeg","url_video_de_youtube":null,"gallery_project":null,"gallery_repeater":null,"agente_responsable":"427","agentes":null,"amenidades_del_inmueble":null,"areas_comunes_del_inmueble":null,"lugares_cercanos_al_inmueble":null,"plan_de_pagos":null,"unidades_disponibles":null,"opciones_del_proyecto":null,"propiedades_similares":null,"google_map_iframe":null,"convertir_en_landing_page":null,"titulo_breve":null,"breve_descripcion":null,"amenidades_destacadas":null,"galeria_cover":null},"_links":{"self":[{"href":"https:\/\/mrhome.com.do\/en\/wp-json\/wp\/v2\/propiedad\/3733","targetHints":{"allow":["GET"]}}],"collection":[{"href":"https:\/\/mrhome.com.do\/en\/wp-json\/wp\/v2\/propiedad"}],"about":[{"href":"https:\/\/mrhome.com.do\/en\/wp-json\/wp\/v2\/types\/propiedad"}],"wp:attachment":[{"href":"https:\/\/mrhome.com.do\/en\/wp-json\/wp\/v2\/media?parent=3733"}],"wp:term":[{"taxonomy":"category","embeddable":true,"href":"https:\/\/mrhome.com.do\/en\/wp-json\/wp\/v2\/categories?post=3733"},{"taxonomy":"post_tag","embeddable":true,"href":"https:\/\/mrhome.com.do\/en\/wp-json\/wp\/v2\/tags?post=3733"},{"taxonomy":"desarrollador","embeddable":true,"href":"https:\/\/mrhome.com.do\/en\/wp-json\/wp\/v2\/desarrollador?post=3733"},{"taxonomy":"comprar-propiedades","embeddable":true,"href":"https:\/\/mrhome.com.do\/en\/wp-json\/wp\/v2\/comprar-propiedades?post=3733"},{"taxonomy":"operacion","embeddable":true,"href":"https:\/\/mrhome.com.do\/en\/wp-json\/wp\/v2\/operacion?post=3733"},{"taxonomy":"tipo-de-inmueble","embeddable":true,"href":"https:\/\/mrhome.com.do\/en\/wp-json\/wp\/v2\/tipo-de-inmueble?post=3733"},{"taxonomy":"provincia","embeddable":true,"href":"https:\/\/mrhome.com.do\/en\/wp-json\/wp\/v2\/provincia?post=3733"},{"taxonomy":"ciudad","embeddable":true,"href":"https:\/\/mrhome.com.do\/en\/wp-json\/wp\/v2\/ciudad?post=3733"},{"taxonomy":"sector","embeddable":true,"href":"https:\/\/mrhome.com.do\/en\/wp-json\/wp\/v2\/sector?post=3733"}],"curies":[{"name":"wp","href":"https:\/\/api.w.org\/{rel}","templated":true}]}}

<p style="text-align:start;">
</p>
<h4><span style="color: inherit;font-size: 18px;font-family: inherit;">Descripción</span></h4>
<p><span style="color: rgb(73,73,73);font-size: 15px;font-family: Nunito, arial, sans-serif;">Se vende acogedor apartamento en excelente condiciones en 2da planta con amplia terraza y excelente ubicación en Naco</span></p>
<p><span style="color: rgb(73,73,73);font-size: 15px;font-family: Nunito, arial, sans-serif;">Detalles del apartamento:</span> <br /><span style="color: rgb(73,73,73);font-size: 15px;font-family: Nunito, arial, sans-serif;">-115 m2 netos de apartamento + 76 m2 de terraza</span> <br /><span style="color: rgb(73,73,73);font-size: 15px;font-family: Nunito, arial, sans-serif;">-Sala</span> <br /><span style="color: rgb(73,73,73);font-size: 15px;font-family: Nunito, arial, sans-serif;">-Comedor</span> <br /><span style="color: rgb(73,73,73);font-size: 15px;font-family: Nunito, arial, sans-serif;">-Cocina integrada</span> <br /><span style="color: rgb(73,73,73);font-size: 15px;font-family: Nunito, arial, sans-serif;">-Área de lavado</span> <br /><span style="color: rgb(73,73,73);font-size: 15px;font-family: Nunito, arial, sans-serif;">-Cuarto de servicio +. baño</span> <br /><span style="color: rgb(73,73,73);font-size: 15px;font-family: Nunito, arial, sans-serif;">-Terraza amplia semi destechada (tiene permitido posibilidad de hacer construcción ligera en madera o vidrio para cerrarla como opción adicional)</span> <br /><span style="color: rgb(73,73,73);font-size: 15px;font-family: Nunito, arial, sans-serif;">-2 habitaciones + 2.5 baños</span> <br /><span style="color: rgb(73,73,73);font-size: 15px;font-family: Nunito, arial, sans-serif;">-Habitación principal con walk-in closet</span> <br /><span style="color: rgb(73,73,73);font-size: 15px;font-family: Nunito, arial, sans-serif;">-2 parqueos paralelos</span> </p>
<p><span style="color: rgb(73,73,73);font-size: 15px;font-family: Nunito, arial, sans-serif;">Valor agregado / incluido en el precio de venta:</span> <br /><span style="color: rgb(73,73,73);font-size: 15px;font-family: Nunito, arial, sans-serif;">-Shutters</span> <br /><span style="color: rgb(73,73,73);font-size: 15px;font-family: Nunito, arial, sans-serif;">-Construcción ligera de terraza techada</span> <br /><span style="color: rgb(73,73,73);font-size: 15px;font-family: Nunito, arial, sans-serif;">-Pisos en madera</span> <br /><span style="color: rgb(73,73,73);font-size: 15px;font-family: Nunito, arial, sans-serif;">-Techos en sheetrock</span> <br /><span style="color: rgb(73,73,73);font-size: 15px;font-family: Nunito, arial, sans-serif;">-Excelente estado</span> <br /><span style="color: rgb(73,73,73);font-size: 15px;font-family: Nunito, arial, sans-serif;">-Mueble empotrado de la sala y habitación principal</span> <br /><span style="color: rgb(73,73,73);font-size: 15px;font-family: Nunito, arial, sans-serif;">-Cortinas</span> </p>
<p><span style="color: rgb(73,73,73);font-size: 15px;font-family: Nunito, arial, sans-serif;">Detalles de la Torre:</span> <br /><span style="color: rgb(73,73,73);font-size: 15px;font-family: Nunito, arial, sans-serif;">-Lobby climatizado y amueblado</span> <br /><span style="color: rgb(73,73,73);font-size: 15px;font-family: Nunito, arial, sans-serif;">-Conserjeria 24/7</span> <br /><span style="color: rgb(73,73,73);font-size: 15px;font-family: Nunito, arial, sans-serif;">-Staff de liempieza</span> <br /><span style="color: rgb(73,73,73);font-size: 15px;font-family: Nunito, arial, sans-serif;">-2 ascensores</span> <br /><span style="color: rgb(73,73,73);font-size: 15px;font-family: Nunito, arial, sans-serif;">-Amenidades- Rooftop: Gym equipado, salón multiuso amueblado completo, área de niños y terraza destechada amueblada con kitchenette de soporte para las demas áreas sociales</span></p>
<p style="text-align:start;">
<h4><span style="color: inherit;font-size: 18px;font-family: inherit;">Características</span></h4>
<h5><span style="color: inherit;font-size: 14px;font-family: inherit;">Exterior</span></h5>
<ul>
<li><span style="color: rgb(73,73,73);font-size: 15px;font-family: Nunito, arial, sans-serif;">Balcón</span>&nbsp;</li>
<li><span style="color: rgb(73,73,73);font-size: 15px;font-family: Nunito, arial, sans-serif;">Estacionamiento paralelo</span>&nbsp;</li>
<li><span style="color: rgb(73,73,73);font-size: 15px;font-family: Nunito, arial, sans-serif;">Estacionamiento techado</span></li>
<li><span style="color: rgb(73,73,73);font-size: 15px;font-family: Nunito, arial, sans-serif;">Parrilla</span>&nbsp;</li>
<li><span style="color: rgb(73,73,73);font-size: 15px;font-family: Nunito, arial, sans-serif;">Terraza común</span>&nbsp;</li>
<li><span style="color: rgb(73,73,73);font-size: 15px;font-family: Nunito, arial, sans-serif;">Terraza privada</span></li>
</ul>
<h5><span style="color: inherit;font-size: 14px;font-family: inherit;">General</span></h5>
<ul>
<li><span style="color: rgb(73,73,73);font-size: 15px;font-family: Nunito, arial, sans-serif;">Ascensor</span>&nbsp;</li>
<li><span style="color: rgb(73,73,73);font-size: 15px;font-family: Nunito, arial, sans-serif;">Gas común</span>&nbsp;</li>
<li><span style="color: rgb(73,73,73);font-size: 15px;font-family: Nunito, arial, sans-serif;">No amueblado</span>&nbsp;</li>
<li><span style="color: rgb(73,73,73);font-size: 15px;font-family: Nunito, arial, sans-serif;">Planta eléctrica</span>&nbsp;</li>
<li><span style="color: rgb(73,73,73);font-size: 15px;font-family: Nunito, arial, sans-serif;">Portero</span></li>
<li><span style="color: rgb(73,73,73);font-size: 15px;font-family: Nunito, arial, sans-serif;">Portón eléctrico</span>&nbsp;</li>
<li><span style="color: rgb(73,73,73);font-size: 15px;font-family: Nunito, arial, sans-serif;">Seguridad 24 Horas</span></li>
</ul>
<h5><span style="color: inherit;font-size: 14px;font-family: inherit;">Políticas</span></h5>
<ul>
<li><span style="color: rgb(73,73,73);font-size: 15px;font-family: Nunito, arial, sans-serif;">No permiten alquileres a corto plazo</span></li>
</ul>
<h5><span style="color: inherit;font-size: 14px;font-family: inherit;">Recreación</span></h5>
<ul>
<li><span style="color: rgb(73,73,73);font-size: 15px;font-family: Nunito, arial, sans-serif;">Gimnasio</span>&nbsp;</li>
<li><span style="color: rgb(73,73,73);font-size: 15px;font-family: Nunito, arial, sans-serif;">Salón de eventos</span></li>
</ul>

<p>Descripción<br />
Se vende acogedor apartamento en excelente condiciones en 2da planta con amplia terraza y excelente ubicación en NacoDetalles del apartamento: -115 m2 netos de apartamento + 76 m2 de terraza -Sala -Comedor -Cocina integrada -Área de lavado -Cuarto de servicio +. baño -Terraza amplia semi destechada (tiene permitido posibilidad de hacer construcción ligera en madera</p>
