{"id":3712,"date":"2025-06-21T00:00:00","date_gmt":"2025-06-21T04:00:00","guid":{"rendered":"https:\/\/mrhomeweb.rtlsmedia.com\/propiedad\/venta-de-apartamento-3-habitaciones-en-el-millon\/"},"modified":"2026-03-16T13:36:35","modified_gmt":"2026-03-16T17:36:35","slug":"venta-de-apartamento-3-habitaciones-en-el-millon-418658","status":"publish","type":"propiedad","link":"https:\/\/mrhome.com.do\/en\/propiedad\/venta-de-apartamento-3-habitaciones-en-el-millon-418658\/","title":{"rendered":"Venta de Apartamento 3 habitaciones en el Millon"},"content":{"rendered":"<p>Apartamento con Potencial de Penthouse en El Mill\u00f3n \ud83c\udfe1<\/p>\n<\/p>\n<p>Descubr\u00ed una oportunidad \u00fanica en El Mill\u00f3n, en una calle tranquila a pocos pasos del Parque de las Praderas, y con acceso conveniente a la N\u00fa\u00f1ez de C\u00e1ceres y la 27 de Febrero. Este apartamento te ofrece no solo un hogar, sino un futuro lleno de posibilidades.<\/p>\n<\/p>\n<p>Lo que este apartamento te ofrece:<\/p>\n<p>&nbsp;\u2022 \ud83d\udecf\ufe0f 2 habitaciones principales: Cada una con su ba\u00f1o privado, brindando confort y privacidad.<\/p>\n<p>&nbsp;<span style=\"font-size: 15px;font-family: Inter, sans-serif\">\u2022<\/span> \ud83d\ude97 2 parqueos paralelos: Espacio seguro y c\u00f3modo para tus veh\u00edculos.<\/p>\n<p>&nbsp;<span style=\"font-size: 15px;font-family: Inter, sans-serif\">\u2022<\/span> \ud83c\udf43 Balc\u00f3n: Un espacio para relajarte y disfrutar del aire libre.<\/p>\n<p>&nbsp;<span style=\"font-size: 15px;font-family: Inter, sans-serif\">\u2022<\/span> \ud83d\udd12 Acceso controlado: Para tu tranquilidad y seguridad.<\/p>\n<p>&nbsp;<span style=\"font-size: 15px;font-family: Inter, sans-serif\">\u2022<\/span> \ud83e\uddd1\u200d\ud83c\udf73 Cocina abierta con desayunador: Un dise\u00f1o moderno y funcional, ideal para el d\u00eda a d\u00eda o para entretener.<\/p>\n<p>&nbsp;<span style=\"font-size: 15px;font-family: Inter, sans-serif\">\u2022<\/span> \ud83d\udebd Medio ba\u00f1o: Perfecto para visitas.<\/p>\n<\/p>\n<p>\u00a1El valor agregado que estabas buscando!<\/p>\n<p>&nbsp;<span style=\"font-size: 15px;font-family: Inter, sans-serif\">\u2022<\/span> \u2728 Un piso adicional incluido en el precio: S\u00ed, le\u00edste bien. Este espacio cuenta con entrada independiente, una sala, una terraza exclusiva y una habitaci\u00f3n con ba\u00f1o.<\/p>\n<p>&nbsp;<span style=\"font-size: 15px;font-family: Inter, sans-serif\">\u2022<\/span> \ud83d\udca1 Ideal para rentar: Convert\u00ed este piso extra en un apartamento independiente y gener\u00e1 ingresos adicionales.<\/p>\n<p>&nbsp;<span style=\"font-size: 15px;font-family: Inter, sans-serif\">\u2022<\/span> \ud83e\ude9c Potencial de penthouse: \u00bfBusc\u00e1s m\u00e1s espacio? Ten\u00e9s la opci\u00f3n de construir una escalera y unir ambos pisos, transform\u00e1ndolo en un impresionante penthouse<\/p>\n<\/p>\n<p>Este apartamento es m\u00e1s que una propiedad; es una inversi\u00f3n inteligente en tu estilo de vida o en tu patrimonio. \u00a1No dejes pasar esta oportunidad!<\/p>\n<\/p>\n<p>Cont\u00e1ctanos hoy mismo para m\u00e1s detalles y descubr\u00ed el potencial de tu pr\u00f3ximo hogar. \ud83d\udcde<\/p>\n","protected":false},"excerpt":{"rendered":"<p>Apartamento de 2 habitaciones cada una con su ba\u00f1o m\u00e1s un segundo piso con sala, habitaci\u00f3n con ba\u00f1o y terraza privada<\/p>\n","protected":false},"featured_media":0,"template":"","meta":{"_acf_changed":false},"categories":[],"tags":[],"desarrollador":[],"comprar-propiedades":[11],"operacion":[3],"tipo-de-inmueble":[6],"provincia":[15],"ciudad":[16],"sector":[291],"class_list":["post-3712","propiedad","type-propiedad","status-publish","hentry","comprar-propiedades-listas","operacion-comprar","tipo-de-inmueble-apartamentos","provincia-santo-domingo-de-guzman","ciudad-santo-domingo-d-n","sector-el-millon"],"acf":{"agente_responsable":517,"amenidades_del_inmueble":[{"nombre":"AirBnB Friendly","icono":""},{"nombre":"Ascensor","icono":""},{"nombre":"Balc\u00f3n","icono":""},{"nombre":"C\u00e1maras de seguridad","icono":""},{"nombre":"Cisterna","icono":""},{"nombre":"Cocina","icono":""},{"nombre":"Cocina con desayunador","icono":""},{"nombre":"Cuarto de Servicio","icono":""},{"nombre":"Estacionamiento techado","icono":""},{"nombre":"intercom","icono":""},{"nombre":"Parque","icono":""},{"nombre":"Parqueos","icono":""},{"nombre":"Parqueos Paralelos","icono":""},{"nombre":"Portero","icono":""},{"nombre":"Port\u00f3n El\u00e9ctrico","icono":""},{"nombre":"Sala","icono":""},{"nombre":"Terraza Exclusiva","icono":""}]},"_links":{"self":[{"href":"https:\/\/mrhome.com.do\/en\/wp-json\/wp\/v2\/propiedad\/3712","targetHints":{"allow":["GET"]}}],"collection":[{"href":"https:\/\/mrhome.com.do\/en\/wp-json\/wp\/v2\/propiedad"}],"about":[{"href":"https:\/\/mrhome.com.do\/en\/wp-json\/wp\/v2\/types\/propiedad"}],"wp:attachment":[{"href":"https:\/\/mrhome.com.do\/en\/wp-json\/wp\/v2\/media?parent=3712"}],"wp:term":[{"taxonomy":"category","embeddable":true,"href":"https:\/\/mrhome.com.do\/en\/wp-json\/wp\/v2\/categories?post=3712"},{"taxonomy":"post_tag","embeddable":true,"href":"https:\/\/mrhome.com.do\/en\/wp-json\/wp\/v2\/tags?post=3712"},{"taxonomy":"desarrollador","embeddable":true,"href":"https:\/\/mrhome.com.do\/en\/wp-json\/wp\/v2\/desarrollador?post=3712"},{"taxonomy":"comprar-propiedades","embeddable":true,"href":"https:\/\/mrhome.com.do\/en\/wp-json\/wp\/v2\/comprar-propiedades?post=3712"},{"taxonomy":"operacion","embeddable":true,"href":"https:\/\/mrhome.com.do\/en\/wp-json\/wp\/v2\/operacion?post=3712"},{"taxonomy":"tipo-de-inmueble","embeddable":true,"href":"https:\/\/mrhome.com.do\/en\/wp-json\/wp\/v2\/tipo-de-inmueble?post=3712"},{"taxonomy":"provincia","embeddable":true,"href":"https:\/\/mrhome.com.do\/en\/wp-json\/wp\/v2\/provincia?post=3712"},{"taxonomy":"ciudad","embeddable":true,"href":"https:\/\/mrhome.com.do\/en\/wp-json\/wp\/v2\/ciudad?post=3712"},{"taxonomy":"sector","embeddable":true,"href":"https:\/\/mrhome.com.do\/en\/wp-json\/wp\/v2\/sector?post=3712"}],"curies":[{"name":"wp","href":"https:\/\/api.w.org\/{rel}","templated":true}]}}

<p>Apartamento con Potencial de Penthouse en El Millón 🏡</p>
</p>
<p>Descubrí una oportunidad única en El Millón, en una calle tranquila a pocos pasos del Parque de las Praderas, y con acceso conveniente a la Núñez de Cáceres y la 27 de Febrero. Este apartamento te ofrece no solo un hogar, sino un futuro lleno de posibilidades.</p>
</p>
<p>Lo que este apartamento te ofrece:</p>
<p>&nbsp;• 🛏️ 2 habitaciones principales: Cada una con su baño privado, brindando confort y privacidad.</p>
<p>&nbsp;<span style="font-size: 15px;font-family: Inter, sans-serif">•</span> 🚗 2 parqueos paralelos: Espacio seguro y cómodo para tus vehículos.</p>
<p>&nbsp;<span style="font-size: 15px;font-family: Inter, sans-serif">•</span> 🍃 Balcón: Un espacio para relajarte y disfrutar del aire libre.</p>
<p>&nbsp;<span style="font-size: 15px;font-family: Inter, sans-serif">•</span> 🔒 Acceso controlado: Para tu tranquilidad y seguridad.</p>
<p>&nbsp;<span style="font-size: 15px;font-family: Inter, sans-serif">•</span> 🧑‍🍳 Cocina abierta con desayunador: Un diseño moderno y funcional, ideal para el día a día o para entretener.</p>
<p>&nbsp;<span style="font-size: 15px;font-family: Inter, sans-serif">•</span> 🚽 Medio baño: Perfecto para visitas.</p>
</p>
<p>¡El valor agregado que estabas buscando!</p>
<p>&nbsp;<span style="font-size: 15px;font-family: Inter, sans-serif">•</span> ✨ Un piso adicional incluido en el precio: Sí, leíste bien. Este espacio cuenta con entrada independiente, una sala, una terraza exclusiva y una habitación con baño.</p>
<p>&nbsp;<span style="font-size: 15px;font-family: Inter, sans-serif">•</span> 💡 Ideal para rentar: Convertí este piso extra en un apartamento independiente y generá ingresos adicionales.</p>
<p>&nbsp;<span style="font-size: 15px;font-family: Inter, sans-serif">•</span> 🪜 Potencial de penthouse: ¿Buscás más espacio? Tenés la opción de construir una escalera y unir ambos pisos, transformándolo en un impresionante penthouse</p>
</p>
<p>Este apartamento es más que una propiedad; es una inversión inteligente en tu estilo de vida o en tu patrimonio. ¡No dejes pasar esta oportunidad!</p>
</p>
<p>Contáctanos hoy mismo para más detalles y descubrí el potencial de tu próximo hogar. 📞</p>

<p>Apartamento de 2 habitaciones cada una con su baño más un segundo piso con sala, habitación con baño y terraza privada</p>

Balcón

Cámaras de seguridad

Portón Eléctrico
