{"id":3651,"date":"2025-07-11T00:00:00","date_gmt":"2025-07-11T04:00:00","guid":{"rendered":"https:\/\/mrhomeweb.rtlsmedia.com\/propiedad\/apartamento-amueblado-en-panorama-lake\/"},"modified":"2025-09-23T15:57:37","modified_gmt":"2025-09-23T19:57:37","slug":"apartamento-amueblado-en-panorama-lake","status":"publish","type":"propiedad","link":"https:\/\/mrhome.com.do\/en\/propiedad\/apartamento-amueblado-en-panorama-lake\/","title":{"rendered":"Apartamento Amueblado En Panorama Lake"},"content":{"rendered":"<h3 style=\"text-align:left;\"><span style=\"color: rgb(28,67,76);background-color: rgb(255,255,255);font-size: 1.5rem;font-family: Inter, sans-serif;\">Panorama Lakes en Vistacana <\/span><\/h3>\n<p style=\"text-align:left;\"><span style=\"color: rgb(28,67,76);background-color: rgb(255,255,255);font-size: 16px;font-family: Inter, sans-serif;\">Un oasis de confort y elegancia ubicado en Vista Cana  Residencial Panorama Lagos, Vista Cana<\/span><br \/><span style=\"color: rgb(28,67,76);background-color: rgb(255,255,255);font-size: 16px;font-family: Inter, sans-serif;\"> <\/span> 4t<span style=\"color: rgb(28,67,76);background-color: rgb(255,255,255);font-size: 16px;font-family: Inter, sans-serif;\">o Nivel  <\/span> <span style=\"color: rgb(28,67,76);background-color: rgb(255,255,255);font-size: 16px;font-family: Inter, sans-serif;\">66.50 m\u00b2\u200b <\/span><\/p>\n<p style=\"text-align:left;\"><span style=\"color: rgb(28,67,76);background-color: rgb(255,255,255);font-size: 16px;font-family: Inter, sans-serif;\">\u2714<\/span> <span style=\"color: rgb(28,67,76);background-color: rgb(255,255,255);font-size: 16px;font-family: Inter, sans-serif;\">Sala y comedor<\/span><\/p>\n<p><span style=\"color: rgb(28,67,76);background-color: rgb(255,255,255);font-size: 16px;font-family: Inter, sans-serif;\">\u2714<\/span> <span style=\"color: rgb(28,67,76);background-color: rgb(255,255,255);font-size: 16px;font-family: Inter, sans-serif;\">Cocina amueblada <\/span>&nbsp;<\/p>\n<p><span style=\"color: rgb(28,67,76);background-color: rgb(255,255,255);font-size: 16px;font-family: Inter, sans-serif;\">\u2714<\/span> <span style=\"color: rgb(28,67,76);background-color: rgb(255,255,255);font-size: 16px;font-family: Inter, sans-serif;\">Balc\u00f3n con vista panor\u00e1mica<\/span>&nbsp;<\/p>\n<p><span style=\"color: rgb(28,67,76);background-color: rgb(255,255,255);font-size: 16px;font-family: Inter, sans-serif;\">\u2714<\/span> <span style=\"color: rgb(28,67,76);background-color: rgb(255,255,255);font-size: 16px;font-family: Inter, sans-serif;\">Un parqueo privado<\/span>&nbsp;<\/p>\n<p><span style=\"color: rgb(28,67,76);background-color: rgb(255,255,255);font-size: 16px;font-family: Inter, sans-serif;\">\u2714<\/span> <span style=\"color: rgb(28,67,76);background-color: rgb(255,255,255);font-size: 16px;font-family: Inter, sans-serif;\">Aires Acondicionados<\/span>&nbsp;<\/p>\n<p style=\"text-align:left;\">\n<h3 style=\"text-align:left;\"><span style=\"color: rgb(28,67,76);background-color: rgb(255,255,255);font-size: 1.5rem;font-family: Inter, sans-serif;\">AMENIDADES DEL PROYECTO<\/span><\/h3>\n<p style=\"text-align:left;\"><span style=\"color: rgb(28,67,76);background-color: rgb(255,255,255);font-size: 16px;font-family: Inter, sans-serif;\"> <\/span> <span style=\"color: rgb(28,67,76);background-color: rgb(255,255,255);font-size: 16px;font-family: Inter, sans-serif;\">Piscinas &amp; \u00c1reas Sociales<\/span><br \/><span style=\"color: rgb(28,67,76);background-color: rgb(255,255,255);font-size: 16px;font-family: Inter, sans-serif;\"> <\/span> <span style=\"color: rgb(28,67,76);background-color: rgb(255,255,255);font-size: 16px;font-family: Inter, sans-serif;\">Parque infantil &amp; \u00c1reas recreativas para ni\u00f1os<\/span><br \/><span style=\"color: rgb(28,67,76);background-color: rgb(255,255,255);font-size: 16px;font-family: Inter, sans-serif;\"> <\/span> <span style=\"color: rgb(28,67,76);background-color: rgb(255,255,255);font-size: 16px;font-family: Inter, sans-serif;\">Gazebo con p\u00e9rgolas para eventos y reuniones<\/span><br \/><span style=\"color: rgb(28,67,76);background-color: rgb(255,255,255);font-size: 16px;font-family: Inter, sans-serif;\"> <\/span> <span style=\"color: rgb(28,67,76);background-color: rgb(255,255,255);font-size: 16px;font-family: Inter, sans-serif;\">Ascensor para mayor comodidad<\/span><\/p>\n<\/p>\n<h3 style=\"text-align:left;\"><span style=\"color: rgb(28,67,76);background-color: rgb(255,255,255);font-size: 1.5rem;font-family: Inter, sans-serif;\">AMENIDADES DE VISTACANA <\/span><\/h3>\n<p style=\"text-align:left;\"><span style=\"color: rgb(28,67,76);background-color: rgb(255,255,255);font-size: 16px;font-family: Inter, sans-serif;\">\u26f3<\/span> <span style=\"color: rgb(28,67,76);background-color: rgb(255,255,255);font-size: 16px;font-family: Inter, sans-serif;\">Campo de Golf con uso nocturno<\/span><br \/><span style=\"color: rgb(28,67,76);background-color: rgb(255,255,255);font-size: 16px;font-family: Inter, sans-serif;\"> <\/span> <span style=\"color: rgb(28,67,76);background-color: rgb(255,255,255);font-size: 16px;font-family: Inter, sans-serif;\">Casa Club con lago artificial<\/span><br \/><span style=\"color: rgb(28,67,76);background-color: rgb(255,255,255);font-size: 16px;font-family: Inter, sans-serif;\"> <\/span> <span style=\"color: rgb(28,67,76);background-color: rgb(255,255,255);font-size: 16px;font-family: Inter, sans-serif;\">Dos restaurantes exclusivos<\/span><br \/><span style=\"color: rgb(28,67,76);background-color: rgb(255,255,255);font-size: 16px;font-family: Inter, sans-serif;\"> <\/span> <span style=\"color: rgb(28,67,76);background-color: rgb(255,255,255);font-size: 16px;font-family: Inter, sans-serif;\">Senderos ecol\u00f3gicos rodeados de naturaleza<\/span><br \/><span style=\"color: rgb(28,67,76);background-color: rgb(255,255,255);font-size: 16px;font-family: Inter, sans-serif;\"> <\/span> <span style=\"color: rgb(28,67,76);background-color: rgb(255,255,255);font-size: 16px;font-family: Inter, sans-serif;\">Jardines exuberantes<\/span><\/p>\n<p style=\"text-align:left;\">\n<p style=\"text-align:left;\"><span style=\"color: rgb(28,67,76);background-color: rgb(255,255,255);font-size: 16px;font-family: Inter, sans-serif;\"> <\/span> <span style=\"color: rgb(28,67,76);background-color: rgb(255,255,255);font-size: 16px;font-family: Inter, sans-serif;\">\u00a1Tu hogar so\u00f1ado te espera!<\/span> <span style=\"color: rgb(28,67,76);background-color: rgb(255,255,255);font-size: 16px;font-family: Inter, sans-serif;\"> <\/span>&nbsp;<\/p>\n","protected":false},"excerpt":{"rendered":"<p>Panorama Lakes en Vistacana<br \/>\nUn oasis de confort y elegancia ubicado en Vista Cana  Residencial Panorama Lagos, Vista Cana  4to Nivel   66.5 m\u00b2\u200b<br \/>\n\u2714 Sala y comedor<br \/>\n\u2714 Cocina amueblada &nbsp;<br \/>\n\u2714 Balc\u00f3n con vista panor\u00e1mica&nbsp;<br \/>\n\u2714 Un parqueo privado&nbsp;<br \/>\n\u2714 Aires Acondicionados&nbsp;<\/p>\n<p>AMENIDADES DEL PROYECTO<br \/>\n  Piscinas &amp; \u00c1reas Sociales  Parque infantil &amp; \u00c1reas recreativas para ni\u00f1os  Gazebo con<\/p>\n","protected":false},"featured_media":0,"template":"","meta":{"_acf_changed":false},"categories":[],"tags":[],"desarrollador":[],"comprar-propiedades":[11],"operacion":[3],"tipo-de-inmueble":[6],"provincia":[18],"ciudad":[84],"sector":[626],"class_list":["post-3651","propiedad","type-propiedad","status-publish","hentry","comprar-propiedades-listas","operacion-comprar","tipo-de-inmueble-apartamentos","provincia-la-altagracia","ciudad-bavaro","sector-vista-cana"],"acf":{"inmueble_destacado":null,"inmueble_vendido":"0","uid_propiedad":"","cid_propiedad":"418764","operacion_project":"3","tipo_de_inmueble":"6","estado_project":"11","entrega_project":null,"provincia_project":"18","ciudad_project":"84","sector_project":"626","moneda_project":"USD","price_project":"145000","price_project_hasta":null,"ae_precio_de_venta":"","ae_precio_alquiler":"","ae_precio_renta_temporal":"","ae_precio_alquier_amueblado":"","ae_precio_venta_amueblado":"145,000.00","ae_precio_mantenimiento":"","ae_precio_separacion":"","m_construccion_project":"66.50","m_construccion_terreno":"","banos_project":"","parqueo_project":"","habitacion_project":"1","proyecto_max_de_banos":null,"proyecto_max_de_parqueo":null,"proyecto_max_de_area":null,"proyecto_max_de_habitaciones":null,"proyecto_precio_max":null,"proyecto_moneda_precio_max":null,"proyecto_min_de_banos":null,"proyecto_min_de_parqueos":null,"proyecto_min_de_area":null,"proyecto_min_de_habitaciones":null,"proyecto_precio_min":null,"proyecto_moneda_precio_min":null,"url_imagen_destacada":"https:\/\/d2p0bx8wfdkjkb.cloudfront.net\/static\/properties\/SD1VYND9UU\/FEL2520T5D\/BBhGDWiatu\/IMG-20250711-WA0033.jpeg","url_gallery_1":"","url_gallery_2":"","url_gallery_3":"","url_gallery_4":"","url_gallery_5":"","url_video_de_youtube":null,"gallery_project":null,"gallery_repeater":null,"agente_responsable":"","agentes":null,"amenidades_del_inmueble":null,"areas_comunes_del_inmueble":null,"lugares_cercanos_al_inmueble":null,"plan_de_pagos":null,"unidades_disponibles":null,"opciones_del_proyecto":null,"propiedades_similares":null,"google_map_iframe":null,"convertir_en_landing_page":null,"titulo_breve":null,"breve_descripcion":null,"amenidades_destacadas":null,"galeria_cover":null},"_links":{"self":[{"href":"https:\/\/mrhome.com.do\/en\/wp-json\/wp\/v2\/propiedad\/3651","targetHints":{"allow":["GET"]}}],"collection":[{"href":"https:\/\/mrhome.com.do\/en\/wp-json\/wp\/v2\/propiedad"}],"about":[{"href":"https:\/\/mrhome.com.do\/en\/wp-json\/wp\/v2\/types\/propiedad"}],"wp:attachment":[{"href":"https:\/\/mrhome.com.do\/en\/wp-json\/wp\/v2\/media?parent=3651"}],"wp:term":[{"taxonomy":"category","embeddable":true,"href":"https:\/\/mrhome.com.do\/en\/wp-json\/wp\/v2\/categories?post=3651"},{"taxonomy":"post_tag","embeddable":true,"href":"https:\/\/mrhome.com.do\/en\/wp-json\/wp\/v2\/tags?post=3651"},{"taxonomy":"desarrollador","embeddable":true,"href":"https:\/\/mrhome.com.do\/en\/wp-json\/wp\/v2\/desarrollador?post=3651"},{"taxonomy":"comprar-propiedades","embeddable":true,"href":"https:\/\/mrhome.com.do\/en\/wp-json\/wp\/v2\/comprar-propiedades?post=3651"},{"taxonomy":"operacion","embeddable":true,"href":"https:\/\/mrhome.com.do\/en\/wp-json\/wp\/v2\/operacion?post=3651"},{"taxonomy":"tipo-de-inmueble","embeddable":true,"href":"https:\/\/mrhome.com.do\/en\/wp-json\/wp\/v2\/tipo-de-inmueble?post=3651"},{"taxonomy":"provincia","embeddable":true,"href":"https:\/\/mrhome.com.do\/en\/wp-json\/wp\/v2\/provincia?post=3651"},{"taxonomy":"ciudad","embeddable":true,"href":"https:\/\/mrhome.com.do\/en\/wp-json\/wp\/v2\/ciudad?post=3651"},{"taxonomy":"sector","embeddable":true,"href":"https:\/\/mrhome.com.do\/en\/wp-json\/wp\/v2\/sector?post=3651"}],"curies":[{"name":"wp","href":"https:\/\/api.w.org\/{rel}","templated":true}]}}

<h3 style="text-align:left;"><span style="color: rgb(28,67,76);background-color: rgb(255,255,255);font-size: 1.5rem;font-family: Inter, sans-serif;">Panorama Lakes en Vistacana </span></h3>
<p style="text-align:left;"><span style="color: rgb(28,67,76);background-color: rgb(255,255,255);font-size: 16px;font-family: Inter, sans-serif;">Un oasis de confort y elegancia ubicado en Vista Cana  Residencial Panorama Lagos, Vista Cana</span><br /><span style="color: rgb(28,67,76);background-color: rgb(255,255,255);font-size: 16px;font-family: Inter, sans-serif;"> </span> 4t<span style="color: rgb(28,67,76);background-color: rgb(255,255,255);font-size: 16px;font-family: Inter, sans-serif;">o Nivel  </span> <span style="color: rgb(28,67,76);background-color: rgb(255,255,255);font-size: 16px;font-family: Inter, sans-serif;">66.50 m²​ </span></p>
<p style="text-align:left;"><span style="color: rgb(28,67,76);background-color: rgb(255,255,255);font-size: 16px;font-family: Inter, sans-serif;">✔</span> <span style="color: rgb(28,67,76);background-color: rgb(255,255,255);font-size: 16px;font-family: Inter, sans-serif;">Sala y comedor</span></p>
<p><span style="color: rgb(28,67,76);background-color: rgb(255,255,255);font-size: 16px;font-family: Inter, sans-serif;">✔</span> <span style="color: rgb(28,67,76);background-color: rgb(255,255,255);font-size: 16px;font-family: Inter, sans-serif;">Cocina amueblada </span>&nbsp;</p>
<p><span style="color: rgb(28,67,76);background-color: rgb(255,255,255);font-size: 16px;font-family: Inter, sans-serif;">✔</span> <span style="color: rgb(28,67,76);background-color: rgb(255,255,255);font-size: 16px;font-family: Inter, sans-serif;">Balcón con vista panorámica</span>&nbsp;</p>
<p><span style="color: rgb(28,67,76);background-color: rgb(255,255,255);font-size: 16px;font-family: Inter, sans-serif;">✔</span> <span style="color: rgb(28,67,76);background-color: rgb(255,255,255);font-size: 16px;font-family: Inter, sans-serif;">Un parqueo privado</span>&nbsp;</p>
<p><span style="color: rgb(28,67,76);background-color: rgb(255,255,255);font-size: 16px;font-family: Inter, sans-serif;">✔</span> <span style="color: rgb(28,67,76);background-color: rgb(255,255,255);font-size: 16px;font-family: Inter, sans-serif;">Aires Acondicionados</span>&nbsp;</p>
<p style="text-align:left;">
<h3 style="text-align:left;"><span style="color: rgb(28,67,76);background-color: rgb(255,255,255);font-size: 1.5rem;font-family: Inter, sans-serif;">AMENIDADES DEL PROYECTO</span></h3>
<p style="text-align:left;"><span style="color: rgb(28,67,76);background-color: rgb(255,255,255);font-size: 16px;font-family: Inter, sans-serif;"> </span> <span style="color: rgb(28,67,76);background-color: rgb(255,255,255);font-size: 16px;font-family: Inter, sans-serif;">Piscinas &amp; Áreas Sociales</span><br /><span style="color: rgb(28,67,76);background-color: rgb(255,255,255);font-size: 16px;font-family: Inter, sans-serif;"> </span> <span style="color: rgb(28,67,76);background-color: rgb(255,255,255);font-size: 16px;font-family: Inter, sans-serif;">Parque infantil &amp; Áreas recreativas para niños</span><br /><span style="color: rgb(28,67,76);background-color: rgb(255,255,255);font-size: 16px;font-family: Inter, sans-serif;"> </span> <span style="color: rgb(28,67,76);background-color: rgb(255,255,255);font-size: 16px;font-family: Inter, sans-serif;">Gazebo con pérgolas para eventos y reuniones</span><br /><span style="color: rgb(28,67,76);background-color: rgb(255,255,255);font-size: 16px;font-family: Inter, sans-serif;"> </span> <span style="color: rgb(28,67,76);background-color: rgb(255,255,255);font-size: 16px;font-family: Inter, sans-serif;">Ascensor para mayor comodidad</span></p>
</p>
<h3 style="text-align:left;"><span style="color: rgb(28,67,76);background-color: rgb(255,255,255);font-size: 1.5rem;font-family: Inter, sans-serif;">AMENIDADES DE VISTACANA </span></h3>
<p style="text-align:left;"><span style="color: rgb(28,67,76);background-color: rgb(255,255,255);font-size: 16px;font-family: Inter, sans-serif;">⛳</span> <span style="color: rgb(28,67,76);background-color: rgb(255,255,255);font-size: 16px;font-family: Inter, sans-serif;">Campo de Golf con uso nocturno</span><br /><span style="color: rgb(28,67,76);background-color: rgb(255,255,255);font-size: 16px;font-family: Inter, sans-serif;"> </span> <span style="color: rgb(28,67,76);background-color: rgb(255,255,255);font-size: 16px;font-family: Inter, sans-serif;">Casa Club con lago artificial</span><br /><span style="color: rgb(28,67,76);background-color: rgb(255,255,255);font-size: 16px;font-family: Inter, sans-serif;"> </span> <span style="color: rgb(28,67,76);background-color: rgb(255,255,255);font-size: 16px;font-family: Inter, sans-serif;">Dos restaurantes exclusivos</span><br /><span style="color: rgb(28,67,76);background-color: rgb(255,255,255);font-size: 16px;font-family: Inter, sans-serif;"> </span> <span style="color: rgb(28,67,76);background-color: rgb(255,255,255);font-size: 16px;font-family: Inter, sans-serif;">Senderos ecológicos rodeados de naturaleza</span><br /><span style="color: rgb(28,67,76);background-color: rgb(255,255,255);font-size: 16px;font-family: Inter, sans-serif;"> </span> <span style="color: rgb(28,67,76);background-color: rgb(255,255,255);font-size: 16px;font-family: Inter, sans-serif;">Jardines exuberantes</span></p>
<p style="text-align:left;">
<p style="text-align:left;"><span style="color: rgb(28,67,76);background-color: rgb(255,255,255);font-size: 16px;font-family: Inter, sans-serif;"> </span> <span style="color: rgb(28,67,76);background-color: rgb(255,255,255);font-size: 16px;font-family: Inter, sans-serif;">¡Tu hogar soñado te espera!</span> <span style="color: rgb(28,67,76);background-color: rgb(255,255,255);font-size: 16px;font-family: Inter, sans-serif;"> </span>&nbsp;</p>

<p>Panorama Lakes en Vistacana<br />
Un oasis de confort y elegancia ubicado en Vista Cana  Residencial Panorama Lagos, Vista Cana  4to Nivel   66.5 m²​<br />
✔ Sala y comedor<br />
✔ Cocina amueblada &nbsp;<br />
✔ Balcón con vista panorámica&nbsp;<br />
✔ Un parqueo privado&nbsp;<br />
✔ Aires Acondicionados&nbsp;</p>
<p>AMENIDADES DEL PROYECTO<br />
  Piscinas &amp; Áreas Sociales  Parque infantil &amp; Áreas recreativas para niños  Gazebo con</p>
