{"id":3560,"date":"2025-08-14T00:00:00","date_gmt":"2025-08-14T04:00:00","guid":{"rendered":"https:\/\/mrhomeweb.rtlsmedia.com\/propiedad\/listo-para-mudarte-apartamento-amueblado-en-alquiler-en-moderna-torre-de-mirador-norte-con-todas-las-amenidades\/"},"modified":"2025-09-23T15:56:16","modified_gmt":"2025-09-23T19:56:16","slug":"listo-para-mudarte-apartamento-amueblado-en-alquiler-en-moderna-torre-de-mirador-norte-con-todas-las-amenidades","status":"publish","type":"propiedad","link":"https:\/\/mrhome.com.do\/en\/propiedad\/listo-para-mudarte-apartamento-amueblado-en-alquiler-en-moderna-torre-de-mirador-norte-con-todas-las-amenidades\/","title":{"rendered":"Listo para Mudarte! Apartamento Amueblado en Alquiler en moderna torre de Mirador  Norte con todas las amenidades."},"content":{"rendered":"<p><strong>Apartamento en Mirador Norte<\/strong><br \/>Ubicado en una moderna torre con completas amenidades, este apartamento cuenta con:<\/p>\n<ul>\n<li>\n<p><strong>1 habitaci\u00f3n<\/strong> con ba\u00f1o privado y cl\u00f3set<\/p>\n<\/li>\n<li>\n<p>Sala, comedor y cocina integrada<\/p>\n<\/li>\n<li>\n<p>\u00c1rea de lavado<\/p>\n<\/li>\n<li>\n<p>Medio ba\u00f1o para visitas<\/p>\n<\/li>\n<li>\n<p><strong>Amplio balc\u00f3n frontal<\/strong> con excelente vista<\/p>\n<\/li>\n<li>\n<p>1 parqueo techado y locker privado<\/p>\n<\/li>\n<\/ul>\n<p><strong>Amenidades de la torre:<\/strong><\/p>\n<ul>\n<li>\n<p>Lobby amueblado y climatizado<\/p>\n<\/li>\n<li>\n<p>Ascensor de \u00faltima generaci\u00f3n<\/p>\n<\/li>\n<li>\n<p>Terraza social con jacuzzi<\/p>\n<\/li>\n<li>\n<p>Sal\u00f3n social<\/p>\n<\/li>\n<li>\n<p>Gimnasio completamente equipado<\/p>\n<\/li>\n<li>\n<p>\u00c1rea de BBQ<\/p>\n<\/li>\n<li>\n<p><strong>Airbnb permitido<\/strong><\/p>\n<\/li>\n<\/ul>\n","protected":false},"excerpt":{"rendered":"<p>Apartamento en Mirador NorteUbicado en una moderna torre con completas amenidades, este apartamento cuenta con:1 habitaci\u00f3n con ba\u00f1o privado y cl\u00f3setSala, comedor y cocina integrada\u00c1rea de lavadoMedio ba\u00f1o para visitasAmplio balc\u00f3n frontal con excelente vista1 parqueo techado y locker privadoAmenidades de la torre:Lobby amueblado y climatizadoAscensor de \u00faltima generaci\u00f3nTerraza social con jacuzziSal\u00f3n socialGimnasio completamente equipado\u00c1rea<\/p>\n","protected":false},"featured_media":0,"template":"","meta":{"_acf_changed":false},"categories":[],"tags":[],"desarrollador":[],"comprar-propiedades":[11],"operacion":[4],"tipo-de-inmueble":[6],"provincia":[15],"ciudad":[16],"sector":[467],"class_list":["post-3560","propiedad","type-propiedad","status-publish","hentry","comprar-propiedades-listas","operacion-alquilar","tipo-de-inmueble-apartamentos","provincia-santo-domingo-de-guzman","ciudad-santo-domingo-d-n","sector-mirador-norte"],"acf":{"inmueble_destacado":null,"inmueble_vendido":"0","uid_propiedad":"","cid_propiedad":"418957","operacion_project":"4","tipo_de_inmueble":"6","estado_project":"11","entrega_project":null,"provincia_project":"15","ciudad_project":"16","sector_project":"467","moneda_project":"DOP","price_project":"1200","price_project_hasta":null,"ae_precio_de_venta":"","ae_precio_alquiler":"","ae_precio_renta_temporal":"","ae_precio_alquier_amueblado":"1,200.00","ae_precio_venta_amueblado":"","ae_precio_mantenimiento":"","ae_precio_separacion":"","m_construccion_project":"","m_construccion_terreno":"","banos_project":"1.00","parqueo_project":"","habitacion_project":"1","proyecto_max_de_banos":null,"proyecto_max_de_parqueo":null,"proyecto_max_de_area":null,"proyecto_max_de_habitaciones":null,"proyecto_precio_max":null,"proyecto_moneda_precio_max":null,"proyecto_min_de_banos":null,"proyecto_min_de_parqueos":null,"proyecto_min_de_area":null,"proyecto_min_de_habitaciones":null,"proyecto_precio_min":null,"proyecto_moneda_precio_min":null,"url_imagen_destacada":"https:\/\/d2p0bx8wfdkjkb.cloudfront.net\/static\/properties\/SD1VYND9UU\/AVB7MVTK1J\/DdZFDXbmyx\/image17.jpeg","url_gallery_1":"https:\/\/d2p0bx8wfdkjkb.cloudfront.net\/static\/properties\/SD1VYND9UU\/IE7T019A2E\/WpZSbBCoNQ\/image1.jpeg","url_gallery_2":"https:\/\/d2p0bx8wfdkjkb.cloudfront.net\/static\/properties\/SD1VYND9UU\/ES0VEHIW7J\/MYwdQwoDEE\/image2.jpeg","url_gallery_3":"https:\/\/d2p0bx8wfdkjkb.cloudfront.net\/static\/properties\/SD1VYND9UU\/WWRT8EGT8H\/DaiAxmTRFN\/image3.jpeg","url_gallery_4":"https:\/\/d2p0bx8wfdkjkb.cloudfront.net\/static\/properties\/SD1VYND9UU\/E42IX0GZ9K\/YwyBToYX92\/image4.jpeg","url_gallery_5":"https:\/\/d2p0bx8wfdkjkb.cloudfront.net\/static\/properties\/SD1VYND9UU\/1QJLDQK2RV\/6apko7YBJJ\/image5.jpeg","url_video_de_youtube":null,"gallery_project":null,"gallery_repeater":null,"agente_responsable":"443","agentes":null,"amenidades_del_inmueble":null,"areas_comunes_del_inmueble":null,"lugares_cercanos_al_inmueble":null,"plan_de_pagos":null,"unidades_disponibles":null,"opciones_del_proyecto":null,"propiedades_similares":null,"google_map_iframe":null,"convertir_en_landing_page":null,"titulo_breve":null,"breve_descripcion":null,"amenidades_destacadas":null,"galeria_cover":null},"_links":{"self":[{"href":"https:\/\/mrhome.com.do\/en\/wp-json\/wp\/v2\/propiedad\/3560","targetHints":{"allow":["GET"]}}],"collection":[{"href":"https:\/\/mrhome.com.do\/en\/wp-json\/wp\/v2\/propiedad"}],"about":[{"href":"https:\/\/mrhome.com.do\/en\/wp-json\/wp\/v2\/types\/propiedad"}],"wp:attachment":[{"href":"https:\/\/mrhome.com.do\/en\/wp-json\/wp\/v2\/media?parent=3560"}],"wp:term":[{"taxonomy":"category","embeddable":true,"href":"https:\/\/mrhome.com.do\/en\/wp-json\/wp\/v2\/categories?post=3560"},{"taxonomy":"post_tag","embeddable":true,"href":"https:\/\/mrhome.com.do\/en\/wp-json\/wp\/v2\/tags?post=3560"},{"taxonomy":"desarrollador","embeddable":true,"href":"https:\/\/mrhome.com.do\/en\/wp-json\/wp\/v2\/desarrollador?post=3560"},{"taxonomy":"comprar-propiedades","embeddable":true,"href":"https:\/\/mrhome.com.do\/en\/wp-json\/wp\/v2\/comprar-propiedades?post=3560"},{"taxonomy":"operacion","embeddable":true,"href":"https:\/\/mrhome.com.do\/en\/wp-json\/wp\/v2\/operacion?post=3560"},{"taxonomy":"tipo-de-inmueble","embeddable":true,"href":"https:\/\/mrhome.com.do\/en\/wp-json\/wp\/v2\/tipo-de-inmueble?post=3560"},{"taxonomy":"provincia","embeddable":true,"href":"https:\/\/mrhome.com.do\/en\/wp-json\/wp\/v2\/provincia?post=3560"},{"taxonomy":"ciudad","embeddable":true,"href":"https:\/\/mrhome.com.do\/en\/wp-json\/wp\/v2\/ciudad?post=3560"},{"taxonomy":"sector","embeddable":true,"href":"https:\/\/mrhome.com.do\/en\/wp-json\/wp\/v2\/sector?post=3560"}],"curies":[{"name":"wp","href":"https:\/\/api.w.org\/{rel}","templated":true}]}}

<p><strong>Apartamento en Mirador Norte</strong><br />Ubicado en una moderna torre con completas amenidades, este apartamento cuenta con:</p>
<ul>
<li>
<p><strong>1 habitación</strong> con baño privado y clóset</p>
</li>
<li>
<p>Sala, comedor y cocina integrada</p>
</li>
<li>
<p>Área de lavado</p>
</li>
<li>
<p>Medio baño para visitas</p>
</li>
<li>
<p><strong>Amplio balcón frontal</strong> con excelente vista</p>
</li>
<li>
<p>1 parqueo techado y locker privado</p>
</li>
</ul>
<p><strong>Amenidades de la torre:</strong></p>
<ul>
<li>
<p>Lobby amueblado y climatizado</p>
</li>
<li>
<p>Ascensor de última generación</p>
</li>
<li>
<p>Terraza social con jacuzzi</p>
</li>
<li>
<p>Salón social</p>
</li>
<li>
<p>Gimnasio completamente equipado</p>
</li>
<li>
<p>Área de BBQ</p>
</li>
<li>
<p><strong>Airbnb permitido</strong></p>
</li>
</ul>

<p>Apartamento en Mirador NorteUbicado en una moderna torre con completas amenidades, este apartamento cuenta con:1 habitación con baño privado y clósetSala, comedor y cocina integradaÁrea de lavadoMedio baño para visitasAmplio balcón frontal con excelente vista1 parqueo techado y locker privadoAmenidades de la torre:Lobby amueblado y climatizadoAscensor de última generaciónTerraza social con jacuzziSalón socialGimnasio completamente equipadoÁrea</p>
